000
CXUS53 KUNR 011903
CLMCUT


CLIMATE REPORT
NATIONAL WEATHER SERVICE RAPID CITY SD
103 PM MDT FRI MAY 1 2015

...................................

...THE CUSTER COUNTY AIRPORT SD CLIMATE SUMMARY FOR THE MONTH OF APRIL 2015...

CLIMATE NORMAL PERIOD 1981 TO 2010
CLIMATE RECORD PERIOD 9999 TO 9999

WEATHER         OBSERVED          NORMAL  DEPART  LAST YEAR`S
                 VALUE   DATE(S)  VALUE   FROM    VALUE  DATE(S)
                                          NORMAL
................................................................
TEMPERATURE (F)
HIGHEST            71   04/14                         70  04/22
LOWEST             12   04/03                         13  04/04
AVG. MAXIMUM     53.1              50.5     2.6     50.8
AVG. MINIMUM     29.1              27.8     1.3     27.4
MEAN             41.1              39.1     2.0     39.1
DAYS MAX >= 90      0                                  0
DAYS MAX <= 32      0                                  3
DAYS MIN <= 32     21                                 25
DAYS MIN <= 0       0                                  0

PRECIPITATION (INCHES)
TOTALS           1.98              2.12   -0.14     2.07
DAILY AVG.       0.07              0.07    0.00     0.07
DAYS >= .01        10                                 10
DAYS >= .10         7                                  5
DAYS >= .50         1                                  1
DAYS >= 1.00        0                                  0
GREATEST
 24 HR. TOTAL    0.66   04/24 TO 04/24              0.82

DEGREE_DAYS
HEATING TOTAL     709               775     -66      771
 SINCE 7/1       6989              7650    -661     7681
COOLING TOTAL       0                 0       0        0
 SINCE 1/1          0                 0       0        0
.................................................................

WIND (MPH)
AVERAGE WIND SPEED              7.0
HIGHEST WIND SPEED/DIRECTION    25/280    DATE  04/12
HIGHEST GUST SPEED/DIRECTION    40/270    DATE  04/03

AVERAGE RH (PERCENT)     59

WEATHER CONDITIONS. NUMBER OF DAYS WITH
THUNDERSTORM              0     MIXED PRECIP               0
HEAVY RAIN                2     RAIN                       5
LIGHT RAIN                9     FREEZING RAIN              0
LT FREEZING RAIN          0     HAIL                       0
HEAVY SNOW                0     SNOW                       0
LIGHT SNOW                4     SLEET                      0
FOG                      13     FOG W/VIS <= 1/4 MILE      5
HAZE                      2

-  INDICATES NEGATIVE NUMBERS.
R  INDICATES RECORD WAS SET OR TIED.
MM INDICATES DATA IS MISSING.
T  INDICATES TRACE AMOUNT.

$$
