000
CXUS51 KILN 011345
CLMCVG


CLIMATE REPORT
NATIONAL WEATHER SERVICE WILMINGTON OH
944 AM EDT SAT JUL 1 2017

...................................

...THE CINCINNATI CLIMATE SUMMARY FOR THE MONTH OF JUNE 2017...

CLIMATE NORMAL PERIOD 1981 TO 2010
CLIMATE RECORD PERIOD 1869 TO 2017

WEATHER         OBSERVED          NORMAL  DEPART  LAST YEAR`S
                 VALUE   DATE(S)  VALUE   FROM    VALUE  DATE(S)
                                          NORMAL
................................................................
TEMPERATURE (F)
RECORD
 HIGH             102   06/25/1988
                        06/28/1944
                        06/27/1944
 LOW               39   06/11/1972
HIGHEST            90   06/12        82       8       92  06/26
                                                          06/12
LOWEST             50   06/09        61     -11       48  06/09
                        06/02
                        06/01
AVG. MAXIMUM     82.2              82.1     0.1     85.2
AVG. MINIMUM     60.2              62.0    -1.8     63.3
MEAN             71.2              72.1    -0.9     74.2
DAYS MAX >= 90      1               2.6    -1.6        7
DAYS MAX <= 32      0               0.0     0.0        0
DAYS MIN <= 32      0               0.0     0.0        0
DAYS MIN <= 0       0               0.0     0.0        0

PRECIPITATION (INCHES)
TOTALS           5.25              4.03    1.22     2.49
DAILY AVG.       0.17              0.13    0.04     0.08
DAYS >= .01        10              11.5    -1.5        9
DAYS >= .10         6               7.4    -1.4        5
DAYS >= .50         2               2.7    -0.7        2
DAYS >= 1.00        2               0.9     1.1        0
GREATEST
 24 HR. TOTAL    2.29   06/23 TO 06/23           06/22 TO 06/23
                                                          06/30 TO 06/30
                                                          06/30 TO 06/30
 STORM TOTAL       MM                                 MM
 (MM/DD(HH))            MM                    06/23(00) TO 06/23(00)
                                                 06/30(00) TO 06/30(00)0
                                                 06/30(00) TO 06/30(00)0

SNOWFALL (INCHES)
TOTALS            0.0               0.0     0.0      0.0
SINCE 7/1        10.0              22.1   -12.1     19.2
DAYS >= TRACE       0               0.0     0.0        0
DAYS >= 1.0         0               0.0     0.0        0
GREATEST
 24 HR TOTAL      0.0   06/30 TO 06/30           06/30 TO 06/30
                                                          06/30 TO 06/30
                                                          06/30 TO 06/30
 STORM TOTAL       MM                                 MM
 (MM/DD(HH))            MM                    06/30(00) TO 06/30(00)
                                                 06/30(00) TO 06/30(00)0
                                                 06/30(00) TO 06/30(00)0

DEGREE_DAYS
HEATING TOTAL       7                15      -8        2
 SINCE 7/1       4017              4975    -958     4136
COOLING TOTAL     201               226     -25      283
 SINCE 1/1        335               320      15      376
.................................................

WIND (MPH)
AVERAGE WIND SPEED              7.6
RESULTANT WIND SPEED/DIRECTION   4/227
HIGHEST WIND SPEED/DIRECTION    30/280    DATE  06/23
HIGHEST GUST SPEED/DIRECTION    37/280    DATE  06/23

SKY COVER
AVERAGE SKY COVER           0.50

AVERAGE RH (PERCENT)     70

WEATHER CONDITIONS. NUMBER OF DAYS WITH
THUNDERSTORM              0     MIXED PRECIP               0
HEAVY RAIN                6     RAIN                       4
LIGHT RAIN               10     FREEZING RAIN              0
LT FREEZING RAIN          0     HAIL                       0
HEAVY SNOW                0     SNOW                       0
LIGHT SNOW                0     SLEET                      0
FOG                      12     FOG W/VIS <= 1/4 MILE      1
HAZE                      0

-  INDICATES NEGATIVE NUMBERS.
R  INDICATES RECORD WAS SET OR TIED.
MM INDICATES DATA IS MISSING.
T  INDICATES TRACE AMOUNT.

$$
