000
CXUS55 KCYS 022121
CLMCYS


CLIMATE REPORT
NATIONAL WEATHER SERVICE CHEYENNE WY
221 PM MST WED MAR 2 2016

...................................

...THE CHEYENNE WY CLIMATE SUMMARY FOR THE MONTH OF FEBRUARY 2016...

CLIMATE NORMAL PERIOD 1981 TO 2010
CLIMATE RECORD PERIOD 1871 TO 2016

WEATHER         OBSERVED          NORMAL  DEPART  LAST YEAR`S
                 VALUE   DATE(S)  VALUE   FROM    VALUE  DATE(S)
                                          NORMAL
................................................................
TEMPERATURE (F)
RECORD
 HIGH              71   02/11/1962
 LOW              -34   02/08/1936
HIGHEST            66   02/18        41      25       64
LOWEST              7   02/03        18     -11       -2
AVG. MAXIMUM     46.4              40.5     5.9     41.7
AVG. MINIMUM     24.8              18.6     6.2     21.7
MEAN             35.6              29.6     6.0     31.7
DAYS MAX >= 90      0               0.0                0
DAYS MAX <= 32      5               6.2                9
DAYS MIN <= 32     26              25.6               21
DAYS MIN <= 0       0               2.1                1

PRECIPITATION (INCHES)
RECORD
 MAXIMUM         2.16   1953
 MINIMUM            T   1983
TOTALS           0.72              0.47    0.25     0.70
DAYS >= .01         4               6.2    -2.2       10
DAYS >= .10         2               1.5     0.5        2
DAYS >= .50         1               0.1     0.9        0
DAYS >= 1.00        0               0.0     0.0        0
GREATEST
 24 HR. TOTAL    0.59   02/01 TO 02/02

SNOWFALL (INCHES)
RECORDS
 TOTAL           23.3   MM
TOTALS           11.1               7.9     3.2      9.6
SINCE 7/1        45.8              36.5     9.3     33.0
SNOWDEPTH AVG.      2
DAYS >= TRACE      11               6.5     4.5       15
DAYS >= 1.0         2               2.5    -0.5        3
GREATEST
 SNOW DEPTH        10   02/03                          4  02/05
 24 HR TOTAL      9.3   02/01 TO 02/02           02/04 TO 02/04
                                                          02/04 TO 02/04
                                                          02/04 TO 02/04

DEGREE_DAYS
HEATING TOTAL     843               992    -149      925
 SINCE 7/1       4517              5052    -535     4646
COOLING TOTAL       0                 0       0        0
 SINCE 1/1          0                 0       0        0
.....................................................

WIND (MPH)
AVERAGE WIND SPEED              16.1
HIGHEST WIND SPEED/DIRECTION    52/270    DATE  02/19
HIGHEST GUST SPEED/DIRECTION    68/270    DATE  02/19

SKY COVER
POSSIBLE SUNSHINE (PERCENT)   MM
AVERAGE SKY COVER           0.20
NUMBER OF DAYS FAIR           23
NUMBER OF DAYS PC              4
NUMBER OF DAYS CLOUDY          2

AVERAGE RH (PERCENT)     52

WEATHER CONDITIONS. NUMBER OF DAYS WITH
THUNDERSTORM              0     MIXED PRECIP               0
HEAVY RAIN                0     RAIN                       0
LIGHT RAIN                0     FREEZING RAIN              0
LT FREEZING RAIN          0     HAIL                       0
HEAVY SNOW                0     SNOW                       1
LIGHT SNOW               10     SLEET                      0
FOG                      10     FOG W/VIS <= 1/4 MILE      1
HAZE                      3

-  INDICATES NEGATIVE NUMBERS.
R  INDICATES RECORD WAS SET OR TIED.
MM INDICATES DATA IS MISSING.
T  INDICATES TRACE AMOUNT.

$$
