000
CXUS51 KALY 010917
CLMDDH


CLIMATE REPORT
NATIONAL WEATHER SERVICE ALBANY NY
415 AM EST THU FEB 1 2018

...................................

...THE BENNINGTON VT CLIMATE SUMMARY FOR THE MONTH OF JANUARY 2018...

CLIMATE NORMAL PERIOD 1981 TO 2010
CLIMATE RECORD PERIOD 9999 TO 9999

WEATHER         OBSERVED          NORMAL  DEPART  LAST YEAR`S
                 VALUE   DATE(S)  VALUE   FROM    VALUE  DATE(S)
                                          NORMAL
................................................................
TEMPERATURE (F)
HIGHEST            65   01/12                         57  01/12
LOWEST            -23R  01/07                         -1  01/09
AVG. MAXIMUM     31.7              30.7     1.0     36.3
AVG. MINIMUM     11.0              11.6    -0.6     22.2
MEAN             21.4              21.1     0.3     29.3
DAYS MAX >= 90      0               0.0     0.0        0
DAYS MAX <= 32     18              17.0     1.0        8
DAYS MIN <= 32     28              29.4    -1.4       24
DAYS MIN <= 0       8               6.5     1.5        1

PRECIPITATION (INCHES)
TOTALS           3.05              2.75    0.30     1.71
DAILY AVG.       0.10              0.09    0.01     0.06
DAYS >= .01         9                                 12
DAYS >= .10         6                                  7
DAYS >= .50         3                                  0
DAYS >= 1.00        0                                  0
GREATEST
 24 HR. TOTAL    0.93   01/23 TO 01/23

DEGREE_DAYS
HEATING TOTAL    1345              1359     -14     1101
 SINCE 7/1       3905              4131    -226     3594
COOLING TOTAL       0                 0       0        0
 SINCE 1/1          0                 0       0        0

FREEZE DATES
EARLIEST                        10/01
LATEST                          05/10
.................................................................

WIND (MPH)
AVERAGE WIND SPEED              4.9
HIGHEST WIND SPEED/DIRECTION    31/160    DATE  01/12
HIGHEST GUST SPEED/DIRECTION    41/160    DATE  01/12

SKY COVER
AVERAGE SKY COVER           0.60

AVERAGE RH (PERCENT)     67

WEATHER CONDITIONS. NUMBER OF DAYS WITH
THUNDERSTORM              0     MIXED PRECIP               0
HEAVY RAIN                2     RAIN                       3
LIGHT RAIN                6     FREEZING RAIN              1
LT FREEZING RAIN          1     HAIL                       0
HEAVY SNOW                1     SNOW                       3
LIGHT SNOW                9     SLEET                      0
FOG                      13     FOG W/VIS <= 1/4 MILE      2
HAZE                     10

-  INDICATES NEGATIVE NUMBERS.
R  INDICATES RECORD WAS SET OR TIED.
MM INDICATES DATA IS MISSING.
T  INDICATES TRACE AMOUNT.

$$
