000
CXUS54 KAMA 011635
CLMDHT


CLIMATE REPORT
NATIONAL WEATHER SERVICE AMARILLO TX
1128 AM CDT SUN MAY 1 2016

...................................

...THE DALHART CLIMATE SUMMARY FOR THE MONTH OF APRIL 2016...

CLIMATE NORMAL PERIOD 1981 TO 2010
CLIMATE RECORD PERIOD 1948 TO 2016

WEATHER         OBSERVED          NORMAL  DEPART  LAST YEAR`S
                 VALUE   DATE(S)  VALUE   FROM    VALUE  DATE(S)
                                          NORMAL
................................................................
TEMPERATURE (F)
RECORD
 HIGH              96   04/30/2013
                        04/25/2012
 LOW               16   04/04/1979
HIGHEST            87   04/05                         86  04/01
LOWEST             27   04/03                         27  04/04
                        04/02
AVG. MAXIMUM     70.8              69.5     1.3     72.7
AVG. MINIMUM     39.4              37.7     1.7     39.8
MEAN             55.1              53.6     1.5     56.2
DAYS MAX >= 90      0               0.3    -0.3        0
DAYS MAX <= 32      0               0.1    -0.1        0
DAYS MIN <= 32      5               6.8    -1.8        3
DAYS MIN <= 0       0               0.0     0.0        0

PRECIPITATION (INCHES)
TOTALS           4.18              1.08    3.10     1.30
DAILY AVG.       0.14              0.04    0.10     0.04
DAYS >= .01         8               5.1     2.9        5
DAYS >= .10         5               2.5     2.5        4
DAYS >= .50         3               0.7     2.3        1
DAYS >= 1.00        1               0.2     0.8        0
GREATEST
 24 HR. TOTAL    2.24   04/15 TO 04/16

SNOWFALL (INCHES)
TOTALS            0.0               1.2    -1.2      0.0
SINCE 7/1         2.5              18.9   -16.4     34.1
DAYS >= TRACE       0               1.0    -1.0
DAYS >= 1.0         0               0.6    -0.6        0
GREATEST
 SNOW DEPTH         0
 24 HR TOTAL      0.0

DEGREE_DAYS
HEATING TOTAL     290               348     -58      251
 SINCE 7/1       3706              4602    -896     4027
COOLING TOTAL       2                 6      -4        1
 SINCE 1/1          2                 6      -4        1
.................................................................

WIND (MPH)
AVERAGE WIND SPEED              12.9
HIGHEST WIND SPEED/DIRECTION    44/160    DATE  04/15
HIGHEST GUST SPEED/DIRECTION    59/170    DATE  04/15

SKY COVER
POSSIBLE SUNSHINE (PERCENT)   MM
NUMBER OF DAYS FAIR           20
NUMBER OF DAYS PC              6
NUMBER OF DAYS CLOUDY          4

AVERAGE RH (PERCENT)     54

WEATHER CONDITIONS. NUMBER OF DAYS WITH
THUNDERSTORM              5     MIXED PRECIP               0
HEAVY RAIN                4     RAIN                       5
LIGHT RAIN                9     FREEZING RAIN              0
LT FREEZING RAIN          0     HEAVY SNOW                 0
SNOW                      0     LIGHT SNOW                 0
SLEET                     0     FOG                       10
FOG W/VIS <= 1/4 MILE     3     HAZE                       5

-  INDICATES NEGATIVE NUMBERS.
R  INDICATES RECORD WAS SET OR TIED.
MM INDICATES DATA IS MISSING.
T  INDICATES TRACE AMOUNT.

$$
