000
CXUS54 KAMA 012008
CLMDHT


CLIMATE REPORT
NATIONAL WEATHER SERVICE AMARILLO TX
303 PM CDT TUE JUL 1 2014

...................................

...THE DALHART CLIMATE SUMMARY FOR THE MONTH OF JUNE 2014...

CLIMATE NORMAL PERIOD 1981 TO 2010
CLIMATE RECORD PERIOD 1894 TO 2014

WEATHER         OBSERVED          NORMAL  DEPART  LAST YEAR`S
                 VALUE   DATE(S)  VALUE   FROM    VALUE  DATE(S)
                                          NORMAL
................................................................
TEMPERATURE (F)
RECORD
 HIGH             110   06/26/2011
 LOW               40   06/10/1955
HIGHEST           100   06/30                        107  06/27
LOWEST             48   06/10                         47  06/02
AVG. MAXIMUM     88.4              87.4     1.0     94.2
AVG. MINIMUM     60.8              57.8     3.0     62.5
MEAN             74.6              72.6     2.0     78.4
DAYS MAX >= 90     16              12.3     3.7       21
DAYS MAX <= 32      0               0.0     0.0        0
DAYS MIN <= 32      0               0.0     0.0        0
DAYS MIN <= 0       0               0.0     0.0        0

PRECIPITATION (INCHES)
TOTALS           3.77              2.30    1.47     0.63
DAILY AVG.       0.13              0.08    0.05     0.02
DAYS >= .01         8               8.0     0.0        6
DAYS >= .10         5               4.7     0.3        2
DAYS >= .50         3               1.4     1.6        0
DAYS >= 1.00        2               0.4     1.6        0
GREATEST
 24 HR. TOTAL    1.75   06/24 TO 06/25

SNOWFALL (INCHES)
TOTALS            0.0               0.0     0.0      0.0
SINCE 7/1        17.4              18.9    -1.5     21.6
DAYS >= TRACE       0               0.0     0.0
DAYS >= 1.0         0               0.0     0.0        0
GREATEST
 SNOW DEPTH         0
 24 HR TOTAL      0.0

DEGREE_DAYS
HEATING TOTAL       4                12      -8        0
 SINCE 7/1       4597              4729    -132     4400
COOLING TOTAL     296               240      56      407
 SINCE 1/1        416               312     104      561
.................................................................

WIND (MPH)
AVERAGE WIND SPEED              14.6
HIGHEST WIND SPEED/DIRECTION    48/330    DATE  06/30
HIGHEST GUST SPEED/DIRECTION    57/320    DATE  06/30

SKY COVER
POSSIBLE SUNSHINE (PERCENT)   MM
NUMBER OF DAYS FAIR           24
NUMBER OF DAYS PC              4
NUMBER OF DAYS CLOUDY          0

AVERAGE RH (PERCENT)     56

WEATHER CONDITIONS. NUMBER OF DAYS WITH
THUNDERSTORM              9     MIXED PRECIP               0
HEAVY RAIN                3     RAIN                       4
LIGHT RAIN                9     FREEZING RAIN              0
LT FREEZING RAIN          0     HEAVY SNOW                 0
SNOW                      0     LIGHT SNOW                 0
SLEET                     0     FOG                       11
FOG W/VIS <= 1/4 MILE     0     HAZE                      13

-  INDICATES NEGATIVE NUMBERS.
R  INDICATES RECORD WAS SET OR TIED.
MM INDICATES DATA IS MISSING.
T  INDICATES TRACE AMOUNT.

&&
REMARKS...
BACKUP COOP SITE USED FOR MAXIMUM AND MINIMUM TEMPERATURES ON
THE 25TH AND 26TH DUE TO ASOS OUTAGE.

$$

NF
