000
CXUS53 KEAX 032036
CLMDMO

STLCLMWK3 000
TTAA00 KEAX 032032


CLIMATE REPORT
NATIONAL WEATHER SERVICE KANSAS CITY/PLEASANT HILL MO
329 PM CDT FRI JUL 3 2015

...................................

...THE SEDALIA CLIMATE SUMMARY FOR THE MONTH OF JUNE 2015...

CLIMATE NORMAL PERIOD 1981 TO 2010
CLIMATE RECORD PERIOD 9999 TO 9999

WEATHER         OBSERVED          NORMAL  DEPART  LAST YEAR`S
                 VALUE   DATE(S)  VALUE   FROM    VALUE  DATE(S)
                                          NORMAL
................................................................
TEMPERATURE (F)
HIGHEST            94   06/25        92       2       93  06/30
                        06/20
LOWEST             56   06/01        49       7       56  06/13
AVG. MAXIMUM     84.2              84.8    -0.6     83.6
AVG. MINIMUM     67.7              65.1     2.6     66.8
MEAN             75.9              74.9     1.0     75.2
DAYS MAX >= 90      8               4.9     3.1        9
DAYS MAX <= 32      0               0.0     0.0        0
DAYS MIN <= 32      0               0.0     0.0        0
DAYS MIN <= 0       0               0.0     0.0        0

PRECIPITATION (INCHES)
TOTALS           6.29              5.09    1.20     6.11
DAILY AVG.       0.21              0.17    0.04     0.20
DAYS >= .01        14              10.3     3.7       12
DAYS >= .10        12               7.2     4.8        8
DAYS >= .50         3               3.6    -0.6        5
DAYS >= 1.00        2               1.7     0.3        2
GREATEST
 24 HR. TOTAL    2.52   06/25 TO 06/26

DEGREE_DAYS
HEATING TOTAL       5                 6      -1        0
 SINCE 7/1       4645              4571      74     5301
COOLING TOTAL     339               304      35      312
 SINCE 1/1        466               443      23      507
.................................................................

WIND (MPH)
AVERAGE WIND SPEED              8.4
HIGHEST WIND SPEED/DIRECTION    29/020    DATE  06/25
HIGHEST GUST SPEED/DIRECTION    37/340    DATE  06/26

SKY COVER
POSSIBLE SUNSHINE (PERCENT)   MM
AVERAGE SKY COVER           0.30
NUMBER OF DAYS FAIR           19
NUMBER OF DAYS PC              9
NUMBER OF DAYS CLOUDY          2

AVERAGE RH (PERCENT)     75

WEATHER CONDITIONS. NUMBER OF DAYS WITH
THUNDERSTORM              1     MIXED PRECIP               0
HEAVY RAIN                9     RAIN                      10
LIGHT RAIN               13     FREEZING RAIN              0
LT FREEZING RAIN          0     HAIL                       0
HEAVY SNOW                0     SNOW                       0
LIGHT SNOW                0     SLEET                      0
FOG                      18     FOG W/VIS <= 1/4 MILE      0
HAZE                      3

-  INDICATES NEGATIVE NUMBERS.
R  INDICATES RECORD WAS SET OR TIED.
MM INDICATES DATA IS MISSING.
T  INDICATES TRACE AMOUNT.

$$
