000
CXUS54 KEPZ 011011
CLMELP


CLIMATE REPORT
NATIONAL WEATHER SERVICE EL PASO, TX
408 AM MDT TUE AUG 1 2017

...................................

...THE EL PASO     CLIMATE SUMMARY FOR THE MONTH OF JULY 2017...

CLIMATE NORMAL PERIOD 1981 TO 2010
CLIMATE RECORD PERIOD 1879 TO 2017

WEATHER         OBSERVED          NORMAL  DEPART  LAST YEAR`S
                 VALUE   DATE(S)  VALUE   FROM    VALUE  DATE(S)
                                          NORMAL
................................................................
TEMPERATURE (F)
RECORD
 HIGH             112   07/10/1979
 LOW               56   07/23/1880
HIGHEST           104   07/04        97       7      108  07/14
LOWEST             68   07/29        67       1       70  07/02
                        07/16
AVG. MAXIMUM     95.0              94.7     0.3    101.4
AVG. MINIMUM     72.4              70.9     1.5     76.0
MEAN             83.7              82.8     0.9     88.7
DAYS MAX >= 90     28              25.7     2.3       30
DAYS MAX <= 32      0               0.0     0.0        0
DAYS MIN <= 32      0               0.0     0.0        0
DAYS MIN <= 0       0               0.0     0.0        0

PRECIPITATION (INCHES)
RECORD
 MAXIMUM         8.18
 MINIMUM         0.04
TOTALS           3.37              1.55    1.82     0.24
DAYS >= .01         9                                  4
DAYS >= .10         5                                  1
DAYS >= .50         2                                  0
DAYS >= 1.00        2                                  0
GREATEST
 24 HR. TOTAL    1.66   07/15 TO 07/16
 STORM TOTAL       MM
 (MM/DD(HH))            MM

DEGREE_DAYS
HEATING TOTAL       0                 0       0        0
 SINCE 7/1          0                 0       0        0
COOLING TOTAL     591               552      39      742
 SINCE 1/1       1771              1431     340     1730

FREEZE DATES
RECORD
 EARLIEST     10/16/1880
 LATEST       05/02/1967
EARLIEST                        12/06
LATEST                          02/07
.................................................................

WIND (MPH)
AVERAGE WIND SPEED              7.7
HIGHEST WIND SPEED/DIRECTION    39/100    DATE  07/19
HIGHEST GUST SPEED/DIRECTION    50/010    DATE  07/12

SKY COVER
POSSIBLE SUNSHINE (PERCENT)   MM
AVERAGE SKY COVER           0.50
NUMBER OF DAYS FAIR            6
NUMBER OF DAYS PC             23
NUMBER OF DAYS CLOUDY          2

AVERAGE RH (PERCENT)     49

WEATHER CONDITIONS. NUMBER OF DAYS WITH
THUNDERSTORM             19     MIXED PRECIP               0
HEAVY RAIN                3     RAIN                       1
LIGHT RAIN               17     FREEZING RAIN              0
LT FREEZING RAIN          0     HAIL                       0
HEAVY SNOW                0     SNOW                       0
LIGHT SNOW                0     SLEET                      0
FOG                       5     FOG W/VIS <= 1/4 MILE      0
HAZE                      5

-  INDICATES NEGATIVE NUMBERS.
R  INDICATES RECORD WAS SET OR TIED.
MM INDICATES DATA IS MISSING.
T  INDICATES TRACE AMOUNT.

$$
