000
CXUS54 KEPZ 010947
CLMELP


CLIMATE REPORT
NATIONAL WEATHER SERVICE EL PASO, TX
245 AM MST THU JAN 1 2015

...................................

...THE EL PASO     CLIMATE SUMMARY FOR THE MONTH OF DECEMBER 2014...

CLIMATE NORMAL PERIOD 1981 TO 2010
CLIMATE RECORD PERIOD 1879 TO 2014

WEATHER         OBSERVED          NORMAL  DEPART  LAST YEAR`S
                 VALUE   DATE(S)  VALUE   FROM    VALUE  DATE(S)
                                          NORMAL
................................................................
TEMPERATURE (F)
RECORD
 HIGH              80   12/02/1973
 LOW               -5   12/31/1880
HIGHEST            72   12/13        61      11       72  12/03
                        12/12
LOWEST             23   12/24        29      -6       22  12/28
AVG. MAXIMUM     60.4              57.1     3.3     57.0
AVG. MINIMUM     37.1              32.5     4.6     32.2
MEAN             48.8              44.8     4.0     44.6
DAYS MAX >= 90      0               0.0     0.0        0
DAYS MAX <= 32      1               0.1     0.9        0
DAYS MIN <= 32      7              14.6    -7.6       20
DAYS MIN <= 0       0               0.0     0.0        0

PRECIPITATION (INCHES)
RECORD
 MAXIMUM         3.94
 MINIMUM         0.00
TOTALS           0.12              0.78   -0.66     0.26
DAYS >= .01         2                                  4
DAYS >= .10         1                                  1
DAYS >= .50         0                                  0
DAYS >= 1.00        0                                  0
GREATEST
 24 HR. TOTAL    0.11   12/26 TO 12/26
                        12/26 TO 12/26
                        12/26 TO 12/26
 STORM TOTAL       MM
 (MM/DD(HH))            MM

SNOWFALL (INCHES)
TOTALS              T                                  T
SNOWDEPTH AVG.      0                                  0
DAYS >= TRACE       1                                  2
GREATEST
 SNOW DEPTH         T   12/26
 24 HR TOTAL        T   12/26 TO 12/26
 STORM TOTAL       MM
 (MM/DD(HH))            MM

DEGREE_DAYS
HEATING TOTAL     495               626    -131      623
 SINCE 7/1        858              1068    -210     1007
COOLING TOTAL       0                 0       0        0
 SINCE 1/1       2671              2331     340     2695

FREEZE DATES
RECORD
 EARLIEST     10/16/1880
 LATEST       05/02/1967
EARLIEST                        12/06
LATEST                          02/07
.................................................................

WIND (MPH)
AVERAGE WIND SPEED              7.6
HIGHEST WIND SPEED/DIRECTION    36/290    DATE  12/14
HIGHEST GUST SPEED/DIRECTION    50/300    DATE  12/14

SKY COVER
POSSIBLE SUNSHINE (PERCENT)   MM
AVERAGE SKY COVER           0.50
NUMBER OF DAYS FAIR           12
NUMBER OF DAYS PC             14
NUMBER OF DAYS CLOUDY          5

AVERAGE RH (PERCENT)     50

WEATHER CONDITIONS. NUMBER OF DAYS WITH
THUNDERSTORM              1     MIXED PRECIP               0
HEAVY RAIN                0     RAIN                       1
LIGHT RAIN                7     FREEZING RAIN              0
LT FREEZING RAIN          0     HAIL                       0
HEAVY SNOW                0     SNOW                       1
LIGHT SNOW                0     SLEET                      0
FOG                       3     FOG W/VIS <= 1/4 MILE      0
HAZE                      0

-  INDICATES NEGATIVE NUMBERS.
R  INDICATES RECORD WAS SET OR TIED.
MM INDICATES DATA IS MISSING.
T  INDICATES TRACE AMOUNT.

$$
