000
CXUS55 KLKN 022159 CCA
CLMELY

CLIMATE REPORT
NATIONAL WEATHER SERVICE ELKO NV
259 PM PDT MON MAY 2 2016

...................................

...THE ELY AIRPORT NV CLIMATE SUMMARY FOR THE MONTH OF APRIL 2016...

CLIMATE NORMAL PERIOD 1981 TO 2010
CLIMATE RECORD PERIOD 1893 TO 2016

WEATHER         OBSERVED          NORMAL  DEPART  LAST YEAR`S
                 VALUE   DATE(S)  VALUE   FROM    VALUE  DATE(S)
                                          NORMAL
................................................................
TEMPERATURE (F)
RECORD
 HIGH              83   04/23/2012
 LOW               -5   04/02/1982
                        04/22/1963
HIGHEST            73   04/21        74      -1       76  04/29
LOWEST             22   04/18        12      10        7  04/03
AVG. MAXIMUM     58.2              57.8     0.4     60.5
AVG. MINIMUM     30.3              27.1     3.2     25.2
MEAN             44.2              42.5     1.7     42.8
DAYS MAX >= 90      0               0.0     0.0        0
DAYS MAX <= 32      0               0.1    -0.1        0
DAYS MIN <= 32     23              22.6     0.4       25
DAYS MIN <= 0       0               0.1    -0.1        0

PRECIPITATION (INCHES)
RECORD
 MAXIMUM         5.52   1900
 MINIMUM            T   1989
                        1908
TOTALS           1.69              0.95    0.74     0.67
DAILY AVG.       0.06              0.03    0.03     0.02
DAYS >= .01        13               7.9     5.1        5
DAYS >= .10         7               3.2     3.8        3
DAYS >= .50         1               0.2     0.8        0
DAYS >= 1.00        0               0.0     0.0        0
GREATEST
 24 HR. TOTAL    0.52   04/24 TO 04/25              0.31

SNOWFALL (INCHES)
RECORDS
 TOTAL           45.0   1900
TOTALS            4.9               5.2    -0.3      3.7
SINCE 7/1       100.4              48.4    52.0     19.7
SNOWDEPTH AVG.      0                                  0
DAYS >= TRACE       7               4.1     2.9        6
DAYS >= 1.0         2               1.7     0.3        2
DAYS >= 5.0         0                                  0
GREATEST
 SNOW DEPTH         4   04/01                          3
 24 HR TOTAL      1.7   04/15 TO 04/15               1.8

DEGREE_DAYS
HEATING TOTAL     615               676     -61      660
 SINCE 7/1       6790              6903    -113     5599
COOLING TOTAL       0                 0       0        0
 SINCE 1/1          0                 0       0        0
.................................................................

WIND (MPH)
AVERAGE WIND SPEED              10.1
HIGHEST WIND SPEED/DIRECTION    46/200    DATE  04/22
HIGHEST GUST SPEED/DIRECTION    69/180    DATE  04/22

AVERAGE RH (PERCENT)     59

WEATHER CONDITIONS. NUMBER OF DAYS WITH
THUNDERSTORM              0     MIXED PRECIP               0
HEAVY RAIN                1     RAIN                       3
LIGHT RAIN               12     FREEZING RAIN              0
LT FREEZING RAIN          0     HAIL                       0
HEAVY SNOW                0     SNOW                       3
LIGHT SNOW                6     SLEET                      0
FOG                       9     FOG W/VIS <= 1/4 MILE      0
HAZE                      1

-  INDICATES NEGATIVE NUMBERS.
R  INDICATES RECORD WAS SET OR TIED.
MM INDICATES DATA IS MISSING.
T  INDICATES TRACE AMOUNT.

&&

=====================================================================

...16TH WETTEST APRIL ON RECORD IN ELY...
...24TH WARMEST APRIL ON RECORD IN ELY...
...TIED FOR 40TH SNOWIEST APRIL ON RECORD IN ELY...

THE AVERAGE TEMPERATURE IN ELY DURING APRIL 2016 WAS 44.2
DEGREES...WHICH IS 1.7 DEGREES ABOVE THE 1981-2010 CLIMATOLOGICAL
NORMAL OF 42.5 DEGREES. THIS MAKES APRIL 2016 THE 24TH WARMEST ON
RECORD.

THE TOTAL PRECIPITATION WAS 1.69 INCHES...WHICH IS 0.74 INCHES
ABOVE OR 178 PERCENT OF THE 1981-2010 CLIMATOLOGICAL NORMAL OF
0.95 INCH. THIS MAKES APRIL 2016 THE 16TH WETTEST ON RECORD.

THE TOTAL SNOWFALL WAS 4.9 INCHES...WHICH IS 0.3 INCHES BELOW
OR 94 PERCENT OF THE 1981-2010 CLIMATOLOGICAL NORMAL OF 5.2 INCHES.
THIS MAKES APRIL 2016 TIED FOR THE 40TH SNOWIEST ON RECORD.

$$

DTK
