000
CXUS56 KOTX 012031
CLMEPH


CLIMATE REPORT
NATIONAL WEATHER SERVICE SPOKANE, WA
1227 PM PST MON FEB 1 2016

...................................

...THE EPHRATA WA AIRPORT CLIMATE SUMMARY FOR THE MONTH OF JANUARY 2016...

CLIMATE NORMAL PERIOD 1981 TO 2010
CLIMATE RECORD PERIOD 9999 TO 9999

WEATHER         OBSERVED          NORMAL  DEPART  LAST YEAR`S
                 VALUE   DATE(S)  VALUE   FROM    VALUE  DATE(S)
                                          NORMAL
................................................................
TEMPERATURE (F)
RECORD
 HIGH              61   01/31/1971
 LOW              -22   01/29/1950
HIGHEST            49   01/22        MM      MM       52  01/19
LOWEST              0   01/02        MM      MM       10  01/03
AVG. MAXIMUM     36.5              35.2     1.3     37.7
AVG. MINIMUM     26.8              22.4     4.4     27.7
MEAN             31.7              28.8     2.9     32.7
DAYS MAX >= 90      0               0.0     0.0        0
DAYS MAX <= 32      4              10.3    -6.3        4
DAYS MIN <= 32     24              27.3    -3.3       25
DAYS MIN <= 0       1               0.7     0.3        0

PRECIPITATION (INCHES)
RECORD
 MAXIMUM         2.45   1995
 MINIMUM            T   1977
TOTALS           1.64              0.91    0.73     0.71
DAILY AVG.       0.05              0.03    0.02     0.02
DAYS >= .01        13               8.3     4.7        5
DAYS >= .10         8               3.4     4.6        2
DAYS >= .50         0               0.1    -0.1        0
DAYS >= 1.00        0               0.0     0.0        0
GREATEST
 24 HR. TOTAL    0.39   01/19 TO 01/19           01/17 TO 01/18
                        01/19 TO 01/20                    01/18 TO 01/18
                                                          01/18 TO 01/18

SNOWFALL (INCHES)
RECORDS
 TOTAL           19.5   MM
 SNOW DEPTH        MM
TOTALS             MM               4.8      MM       MM
SINCE 7/1          MM              15.0      MM       MM
SNOWDEPTH AVG.     MM                 4      MM
DAYS >= 1.0        MM               2.4      MM        0
GREATEST
 SNOW DEPTH        MM                                 MM  MM
 24 HR TOTAL       MM                                 MM

DEGREE_DAYS
HEATING TOTAL    1027              1122     -95      992
 SINCE 7/1       3226              3708    -482     3067
COOLING TOTAL       0                 0       0        0
 SINCE 1/1          0                 0       0        0
.........................................................

WIND (MPH)
AVERAGE WIND SPEED              5.6
HIGHEST WIND SPEED/DIRECTION    20/350    DATE  01/17
HIGHEST GUST SPEED/DIRECTION    21/350    DATE  01/17

SKY COVER
POSSIBLE SUNSHINE (PERCENT)   MM
AVERAGE SKY COVER           0.70
NUMBER OF DAYS FAIR            5
NUMBER OF DAYS PC              8
NUMBER OF DAYS CLOUDY         18

AVERAGE RH (PERCENT)     87

WEATHER CONDITIONS. NUMBER OF DAYS WITH
THUNDERSTORM              0     MIXED PRECIP               0
HEAVY RAIN                0     RAIN                       2
LIGHT RAIN               14     FREEZING RAIN              0
LT FREEZING RAIN          0     HAIL                       0
HEAVY SNOW                0     SNOW                       1
LIGHT SNOW                6     SLEET                      0
FOG                      25     FOG W/VIS <= 1/4 MILE     10
HAZE                      0

-  INDICATES NEGATIVE NUMBERS.
R  INDICATES RECORD WAS SET OR TIED.
MM INDICATES DATA IS MISSING.
T  INDICATES TRACE AMOUNT.

$$
