000
CXUS56 KOTX 011217
CLMEPH


CLIMATE REPORT
NATIONAL WEATHER SERVICE SPOKANE, WA
407 AM PST SUN MAR 1 2015

...................................

...THE EPHRATA WA AIRPORT CLIMATE SUMMARY FOR THE MONTH OF FEBRUARY 2015...

CLIMATE NORMAL PERIOD 1981 TO 2010
CLIMATE RECORD PERIOD 9999 TO 9999

WEATHER         OBSERVED          NORMAL  DEPART  LAST YEAR`S
                 VALUE   DATE(S)  VALUE   FROM    VALUE  DATE(S)
                                          NORMAL
................................................................
TEMPERATURE (F)
RECORD
 HIGH              65   02/16/1977
 LOW              -24   02/01/1950
HIGHEST            62   02/07        MM      MM       54  02/17
                                                          02/14
LOWEST             21   02/23        MM      MM        1  02/06
AVG. MAXIMUM     51.2              42.5     8.7     37.7
AVG. MINIMUM     33.5              25.7     7.8     22.6
MEAN             42.4              34.1     8.3     30.1
DAYS MAX >= 90      0               0.0     0.0        0
DAYS MAX <= 32      0               3.3    -3.3       10
DAYS MIN <= 32      9              22.0   -13.0       28
DAYS MIN <= 0       0               0.5    -0.5        0

PRECIPITATION (INCHES)
RECORD
 MAXIMUM         1.76   1983
 MINIMUM            T   1988
TOTALS           0.59              0.74   -0.15     0.66
DAILY AVG.       0.02              0.03   -0.01     0.02
DAYS >= .01         7               6.4     0.6        8
DAYS >= .10         3               2.6     0.4        2
DAYS >= .50         0               0.1    -0.1        0
DAYS >= 1.00        0               0.0     0.0        0
GREATEST
 24 HR. TOTAL    0.35   02/06 TO 02/07           02/15 TO 02/16

SNOWFALL (INCHES)
RECORDS
 TOTAL             MM
TOTALS             MM                MM      MM       MM
SINCE 7/1          MM                MM      MM       MM
SNOWDEPTH AVG.     MM                MM      MM       MM
DAYS >= 1.0        MM                MM      MM       MM
GREATEST
 SNOW DEPTH        MM                                 MM  MM
 24 HR TOTAL       MM                                 MM

DEGREE_DAYS
HEATING TOTAL     627               865    -238      970
 SINCE 7/1       3694              4573    -879     4582
COOLING TOTAL       0                 0       0        0
 SINCE 1/1          0                 0       0        0
.......................................................

WIND (MPH)
AVERAGE WIND SPEED              6.5
HIGHEST WIND SPEED/DIRECTION    32/220    DATE  02/07
HIGHEST GUST SPEED/DIRECTION    43/210    DATE  02/07

SKY COVER
POSSIBLE SUNSHINE (PERCENT)   MM
AVERAGE SKY COVER           0.40
NUMBER OF DAYS FAIR           13
NUMBER OF DAYS PC             10
NUMBER OF DAYS CLOUDY          5

AVERAGE RH (PERCENT)     72

WEATHER CONDITIONS. NUMBER OF DAYS WITH
THUNDERSTORM              0     MIXED PRECIP               0
HEAVY RAIN                0     RAIN                       1
LIGHT RAIN               11     FREEZING RAIN              0
LT FREEZING RAIN          0     HAIL                       0
HEAVY SNOW                0     SNOW                       0
LIGHT SNOW                1     SLEET                      0
FOG                      11     FOG W/VIS <= 1/4 MILE      4
HAZE                      0

-  INDICATES NEGATIVE NUMBERS.
R  INDICATES RECORD WAS SET OR TIED.
MM INDICATES DATA IS MISSING.
T  INDICATES TRACE AMOUNT.

$$
