000
CXUS51 KCLE 051724
CLMERI


CLIMATE REPORT
NATIONAL WEATHER SERVICE CLEVELAND OH
124 PM EDT TUE APR 5 2016

...................................

...THE ERIE PA CLIMATE SUMMARY FOR THE MONTH OF MARCH 2016...

CLIMATE NORMAL PERIOD 1981 TO 2010
CLIMATE RECORD PERIOD 1873 TO 2016

WEATHER         OBSERVED          NORMAL  DEPART  LAST YEAR`S
                 VALUE   DATE(S)  VALUE   FROM    VALUE
                                          NORMAL
.............................................................
TEMPERATURE (F)
RECORD
 HIGH              82   03/31/1998
                        03/30/1998
                        03/28/1945
 LOW              -10   03/12/1948
HIGHEST            74   03/24
LOWEST             18   03/03
AVG. MAXIMUM     52.1              43.8     8.3     39.6
AVG. MINIMUM     33.8              27.5     6.3     22.5
MEAN             42.9              35.7     7.2     31.1
DAYS MAX >= 90      0               0.0     0.0        0
DAYS MAX <= 32      3               5.4    -2.4        7
DAYS MIN <= 32     18              21.9    -3.9       28
DAYS MIN <= 0       0               0.0     0.0        1

PRECIPITATION (INCHES)
RECORD
 MAXIMUM         7.36   1913
 MINIMUM         0.53   1910
TOTALS           3.16              2.95    0.21     2.00
DAYS >= .01        14              14.3    -0.3       11
DAYS >= .10         5               7.9    -2.9        4
DAYS >= .50         3               1.3     1.7        1
DAYS >= 1.00        0               0.4    -0.4        0
GREATEST
 24 HR. TOTAL    0.96   03/10 TO 03/10              0.50
                        03/09 TO 03/10
                        03/10 TO 03/10

SNOWFALL (INCHES)
RECORDS
 TOTAL           33.9   2008
TOTALS            1.1              13.7   -12.6     10.9
SINCE 7/1        68.3              97.7   -29.4    110.3
DAYS >= 1.0         0               3.8    -3.8        2
GREATEST
 24 HR TOTAL      0.7   MM

DEGREE_DAYS
HEATING TOTAL     676               911    -235     1046
 SINCE 7/1       4274              5276   -1002     5922
COOLING TOTAL       0                 1      -1        0
 SINCE 1/1          0                 1      -1        0
..............................................................

WIND (MPH)
AVERAGE WIND SPEED              10.4
HIGHEST WIND SPEED/DIRECTION    41/200    DATE  03/31
HIGHEST GUST SPEED/DIRECTION    52/200    DATE  03/31

SKY COVER
AVERAGE SKY COVER           0.60

AVERAGE RH (PERCENT)     68

WEATHER CONDITIONS. NUMBER OF DAYS WITH
THUNDERSTORM              0     MIXED PRECIP               0
HEAVY RAIN                1     RAIN                       3
LIGHT RAIN               12     FREEZING RAIN              1
LT FREEZING RAIN          1     HAIL                       0
HEAVY SNOW                0     SNOW                       0
LIGHT SNOW                5     SLEET                      0
FOG                      14     FOG W/VIS <= 1/4 MILE      3
HAZE                      3

-  INDICATES NEGATIVE NUMBERS.
R  INDICATES RECORD WAS SET OR TIED.
MM INDICATES DATA IS MISSING.
T  INDICATES TRACE AMOUNT.

$$
