000
CXUS56 KPQR 011602
CLMEUG


CLIMATE REPORT
NATIONAL WEATHER SERVICE PORTLAND OREGON
902 AM PDT MON MAY 1 2017

...................................

...THE EUGENE OR CLIMATE SUMMARY FOR THE MONTH OF APRIL 2017...

CLIMATE NORMAL PERIOD 1981 TO 2010
CLIMATE RECORD PERIOD 1892 TO 2017

WEATHER         OBSERVED          NORMAL  DEPART  LAST YEAR`S
                 VALUE   DATE(S)  VALUE   FROM    VALUE  DATE(S)
                                          NORMAL
................................................................
TEMPERATURE (F)
HIGHEST            71                                 82  04/18
LOWEST             33                                 35  04/26
AVG. MAXIMUM     59.1              60.8    -1.7     66.9
AVG. MINIMUM     40.9              39.5     1.4     43.4
MEAN             50.0              50.2    -0.2     55.1
DAYS MAX >= 90      0               0.0     0.0        0
DAYS MAX <= 32      0               0.0     0.0        0
DAYS MIN <= 32      0               1.9    -1.9        0
DAYS MIN <= 0       0               0.0     0.0        0

PRECIPITATION (INCHES)
RECORD
 MAXIMUM         7.85   1993
 MINIMUM         0.49   1985
TOTALS           3.65              3.33    0.32     3.03
DAYS >= .01        23              14.5     8.5       12
DAYS >= .10        12               8.6     3.4        6
DAYS >= .50         1               1.8    -0.8        2
DAYS >= 1.00        0               0.4    -0.4        1
GREATEST
 24 HR. TOTAL    0.63   04/17 TO 04/17

DEGREE_DAYS
HEATING TOTAL     442               446      -4      290
 SINCE 7/1       4167              4342    -175     3585
COOLING TOTAL       0                 0       0        0
 SINCE 1/1          0                 0       0        0
.................................................................

WIND (MPH)
AVERAGE WIND SPEED              7.8
RESULTANT WIND SPEED/DIRECTION   2/216
HIGHEST WIND SPEED/DIRECTION    36/200    DATE  04/07
HIGHEST GUST SPEED/DIRECTION    45/180    DATE  04/07

SKY COVER
POSSIBLE SUNSHINE (PERCENT)   MM
AVERAGE SKY COVER           0.70
NUMBER OF DAYS FAIR            0
NUMBER OF DAYS PC             19
NUMBER OF DAYS CLOUDY         11

AVERAGE RH (PERCENT)     77

WEATHER CONDITIONS. NUMBER OF DAYS WITH
THUNDERSTORM              0     MIXED PRECIP               0
HEAVY RAIN                0     RAIN                       7
LIGHT RAIN               23     FREEZING RAIN              0
LT FREEZING RAIN          0     HAIL                       0
HEAVY SNOW                0     SNOW                       0
LIGHT SNOW                0     SLEET                      0
FOG                      22     FOG W/VIS <= 1/4 MILE      2
HAZE                      4

-  INDICATES NEGATIVE NUMBERS.
R  INDICATES RECORD WAS SET OR TIED.
MM INDICATES DATA IS MISSING.
T  INDICATES TRACE AMOUNT.

$$
