000
CXUS56 KPQR 011503
CLMEUG


CLIMATE REPORT
NATIONAL WEATHER SERVICE PORTLAND OREGON
803 AM PDT FRI APR 1 2016

...................................

...THE EUGENE OR CLIMATE SUMMARY FOR THE MONTH OF MARCH 2016...

CLIMATE NORMAL PERIOD 1981 TO 2010
CLIMATE RECORD PERIOD 1892 TO 2016

WEATHER         OBSERVED          NORMAL  DEPART  LAST YEAR`S
                 VALUE   DATE(S)  VALUE   FROM    VALUE  DATE(S)
                                          NORMAL
................................................................
TEMPERATURE (F)
HIGHEST            73                                 72  03/30
LOWEST             33                                 26  03/04
                                                          03/03
                                                          03/01
AVG. MAXIMUM     57.7              56.2     1.5     62.6
AVG. MINIMUM     40.1              37.1     3.0     39.2
MEAN             48.9              46.7     2.2     50.9
DAYS MAX >= 90      0               0.0     0.0        0
DAYS MAX <= 32      0               0.0     0.0        0
DAYS MIN <= 32      0               6.1    -6.1        7
DAYS MIN <= 0       0               0.0     0.0        0

PRECIPITATION (INCHES)
RECORD
 MAXIMUM        12.46   1974
 MINIMUM         0.40   1926
TOTALS           5.76              4.99    0.77     3.18
DAYS >= .01        24              17.7     6.3       12
DAYS >= .10        17              11.7     5.3        7
DAYS >= .50         4               3.2     0.8        2
DAYS >= 1.00        0               0.7    -0.7        1
GREATEST
 24 HR. TOTAL    0.97   03/13 TO 03/14

DEGREE_DAYS
HEATING TOTAL     490               569     -79      433
 SINCE 7/1       3295              3896    -601     2995
COOLING TOTAL       0                 0       0        0
 SINCE 1/1          0                 0       0        0
.................................................................

WIND (MPH)
AVERAGE WIND SPEED              8.2
RESULTANT WIND SPEED/DIRECTION   4/189
HIGHEST WIND SPEED/DIRECTION    43/210    DATE  03/01
HIGHEST GUST SPEED/DIRECTION    54/200    DATE  03/01

SKY COVER
POSSIBLE SUNSHINE (PERCENT)   MM
AVERAGE SKY COVER           0.70
NUMBER OF DAYS FAIR            3
NUMBER OF DAYS PC             10
NUMBER OF DAYS CLOUDY         18

AVERAGE RH (PERCENT)     76

WEATHER CONDITIONS. NUMBER OF DAYS WITH
THUNDERSTORM              0     MIXED PRECIP               0
HEAVY RAIN                4     RAIN                       7
LIGHT RAIN               23     FREEZING RAIN              0
LT FREEZING RAIN          0     HAIL                       1
HEAVY SNOW                0     SNOW                       0
LIGHT SNOW                0     SLEET                      0
FOG                      26     FOG W/VIS <= 1/4 MILE      1
HAZE                      1

-  INDICATES NEGATIVE NUMBERS.
R  INDICATES RECORD WAS SET OR TIED.
MM INDICATES DATA IS MISSING.
T  INDICATES TRACE AMOUNT.

$$
