000
CXUS53 KIND 011613
CLMEYE


CLIMATE REPORT
NATIONAL WEATHER SERVICE INDIANAPOLIS IN
1113 AM EST WED FEB 1 2017

...................................

...THE INDIANAPOLIS EAGLE CREEK IN CLIMATE SUMMARY FOR THE MONTH OF JANUARY 2017...

CLIMATE NORMAL PERIOD 1981 TO 2010
CLIMATE RECORD PERIOD 9999 TO 9999

WEATHER         OBSERVED          NORMAL  DEPART  LAST YEAR`S
                 VALUE   DATE(S)  VALUE   FROM    VALUE  DATE(S)
                                          NORMAL
................................................................
TEMPERATURE (F)
HIGHEST            67   01/21                         60  01/31
LOWEST              0   01/07                          1  01/18
AVG. MAXIMUM     42.3              35.1     7.2     36.7
AVG. MINIMUM     28.3              21.0     7.3     20.7
MEAN             35.3              28.1     7.2     28.7
DAYS MAX >= 90      0               0.0     0.0        0
DAYS MAX <= 32      6              12.0    -6.0       14
DAYS MIN <= 32     17              25.3    -8.3       28
DAYS MIN <= 0       1               1.8    -0.8        0

PRECIPITATION (INCHES)
TOTALS           4.16              2.21    1.95     0.65
DAILY AVG.       0.13              0.07    0.06     0.02
DAYS >= .01        14                MM      MM        7
DAYS >= .10        10                MM      MM        3
DAYS >= .50         3                MM      MM        0
DAYS >= 1.00        0                MM      MM        0
GREATEST
 24 HR. TOTAL    1.20   01/19 TO 01/20

DEGREE_DAYS
HEATING TOTAL     914              1145    -231     1118
 SINCE 7/1       2661              3201    -540     2632
COOLING TOTAL       0                 0       0        0
 SINCE 1/1          0                 0       0        0
.................................................................

WIND (MPH)
AVERAGE WIND SPEED              8.6
HIGHEST WIND SPEED/DIRECTION    35/280    DATE  01/10
HIGHEST GUST SPEED/DIRECTION    45/280    DATE  01/10

SKY COVER
POSSIBLE SUNSHINE (PERCENT)   MM
AVERAGE SKY COVER           0.70
NUMBER OF DAYS FAIR            8
NUMBER OF DAYS PC              8
NUMBER OF DAYS CLOUDY         15

AVERAGE RH (PERCENT)     76

WEATHER CONDITIONS. NUMBER OF DAYS WITH
THUNDERSTORM              3     MIXED PRECIP               0
HEAVY RAIN                7     RAIN                      10
LIGHT RAIN               11     FREEZING RAIN              1
LT FREEZING RAIN          1     HAIL                       0
HEAVY SNOW                0     SNOW                       1
LIGHT SNOW                6     SLEET                      0
FOG                      19     FOG W/VIS <= 1/4 MILE      3
HAZE                      3

-  INDICATES NEGATIVE NUMBERS.
R  INDICATES RECORD WAS SET OR TIED.
MM INDICATES DATA IS MISSING.
T  INDICATES TRACE AMOUNT.

$$
