000
CXAK59 PAFG 031510
CLMFAI


CLIMATE REPORT
NATIONAL WEATHER SERVICE FAIRBANKS, AK
602 AM AKST SUN DEC 3 2017

...................................

...THE FAIRBANKS CLIMATE SUMMARY FOR THE MONTH OF NOVEMBER 2017...

CLIMATE NORMAL PERIOD 1981 TO 2010
CLIMATE RECORD PERIOD 1904 TO 2017

WEATHER         OBSERVED          NORMAL  DEPART  LAST YEAR`S
                 VALUE   DATE(S)  VALUE   FROM    VALUE  DATE(S)
                                          NORMAL
................................................................
TEMPERATURE (F)
RECORD
 HIGH              54   11/25/1936
 LOW              -54   11/29/1909
HIGHEST            33   11/03        34      -1       32  11/01
LOWEST            -27   11/26       -28       1      -31  11/29
AVG. MAXIMUM     12.6              10.9     1.7     11.0
AVG. MINIMUM     -3.0              -5.7     2.7     -3.7
MEAN              4.8               2.6     2.2      3.7
DAYS MAX >= 90      0               0.0     0.0        0
DAYS MAX <= 32     29              28.0     1.0       30
DAYS MIN <= 32     30              30.0     0.0       30
DAYS MIN <= 0      16              19.6    -3.6       16

PRECIPITATION (INCHES)
RECORD
 MAXIMUM         4.65   1906
 MINIMUM            T   1953
TOTALS           1.36              0.67    0.69     0.29
DAILY AVG.       0.05              0.02    0.03     0.01
DAYS >= .01        12              10.3     1.7        7
DAYS >= .10         5               2.1     2.9        1
DAYS >= .50         0               0.0     0.0        0
DAYS >= 1.00        0               0.0     0.0        0
GREATEST
 24 HR. TOTAL    0.45   11/12 TO 11/12           11/05 TO 11/06

SNOWFALL (INCHES)
RECORDS
 TOTAL           54.0   1970
 24 HR TOTAL     14.6   11/20/1970 TO 11/20/1970
 SNOW DEPTH        42   11/29/1970
TOTALS           24.6              13.2    11.4      4.4
SINCE 7/1        29.8              25.8     4.0      5.2
SNOWDEPTH AVG.      8                 7       1        2
DAYS >= TRACE      23              11.9    11.1       15
DAYS >= 1.0         8               4.6     3.4        2
GREATEST
 SNOW DEPTH        15   11/23                          3  11/30
 24 HR TOTAL      4.9   11/12 TO 11/12           11/06 TO 11/06

DEGREE_DAYS
HEATING TOTAL    1798              1872     -74     1832
 SINCE 7/1       3565              4131    -566     3770
COOLING TOTAL       0                 0       0        0
 SINCE 1/1        104                61      43       76
.......................................................

WIND (MPH)
AVERAGE WIND SPEED              2.5
HIGHEST WIND SPEED/DIRECTION    20/270    DATE  11/12
HIGHEST GUST SPEED/DIRECTION    27/260    DATE  11/12

SKY COVER
AVERAGE SKY COVER           0.70


WEATHER CONDITIONS. NUMBER OF DAYS WITH
THUNDERSTORM              0     MIXED PRECIP               0
HEAVY RAIN                0     RAIN                       0
LIGHT RAIN                0     FREEZING RAIN              0
LT FREEZING RAIN          0     HAIL                       0
HEAVY SNOW                0     SNOW                       2
LIGHT SNOW               26     SLEET                      0
FOG                      23     FOG W/VIS <= 1/4 MILE      2
HAZE                      1

-  INDICATES NEGATIVE NUMBERS.
R  INDICATES RECORD WAS SET OR TIED.
MM INDICATES DATA IS MISSING.
T  INDICATES TRACE AMOUNT.

$$
