000
CXUS53 KFGF 101923
CLMFAR

BISCLMFAR 000
TTAA00 KFGF 010905


CLIMATE REPORT
NATIONAL WEATHER SERVICE EASTERN NORTH DAKOTA/GRAND FORKS
404 AM CDT SAT AUG 1 2015

...................................

...THE FARGO HECTOR INTL AP ND CLIMATE SUMMARY FOR THE MONTH OF JULY 2015...

CLIMATE NORMAL PERIOD 1981 TO 2010
CLIMATE RECORD PERIOD 1881 TO 2015

WEATHER         OBSERVED          NORMAL  DEPART  LAST YEAR`S
                 VALUE   DATE(S)  VALUE   FROM    VALUE  DATE(S)
                                          NORMAL
................................................................
TEMPERATURE (F)
RECORD
 HIGH             114   07/06/1936
 LOW               36   07/03/1967
HIGHEST            91   07/27        82       9       93  07/21
                                                          07/20
                                                          07/05
LOWEST             42   07/07        59     -17       49  07/15
                                                          07/03
AVG. MAXIMUM     83.5              82.5     1.0     80.5
AVG. MINIMUM     61.6              59.5     2.1     58.3
MEAN             72.5              71.0     1.5     69.4
DAYS MAX >= 90      3               3.8    -0.8        3
DAYS MAX <= 32      0               0.0     0.0        0
DAYS MIN <= 32      0               0.0     0.0        0
DAYS MIN <= 0       0               0.0     0.0        0

PRECIPITATION (INCHES)
RECORD
 MAXIMUM         8.42   1952
 MINIMUM         0.42   1950
TOTALS           2.78              2.79   -0.01     1.64
DAILY AVG.       0.09              0.09    0.00     0.05
DAYS >= .01         9               9.5    -0.5        7
DAYS >= .10         5               5.4    -0.4        3
DAYS >= .50         3               1.7     1.3        2
DAYS >= 1.00        0               0.7    -0.7        0
GREATEST
 24 HR. TOTAL    0.92   07/15 TO 07/16           07/09 TO 07/10
                                                          07/10 TO 07/10
                                                          07/10 TO 07/11
 STORM TOTAL       MM                                 MM
 (MM/DD(HH))            MM                    07/10(00) TO 07/10(00)
                                                 07/10(00) TO 07/10(00)1
                                                 07/11(00) TO 07/11(00)1

SNOWFALL (INCHES)
RECORDS
 TOTAL             MM   MM
TOTALS            0.0               0.0     0.0      0.0
SINCE 7/1         0.0               0.0     0.0      0.0
SNOWDEPTH AVG.      0                MM      MM        0
DAYS >= 1.0         0               0.0     0.0        0
GREATEST
 SNOW DEPTH         0   MM                             0  MM
 24 HR TOTAL      0.0   07/31 TO 07/31
 STORM TOTAL       MM                                 MM
 (MM/DD(HH))            MM                    07/31(00) TO 07/31(00)
                                                 07/10(00) TO 07/10(00)1
                                                 07/11(00) TO 07/11(00)1

DEGREE_DAYS
HEATING TOTAL      12                16      -4       20
 SINCE 7/1         12                16      -4       20
COOLING TOTAL     254               202      52      163
 SINCE 1/1        365               340      25      344
..................................................

WIND (MPH)
AVERAGE WIND SPEED              10.0
HIGHEST WIND SPEED/DIRECTION    36/280    DATE  07/29
HIGHEST GUST SPEED/DIRECTION    47/340    DATE  07/23

SKY COVER
POSSIBLE SUNSHINE (PERCENT)   MM
AVERAGE SKY COVER           0.20
NUMBER OF DAYS FAIR           24
NUMBER OF DAYS PC              7
NUMBER OF DAYS CLOUDY          0

AVERAGE RH (PERCENT)     68

WEATHER CONDITIONS. NUMBER OF DAYS WITH
THUNDERSTORM              0     MIXED PRECIP               0
HEAVY RAIN                5     RAIN                       3
LIGHT RAIN               11     FREEZING RAIN              0
LT FREEZING RAIN          0     HAIL                       0
HEAVY SNOW                0     SNOW                       0
LIGHT SNOW                0     SLEET                      0
FOG                      16     FOG W/VIS <= 1/4 MILE      2
HAZE                      7

-  INDICATES NEGATIVE NUMBERS.
R  INDICATES RECORD WAS SET OR TIED.
MM INDICATES DATA IS MISSING.
T  INDICATES TRACE AMOUNT.

&&

THE MONTH OF JULY 2015 AT THE FARGO HECTOR INTERNATIONAL AIRPORT WAS
SLIGHTLY WARMER THAN NORMAL WITH AN AVERAGE TEMPERATURE OF 72.5
DEGREES...WHICH IS 1.5 DEGREES ABOVE NORMAL. IT WAS ALSO DRIER THAN
NORMAL WITH RAINFALL FOR THE MONTH AT 2.78 INCHES...WHICH IS 0.01
INCHES BELOW NORMAL.

REMEMBER...THIS DATA IS PROVISIONAL AND SUBJECT TO CHANGE. THE FINAL
AND OFFICIAL RECORDS WILL BE AVAILABLE FROM THE NATIONAL CENTERS FOR
ENVIRONMENTAL INFORMATION (FORMERLY THE NATIONAL CLIMATE DATA
CENTER).
$$
