000
CXUS53 KFGF 011414
CLMFAR

CLIMATE REPORT
NATIONAL WEATHER SERVICE EASTERN NORTH DAKOTA/GRAND FORKS
814 AM CST MON FEB 1 2016

...................................

...THE FARGO HECTOR INTL AP ND CLIMATE SUMMARY FOR THE MONTH OF JANUARY 2016...

CLIMATE NORMAL PERIOD 1981 TO 2010
CLIMATE RECORD PERIOD 1881 TO 2016

WEATHER         OBSERVED          NORMAL  DEPART  LAST YEAR`S
                 VALUE   DATE(S)  VALUE   FROM    VALUE  DATE(S)
                                          NORMAL
................................................................
TEMPERATURE (F)
RECORD
 HIGH              55   01/05/2012
 LOW              -48   01/08/1887
HIGHEST            40   01/27        16      24       46  01/23
LOWEST            -23   01/17        -2     -21      -17  01/12
AVG. MAXIMUM     21.1              18.4     2.7     24.7
AVG. MINIMUM      5.3               0.1     5.2      7.3
MEAN             13.2               9.3     3.9     16.0
DAYS MAX >= 90      0               0.0     0.0        0
DAYS MAX <= 32     25              25.3    -0.3       18
DAYS MIN <= 32     31              30.9     0.1       31
DAYS MIN <= 0      11              15.5    -4.5       12

PRECIPITATION (INCHES)
RECORD
 MAXIMUM         1.85   1989
 MINIMUM         0.09   2008
TOTALS           0.69              0.70   -0.01     0.40
DAILY AVG.       0.02              0.02    0.00     0.01
DAYS >= .01         9               8.3     0.7        7
DAYS >= .10         2               2.0     0.0        1
DAYS >= .50         0               0.1    -0.1        0
DAYS >= 1.00        0               0.0     0.0        0
GREATEST
 24 HR. TOTAL    0.26   01/06 TO 01/07           01/17 TO 01/17
                                                          01/17 TO 01/17
                                                          01/17 TO 01/17
 STORM TOTAL       MM                                 MM
 (MM/DD(HH))            MM                    01/17(00) TO 01/17(00)
                                                 01/17(00) TO 01/17(00)7
                                                 01/17(00) TO 01/17(00)7

SNOWFALL (INCHES)
RECORDS
 TOTAL           31.5   1989
TOTALS            8.4              11.2    -2.8      3.0
SINCE 7/1        19.0              31.0   -12.0      7.5
SNOWDEPTH AVG.      6                 7      -1        1
DAYS >= 1.0         2               2.7    -0.7        0
GREATEST
 SNOW DEPTH         9   01/15                          2  01/23
                                                          01/22
                                                          01/21
 24 HR TOTAL      3.4   MM
 STORM TOTAL       MM                                 MM
 (MM/DD(HH))            MM                    01/17(00) TO 01/17(00)
                                                 01/17(00) TO 01/17(00)7
                                                 01/17(00) TO 01/17(00)7

DEGREE_DAYS
HEATING TOTAL    1597              1728    -131     1510
 SINCE 7/1       4328              5268    -940     4819
COOLING TOTAL       0                 0       0        0
 SINCE 1/1          0                 0       0        0
........................................................

WIND (MPH)
AVERAGE WIND SPEED              10.7
HIGHEST WIND SPEED/DIRECTION    35/350    DATE  01/28
HIGHEST GUST SPEED/DIRECTION    42/340    DATE  01/28

SKY COVER
POSSIBLE SUNSHINE (PERCENT)   MM
AVERAGE SKY COVER           0.50
NUMBER OF DAYS FAIR            9
NUMBER OF DAYS PC             14
NUMBER OF DAYS CLOUDY          8

AVERAGE RH (PERCENT)     77

WEATHER CONDITIONS. NUMBER OF DAYS WITH
THUNDERSTORM              0     MIXED PRECIP               0
HEAVY RAIN                0     RAIN                       0
LIGHT RAIN                1     FREEZING RAIN              0
LT FREEZING RAIN          0     HAIL                       0
HEAVY SNOW                1     SNOW                       3
LIGHT SNOW               14     SLEET                      1
FOG                      17     FOG W/VIS <= 1/4 MILE      3
HAZE                     18

-  INDICATES NEGATIVE NUMBERS.
R  INDICATES RECORD WAS SET OR TIED.
MM INDICATES DATA IS MISSING.
T  INDICATES TRACE AMOUNT.

&&

JANUARY 2016 CONTINUED A STRING OF MILD MONTHS WHICH EXTENDS BACK
THROUGH SEPTEMBER OF 2015...WITH A MEAN MONTHLY TEMPERATURE AT 3.9
DEGREES ABOVE AVERAGE. THERE WERE NO RECORD MAXIMUM OR MINIMUM
TEMPERATURE RECORDS SET IN JANUARY. NINE DAYS HAD AVERAGE
TEMPERATURES AT LEAST 5 DEGREES BELOW NORMAL WHILE 17 DAYS HAD
AVERAGE TEMPERATURES OF AT LEAST 5 DEGREES ABOVE NORMAL.

A TOTAL OF 0.69 INCHES OF PRECIPITATION FELL...WHICH IS ONLY 0.01
INCHES BELOW AVERAGE. AS FOR SNOWFALL...8.4 INCHES FELL...WHICH IS
2.8 INCHES BELOW THE AVERAGE OF 11.2 INCHES.

REMEMBER... THIS DATA IS PROVISIONAL AND IS SUBJECT TO CHANGE. THE
FINAL AND OFFICIAL RECORDS WILL BE AVAILABLE FROM THE NATIONAL
CENTERS FOR ENVIRONMENTAL INFORMATION (FORMERLY THE NATIONAL CLIMATIC
DATA CENTER).

$$
GUST
