000
CXUS56 KHNX 011938
CLMFAT


CLIMATE REPORT
NATIONAL WEATHER SERVICE SAN JOAQUIN VALLEY, CA
1131 AM PST THU FEB 1 2018

...................................

...THE FRESNO CA CLIMATE SUMMARY FOR THE MONTH OF JANUARY 2018...

CLIMATE NORMAL PERIOD 1981 TO 2010
CLIMATE RECORD PERIOD 1887 TO 2018

WEATHER         OBSERVED          NORMAL  DEPART  LAST YEAR`S
                 VALUE   DATE(S)  VALUE   FROM    VALUE  DATE(S)
                                          NORMAL
................................................................
TEMPERATURE (F)
RECORD
 HIGH              78   01/24/2014
                        01/28/1986
                        22/12/2298
 LOW               17   01/06/1913
HIGHEST            72   01/05        MM      MM       71  01/08
LOWEST             35   01/21        MM      MM       30  01/06
AVG. MAXIMUM     61.4              54.8     6.6     55.6
AVG. MINIMUM     43.7              38.3     5.4     40.5
MEAN             52.6              46.6     6.0     48.1
DAYS MAX >= 90      0               0.0     0.0        0
DAYS MIN <= 32      0               5.6    -5.6        2

PRECIPITATION (INCHES)
RECORD
 MAXIMUM         8.56   1969
TOTALS           1.23              2.19   -0.96     5.50
DAYS >= .01         5               7.6    -2.6       14
DAYS >= .10         4               4.8    -0.8       11
DAYS >= .50         0               1.4    -1.4        4
DAYS >= 1.00        0               0.2    -0.2        0
GREATEST
 24 HR. TOTAL    0.41   01/08 TO 01/08

SNOWFALL (INCHES)
RECORDS
 TOTAL            2.5   1930
TOTALS            0.0               0.0

DEGREE_DAYS
HEATING TOTAL     376               572    -196      514
 SINCE 7/1       1157              1535    -378     1309
COOLING TOTAL       0                 0       0        0
 SINCE 1/1          0                 0       0        0
.................................................................

WIND (MPH)
AVERAGE WIND SPEED              3.9
HIGHEST WIND SPEED/DIRECTION    23/130    DATE  01/09
HIGHEST GUST SPEED/DIRECTION    28/130    DATE  01/09

AVERAGE RH (PERCENT)     76

WEATHER CONDITIONS. NUMBER OF DAYS WITH
THUNDERSTORM              0     RAIN                       5
HAIL                      0     FOG                       28
FOG W/VIS <= 1/4 MILE     7     HAZE                      22

-  INDICATES NEGATIVE NUMBERS.
R  INDICATES RECORD WAS SET OR TIED.
MM INDICATES DATA IS MISSING.
T  INDICATES TRACE AMOUNT.

$$
