000
CXUS56 KHNX 031127
CLMFAT


CLIMATE REPORT
NATIONAL WEATHER SERVICE SAN JOAQUIN VALLEY, CA
427 AM PDT FRI NOV 3 2017

...................................

...THE FRESNO CA CLIMATE SUMMARY FOR THE MONTH OF OCTOBER 2017...

CLIMATE NORMAL PERIOD 1981 TO 2010
CLIMATE RECORD PERIOD 1887 TO 2017

WEATHER         OBSERVED          NORMAL  DEPART  LAST YEAR`S
                 VALUE   DATE(S)  VALUE   FROM    VALUE  DATE(S)
                                          NORMAL
................................................................
TEMPERATURE (F)
RECORD
 HIGH             102   10/04/1980
 LOW               27   10/30/1972
HIGHEST            89   10/25        MM      MM       92  10/09
LOWEST             45   10/21        MM      MM       48  10/19
AVG. MAXIMUM     79.9              79.5     0.4     78.7
AVG. MINIMUM     51.4              53.0    -1.6     54.1
MEAN             65.7              66.2    -0.5     66.4
DAYS MAX >= 90      0               3.3    -3.3        1
DAYS MIN <= 32      0               0.0     0.0        0

PRECIPITATION (INCHES)
RECORD
 MAXIMUM         3.21   1904
TOTALS           0.09              0.63   -0.54     0.67
DAYS >= .01         1               2.5    -1.5        6
DAYS >= .10         0               1.3    -1.3        2
DAYS >= .50         0               0.4    -0.4        0
DAYS >= 1.00        0               0.1    -0.1        0
GREATEST
 24 HR. TOTAL    0.09   10/20 TO 10/20

SNOWFALL (INCHES)
RECORDS
 TOTAL              T   5
                        0
                        -26215
TOTALS            0.0               0.0

DEGREE_DAYS
HEATING TOTAL      45                61     -16       23
 SINCE 7/1         49                63     -14       25
COOLING TOTAL      72               100     -28       73
 SINCE 1/1       2486              2122     364     2332
.................................................................

WIND (MPH)
AVERAGE WIND SPEED              4.1
HIGHEST WIND SPEED/DIRECTION    28/320    DATE  10/20
HIGHEST GUST SPEED/DIRECTION    37/310    DATE  10/20

AVERAGE RH (PERCENT)     49

WEATHER CONDITIONS. NUMBER OF DAYS WITH
THUNDERSTORM              0     RAIN                       1
HAIL                      0     FOG                        2
FOG W/VIS <= 1/4 MILE     0     HAZE                      20

-  INDICATES NEGATIVE NUMBERS.
R  INDICATES RECORD WAS SET OR TIED.
MM INDICATES DATA IS MISSING.
T  INDICATES TRACE AMOUNT.

$$
