715
CXUS52 KRAH 011450
CLMFAY


CLIMATE REPORT
NATIONAL WEATHER SERVICE RALEIGH NC
937 AM EST WED FEB 1 2017

...................................

...THE FAYETTEVILLE REGL AIRPORT NC CLIMATE SUMMARY FOR THE MONTH OF JANUARY 2017...

CLIMATE NORMAL PERIOD 1981 TO 2010
CLIMATE RECORD PERIOD 1910 TO 2017

WEATHER         OBSERVED          NORMAL  DEPART  LAST YEAR`S
                 VALUE   DATE(S)  VALUE   FROM    VALUE
                                          NORMAL
.............................................................
TEMPERATURE (F)
RECORD
 HIGH              81   01/03/1952
                        01/27/1950
 LOW                    01/22/1985
                        01/21/1985
HIGHEST            80   01/13                         70
LOWEST             14   01/09                         20
AVG. MAXIMUM     59.9              53.9     6.0     50.9
AVG. MINIMUM     40.1              33.2     6.9     32.1
MEAN             50.0              43.5     6.5     41.5
DAYS MAX >= 90      0                                  0
DAYS MAX <= 32      1                                  0
DAYS MIN <= 32      6                                 20
DAYS MIN <= 0       0                                  0

PRECIPITATION (INCHES)
RECORD
 MAXIMUM         7.84   1987
TOTALS           2.43              3.30   -0.87     1.70
DAYS >= .01         9
DAYS >= .10         5
DAYS >= .50         2
DAYS >= 1.00        0
GREATEST
 24 HR. TOTAL    0.99   01/06 TO 01/07

DEGREE_DAYS
HEATING TOTAL     457               667    -210      720
 SINCE 7/1       1365              1726    -361     1272
..............................................................

WIND (MPH)
AVERAGE WIND SPEED              7.4
HIGHEST WIND SPEED/DIRECTION    32/250    DATE  01/26
HIGHEST GUST SPEED/DIRECTION    43/270    DATE  01/26

SKY COVER
POSSIBLE SUNSHINE (PERCENT)   MM
AVERAGE SKY COVER           0.40
NUMBER OF DAYS FAIR           14
NUMBER OF DAYS PC             11
NUMBER OF DAYS CLOUDY          6

AVERAGE RH (PERCENT)     69

WEATHER CONDITIONS. NUMBER OF DAYS WITH
THUNDERSTORM              0     MIXED PRECIP               0
HEAVY RAIN                0     RAIN                       3
LIGHT RAIN               10     FREEZING RAIN              1
LT FREEZING RAIN          1     HAIL                       0
HEAVY SNOW                0     SNOW                       0
LIGHT SNOW                1     SLEET                      0
FOG                      12     FOG W/VIS <= 1/4 MILE      4
HAZE                      0

-  INDICATES NEGATIVE NUMBERS.
R  INDICATES RECORD WAS SET OR TIED.
MM INDICATES DATA IS MISSING.
T  INDICATES TRACE AMOUNT.

&&

A RECORD LOW MAXIMUM TEMPERATURE OF 28 WAS SET AT FAYETTEVILL REGL
AIRPORT NC JANUARY 8TH. THIS BREAKS THE OLD RECORD OF 29 SET IN 1988.

A RECORD HIGH TEMPERATURE OF 80 DEGREES WAS SET AT FAYETTEVILLE REGL
AIRPORT NC JANUARY 13TH. THIS BREAKS THE OLD RECORD OF 79 SET IN
2005.

$$
