000
CXUS52 KRAH 021353 CCA
CLMFAY

CLIMATE REPORT...CORRECTION
NATIONAL WEATHER SERVICE RALEIGH NC
1005 AM EST SUN MAR 1 2015

...................................

...THE FAYETTEVILLE REGL AIRPORT NC CLIMATE SUMMARY FOR THE MONTH OF FEBRUARY 2015...

CLIMATE NORMAL PERIOD 1981 TO 2010
CLIMATE RECORD PERIOD 1910 TO 2015

WEATHER         OBSERVED          NORMAL  DEPART  LAST YEAR`S
                 VALUE   DATE(S)  VALUE   FROM    VALUE
                                          NORMAL
.............................................................
TEMPERATURE (F)
RECORD
 HIGH              85   02/25/1930
 LOW                5   02/06/1996
HIGHEST            71   02/08                         82
LOWEST             10   02/20                         24
AVG. MAXIMUM     49.2              59.1    -9.9     56.8
AVG. MINIMUM     28.1              35.4    -7.3     34.9
MEAN             38.7              47.3    -8.6     45.8
DAYS MAX >= 90      0                                  0
DAYS MAX <= 32      2                                  0
DAYS MIN <= 32     20                                 10
DAYS MIN <= 0       0                                  0

PRECIPITATION (INCHES)
RECORD
 MAXIMUM         7.41  1939
TOTALS           3.28              2.76    0.52     2.66
DAYS >= .01        11
DAYS >= .10         9
DAYS >= .50         3
DAYS >= 1.00        0
GREATEST
 24 HR. TOTAL    1.15   02/25 TO 02/26

DEGREE_DAYS
HEATING TOTAL     729               499     230      534
 SINCE 7/1       2496              2225     271     2325
..............................................................

WIND (MPH)
AVERAGE WIND SPEED              9.1
HIGHEST WIND SPEED/DIRECTION    33/310    DATE  02/14
HIGHEST GUST SPEED/DIRECTION    45/310    DATE  02/15

SKY COVER
POSSIBLE SUNSHINE (PERCENT)    0
AVERAGE SKY COVER           0.40
NUMBER OF DAYS FAIR           15
NUMBER OF DAYS PC              9
NUMBER OF DAYS CLOUDY          4

AVERAGE RH (PERCENT)     60

WEATHER CONDITIONS. NUMBER OF DAYS WITH
THUNDERSTORM              0     MIXED PRECIP               0
HEAVY RAIN                1     RAIN                       3
LIGHT RAIN                9     FREEZING RAIN              1
LT FREEZING RAIN          3     HAIL                       0
HEAVY SNOW                1     SNOW                       1
LIGHT SNOW                4     SLEET                      0
FOG                      13     FOG W/VIS <= 1/4 MILE      4
HAZE                      3

-  INDICATES NEGATIVE NUMBERS.
R  INDICATES RECORD WAS SET OR TIED.
MM INDICATES DATA IS MISSING.
T  INDICATES TRACE AMOUNT.

&&

FEBRUARY 16...A RECORD LOW MAXIMUM TEMPERATURE OF 33 DEGREES WAS
TIED AT THE FAYETTEVILLE REGIONAL AIRPORT. THIS TIED THE RECORD OF
33 DEGREES LAST SET IN 1943.

FEBRUARY 17...A RECORD LOW MAXIMUM TEMPERATURE OF 33 DEGREES WAS
TIED AT THE FAYETTEVILLE REGIONAL AIRPORT. THIS TIED THE RECORD OF
33 DEGREES LAST SET IN 2003.

FEBRUARY 20...A RECORD LOW TEMPERATURE OF 10 DEGREES WAS SET AT THE
FAYETTEVILLE REGIONAL AIRPORT. THIS BROKE THE PREVIOUS RECORD OF 12
DEGREES SET IN 1958.

FEBRUARY 20...A RECORD LOW MAXIMUM TEMPERATURE OF 31 DEGREES WAS SET
AT THE FAYETTEVILLE REGIONAL AIRPORT. THIS BROKE THE PREVIOUS RECORD
OF 37 DEGREES SET IN 1972.

FEBRUARY 24...A RECORD LOW MAXIMUM TEMPERATURE OF 34 DEGREES WAS SET
AT THE FAYETTEVILLE REGIONAL AIRPORT. THIS BROKE THE PREVIOUS RECORD
OF 35 DEGREES SET IN 1948.

THE MONTHLY AVERAGE TEMPERATURE OF 38.7 DEGREES IS THE 7TH COLDEST
FEBRUARY ON RECORD.

$$
