000
CXUS52 KMFL 011420
CLMFLL

CLIMATE REPORT
NATIONAL WEATHER SERVICE MIAMI, FL
915 AM EST SUN MAR 1 2015

...................................

...THE FORT LAUDERDALE CLIMATE SUMMARY FOR THE MONTH OF FEBRUARY 2015...

CLIMATE NORMAL PERIOD 1981 TO 2010
CLIMATE RECORD PERIOD 1839 TO 2015

WEATHER         OBSERVED          NORMAL  DEPART  LAST YEAR`S
                 VALUE   DATE(S)  VALUE   FROM    VALUE
                                          NORMAL
.............................................................
TEMPERATURE (F)
RECORD
 HIGH              90   02/28/1956
                        02/14/1948
 LOW               28   02/06/1917
HIGHEST            84   02/26                         88
                        02/24
LOWEST             40   02/20                         50
AVG. MAXIMUM     74.9              77.7    -2.8     81.6
AVG. MINIMUM     59.4              64.0    -4.6     66.2
MEAN             67.2              70.9    -3.7     73.9
DAYS MAX >= 90      0                                  0
DAYS MAX <= 32      0                                  0
DAYS MIN <= 32      0                                  0
DAYS MIN <= 0       0                                  0

PRECIPITATION (INCHES)
RECORD
 MAXIMUM        13.81   1983
 MINIMUM            T   1944
TOTALS           3.95              2.96    0.99     1.35
DAILY AVG.       0.14              0.11    0.03     0.05
DAYS >= .01         7                                  6
DAYS >= .10         4                                  2
DAYS >= .50         2                                  2
DAYS >= 1.00        2                                  0
GREATEST
 24 HR. TOTAL    2.23   02/28 TO 02/28              0.70

DEGREE_DAYS
HEATING TOTAL      48                22      26        5
 SINCE 7/1         97               102      -5       80
COOLING TOTAL     116               186     -70      263
 SINCE 1/1        281               356     -75      388
..............................................................

WIND (MPH)
AVERAGE WIND SPEED              10.1
HIGHEST WIND SPEED/DIRECTION    26/260    DATE  02/26
HIGHEST GUST SPEED/DIRECTION    35/330    DATE  02/19

SKY COVER
POSSIBLE SUNSHINE (PERCENT)   MM
AVERAGE SKY COVER           0.50
NUMBER OF DAYS FAIR            8
NUMBER OF DAYS PC             15
NUMBER OF DAYS CLOUDY          5

AVERAGE RH (PERCENT)     70

WEATHER CONDITIONS. NUMBER OF DAYS WITH
THUNDERSTORM              2     MIXED PRECIP               0
HEAVY RAIN                2     RAIN                       3
LIGHT RAIN                8     FREEZING RAIN              0
LT FREEZING RAIN          0     HAIL                       0
HEAVY SNOW                0     SNOW                       0
LIGHT SNOW                0     SLEET                      0
FOG                       8     FOG W/VIS <= 1/4 MILE      0
HAZE                      1

-  INDICATES NEGATIVE NUMBERS.
R  INDICATES RECORD WAS SET OR TIED.
MM INDICATES DATA IS MISSING.
T  INDICATES TRACE AMOUNT.

...............................................................

...............DATA FOR HOLLYWOOD...FEBRUARY 2015..............
.....NORMALS USED FOR COMPARISON ARE FORT LAUDERDALE (FLL).....

...TEMPERATURE DATA...

AVERAGE FOR THE MONTH .... 66.4 OR 4.5 DEGREES BELOW NORMAL.
AVERAGE MAXIMUM .......... 75.5 OR 2.2 DEGREES BELOW NORMAL.
AVERAGE MINIMUM .......... 57.3 OR 6.7 DEGREES BELOW NORMAL.

HIGHEST TEMPERATURE FOR THE MONTH: 86 DEGREES ON THE 27TH.
LOWEST  TEMPERATURE FOR THE MONTH: 39 DEGREES ON THE 20TH.



...PRECIPITATION...

TOTAL FOR THE MONTH 2.17 INCHES OR 0.79 INCHES BELOW NORMAL.
TOTAL FOR THE YEAR  5.78 INCHES OR 0.81 INCHES BELOW NORMAL.
GREATEST 24-HOUR PERIOD RAINFALL 1.51 INCHES ON THE 6TH.

NUMBER OF DAYS HAVING 0.01 INCHES OR MORE ... 5.
NUMBER OF DAYS HAVING 0.10 INCHES OR MORE ... 4.
NUMBER OF DAYS HAVING 0.50 INCHES OR MORE ... 1.
NUMBER OF DAYS HAVING 1.00 INCHES OR MORE ... 1.

$$

$$
