697
CXUS54 KTSA 011221
CLMFYV

CLIMATE REPORT
NATIONAL WEATHER SERVICE TULSA OK
722 AM CDT TUE AUG 1 2017

...................................

...THE FAYETTEVILLE ARKANSAS CLIMATE SUMMARY FOR THE MONTH OF JULY 2017...

CLIMATE NORMAL PERIOD 1981 TO 2010
CLIMATE RECORD PERIOD 1905 TO 2017

WEATHER         OBSERVED          NORMAL  DEPART  LAST YEAR`S
                 VALUE   DATE(S)  VALUE   FROM    VALUE  DATE(S)
                                          NORMAL
................................................................
TEMPERATURE (F)
RECORD
 HIGH             110   07/13/1954
 LOW               45   07/06/1972
HIGHEST            94   07/23       111     -17       95  07/24
LOWEST             57   07/31        45      12       64  07/16
AVG. MAXIMUM     88.3              88.6    -0.3     87.9
AVG. MINIMUM     67.0              66.6     0.4     69.7
MEAN             77.7              77.6     0.1     78.8
DAYS MAX >= 90     13              12.9     0.1        9
DAYS MAX <= 32      0               0.0     0.0        0
DAYS MIN <= 32      0               0.0     0.0        0
DAYS MIN <= 0       0               0.0     0.0        0

PRECIPITATION (INCHES)
RECORD
 MAXIMUM        12.03   1960
 MINIMUM         0.26   1964
TOTALS           2.19              3.46   -1.27     6.88
DAILY AVG.       0.07              0.11   -0.04     0.22
DAYS >= .01         8               8.1    -0.1       12
DAYS >= .10         6               5.0     1.0       10
DAYS >= .50         0               2.0    -2.0        7
DAYS >= 1.00        0               1.1    -1.1        3
GREATEST
 24 HR. TOTAL    1.70   06/30 TO 07/01           07/03 TO 07/04
                        07/01 TO 07/02                    07/31 TO 07/31
                        07/02 TO 07/03                    07/31 TO 07/31

SNOWFALL (INCHES)
RECORDS
 TOTAL            0.0   2002
 24 HR TOTAL       MM
TOTALS            0.0               0.0     0.0      0.0
SINCE 7/1         0.0               0.0     0.0      0.0
SNOWDEPTH AVG.      0                MM      MM        0
DAYS >= TRACE       0               0.0     0.0        0
DAYS >= 1.0         0               0.0     0.0        0
GREATEST
 SNOW DEPTH         0   MM                             0  MM
 24 HR TOTAL      0.0   07/31 TO 07/31           07/31 TO 07/31
                                                          07/31 TO 07/31
                                                          07/31 TO 07/31

DEGREE_DAYS
HEATING TOTAL       0                 0       0        0
 SINCE 7/1          0                 0       0        0
COOLING TOTAL     402               391      11      435
 SINCE 1/1        743               749      -6      839
..................................................

WIND (MPH)
AVERAGE WIND SPEED              4.1
HIGHEST WIND SPEED/DIRECTION    26/350    DATE  07/08
HIGHEST GUST SPEED/DIRECTION    37/350    DATE  07/08

SKY COVER
POSSIBLE SUNSHINE (PERCENT)   MM
AVERAGE SKY COVER           0.20
NUMBER OF DAYS FAIR           24
NUMBER OF DAYS PC              7
NUMBER OF DAYS CLOUDY          0

AVERAGE RH (PERCENT)     78

WEATHER CONDITIONS. NUMBER OF DAYS WITH
THUNDERSTORM              0     MIXED PRECIP               0
HEAVY RAIN                5     RAIN                       5
LIGHT RAIN                9     FREEZING RAIN              0
LT FREEZING RAIN          0     HAIL                       0
HEAVY SNOW                0     SNOW                       0
LIGHT SNOW                0     SLEET                      0
FOG                      23     FOG W/VIS <= 1/4 MILE      3
HAZE                      2

-  INDICATES NEGATIVE NUMBERS.
R  INDICATES RECORD WAS SET OR TIED.
MM INDICATES DATA IS MISSING.
T  INDICATES TRACE AMOUNT.

&&
-------------------------------------------------------------------
 YEARLY PRECIPITATION (INCHES):
 TOTAL.....................37.18
 DEPARTURE FROM NORMAL.....+8.53
$$
