000
CXUS54 KTSA 011116
CLMFYV

CLIMATE REPORT
NATIONAL WEATHER SERVICE TULSA OK
615 AM CDT MON SEP 1 2014

...................................

...THE FAYETTEVILLE ARKANSAS CLIMATE SUMMARY FOR THE MONTH OF AUGUST 2014...

CLIMATE NORMAL PERIOD 1981 TO 2010
CLIMATE RECORD PERIOD 1905 TO 2014

WEATHER         OBSERVED          NORMAL  DEPART  LAST YEAR`S
                 VALUE   DATE(S)  VALUE   FROM    VALUE  DATE(S)
                                          NORMAL
................................................................
TEMPERATURE (F)
RECORD
 HIGH             110   08/03/2011
 LOW               45   08/22/1956
HIGHEST            98   08/25       109     -11       98  08/31
LOWEST             51   08/13        44       7       52  08/17
AVG. MAXIMUM     88.5              89.1    -0.6     87.5
AVG. MINIMUM     65.2              65.1     0.1     64.5
MEAN             76.8              77.1    -0.3     76.0
DAYS MAX >= 90     11              15.0    -4.0       14
DAYS MAX <= 32      0               0.0     0.0        0
DAYS MIN <= 32      0               0.0     0.0        0
DAYS MIN <= 0       0               0.0     0.0        0

PRECIPITATION (INCHES)
RECORD
 MAXIMUM         9.12   1964
 MINIMUM         0.02   2010
TOTALS           2.08              3.24   -1.16     2.82
DAILY AVG.       0.07              0.10   -0.03     0.09
DAYS >= .01         6               7.8    -1.8        6
DAYS >= .10         4               4.5    -0.5        5
DAYS >= .50         1               2.2    -1.2        2
DAYS >= 1.00        0               1.2    -1.2        1
GREATEST
 24 HR. TOTAL    0.93   08/07 TO 08/07           08/08 TO 08/08
                        08/06 TO 08/07                    08/31 TO 08/31
                        08/07 TO 08/07                    08/31 TO 08/31

SNOWFALL (INCHES)
RECORDS
 TOTAL            0.0   2002
 24 HR TOTAL       MM
TOTALS            0.0               0.0     0.0      0.0
SINCE 7/1         0.0               0.0     0.0      0.0
SNOWDEPTH AVG.      0                MM      MM        0
DAYS >= TRACE       0               0.0     0.0        0
DAYS >= 1.0         0               0.0     0.0        0
GREATEST
 SNOW DEPTH         0   MM                             0  MM
 24 HR TOTAL      0.0   08/31 TO 08/31           08/31 TO 08/31
                                                          08/31 TO 08/31
                                                          08/31 TO 08/31

DEGREE_DAYS
HEATING TOTAL       0                 1      -1        0
 SINCE 7/1          4                 1       3        0
COOLING TOTAL     373               376      -3      348
 SINCE 1/1       1035              1125     -90     1129
..................................................

WIND (MPH)
AVERAGE WIND SPEED              5.0
HIGHEST WIND SPEED/DIRECTION    36/320    DATE  08/09
HIGHEST GUST SPEED/DIRECTION    67/240    DATE  08/08

SKY COVER
POSSIBLE SUNSHINE (PERCENT)   MM
AVERAGE SKY COVER           0.10
NUMBER OF DAYS FAIR           28
NUMBER OF DAYS PC              3
NUMBER OF DAYS CLOUDY          0

AVERAGE RH (PERCENT)     74

WEATHER CONDITIONS. NUMBER OF DAYS WITH
THUNDERSTORM              0     MIXED PRECIP               0
HEAVY RAIN                4     RAIN                       5
LIGHT RAIN                6     FREEZING RAIN              0
LT FREEZING RAIN          0     HAIL                       0
HEAVY SNOW                0     SNOW                       0
LIGHT SNOW                0     SLEET                      0
FOG                      18     FOG W/VIS <= 1/4 MILE      3
HAZE                      0

-  INDICATES NEGATIVE NUMBERS.
R  INDICATES RECORD WAS SET OR TIED.
MM INDICATES DATA IS MISSING.
T  INDICATES TRACE AMOUNT.

&&
-------------------------------------------------------------------
 YEARLY PRECIPITATION (INCHES):
 TOTAL.....................23.13
 DEPARTURE FROM NORMAL.....-8.76
$$
