000
CXUS53 KUNR 011604
CLMGCC


CLIMATE REPORT
NATIONAL WEATHER SERVICE RAPID CITY SD
903 AM MST FRI DEC 1 2017

...................................

...THE GILLETTE AIRPORT WY CLIMATE SUMMARY FOR THE MONTH OF NOVEMBER 2017...

CLIMATE NORMAL PERIOD 1981 TO 2010
CLIMATE RECORD PERIOD 9999 TO 9999

WEATHER         OBSERVED          NORMAL  DEPART  LAST YEAR`S
                 VALUE   DATE(S)  VALUE   FROM    VALUE  DATE(S)
                                          NORMAL
................................................................
TEMPERATURE (F)
HIGHEST            66   11/26                         73  11/09
                        11/22                             11/04
                        11/16
LOWEST              7   11/07                         11  11/30
AVG. MAXIMUM     48.2              44.6     3.6     55.0
AVG. MINIMUM     25.0              21.0     4.0     29.1
MEAN             36.6              32.8     3.8     42.0
DAYS MAX >= 90      0                                  0
DAYS MAX <= 32      2                                  2
DAYS MIN <= 32     25                                 19
DAYS MIN <= 0       0                                  0

PRECIPITATION (INCHES)
TOTALS           0.49              0.55   -0.06     0.28
DAILY AVG.       0.02              0.02    0.00     0.01
DAYS >= .01         6                                  2
DAYS >= .10         1                                  1
DAYS >= .50         0                                  0
DAYS >= 1.00        0                                  0
GREATEST
 24 HR. TOTAL    0.28   11/01 TO 11/01              0.27

DEGREE_DAYS
HEATING TOTAL     845               966    -121      681
 SINCE 7/1       1771              1875    -104     1393
COOLING TOTAL       0                 0       0        0
 SINCE 1/1        617               502     115      569
.................................................................

WIND (MPH)
AVERAGE WIND SPEED              11.3
HIGHEST WIND SPEED/DIRECTION    43/200    DATE  11/29
HIGHEST GUST SPEED/DIRECTION    54/210    DATE  11/29

AVERAGE RH (PERCENT)     64

WEATHER CONDITIONS. NUMBER OF DAYS WITH
THUNDERSTORM              0     MIXED PRECIP               0
HEAVY RAIN                0     RAIN                       1
LIGHT RAIN                3     FREEZING RAIN              0
LT FREEZING RAIN          0     HAIL                       0
HEAVY SNOW                0     SNOW                       1
LIGHT SNOW                5     SLEET                      0
FOG                      10     FOG W/VIS <= 1/4 MILE      1
HAZE                      4

-  INDICATES NEGATIVE NUMBERS.
R  INDICATES RECORD WAS SET OR TIED.
MM INDICATES DATA IS MISSING.
T  INDICATES TRACE AMOUNT.

$$
