000
CXUS55 KMSO 011218
CLMGPI


CLIMATE REPORT
NATIONAL WEATHER SERVICE MISSOULA, MT
618 AM MDT MON AUG 1 2016

...................................

...THE KALISPELL MT CLIMATE SUMMARY FOR THE MONTH OF JULY 2016...

CLIMATE NORMAL PERIOD 1981 TO 2010
CLIMATE RECORD PERIOD 1894 TO 2016

WEATHER         OBSERVED          NORMAL  DEPART  LAST YEAR`S
                 VALUE   DATE(S)  VALUE   FROM    VALUE
                                          NORMAL
.............................................................
TEMPERATURE (F)
RECORD
 HIGH             104   07/19/1960
 LOW               30   07/03/1999
HIGHEST            94   07/30        MM      MM       99
LOWEST             38   07/05        MM      MM       36
AVG. MAXIMUM     80.5              81.4    -0.9     83.5
AVG. MINIMUM     47.5              48.0    -0.5     47.1
MEAN             64.0              64.7    -0.7
DAYS MAX >= 90      2               5.0    -3.0       10
DAYS MAX <= 32      0               0.0     0.0        0
DAYS MIN <= 32      0               0.1    -0.1        0
DAYS MIN <= 0       0               0.0     0.0        0

PRECIPITATION (INCHES)
RECORD
 MAXIMUM         6.02   1993
 MINIMUM         0.02   1953
TOTALS           1.51              1.45    0.06
DAILY AVG.       0.05              0.05    0.00     0.01
DAYS >= .01         8               7.7     0.3        4
DAYS >= .10         3               4.0    -1.0        1
DAYS >= .50         1               0.5     0.5        0
DAYS >= 1.00        1               0.1     0.9        0
GREATEST
 24 HR. TOTAL    1.03   07/16 TO 07/16              0.26
                        07/15 TO 07/16
                        07/16 TO 07/16

SNOWFALL (INCHES)
TOTALS            0.0               0.0     0.0      0.0
SINCE 7/1         0.0               0.0     0.0      0.0
DAYS >= TRACE       0               0.0     0.0        0
DAYS >= 1.0         0               0.0     0.0        0
GREATEST
 SNOW DEPTH         0   MM
 24 HR TOTAL      0.0   07/31 TO 07/31               0.0

DEGREE_DAYS
HEATING TOTAL      79                77       2
 SINCE 7/1         79                77       2
COOLING TOTAL      54                67     -13
 SINCE 1/1        101                83      18
..............................................................

WIND (MPH)
AVERAGE WIND SPEED              7.2
HIGHEST WIND SPEED/DIRECTION    31/360    DATE  07/16
HIGHEST GUST SPEED/DIRECTION    41/360    DATE  07/16

SKY COVER
POSSIBLE SUNSHINE (PERCENT)   MM
AVERAGE SKY COVER           0.30
NUMBER OF DAYS FAIR           21
NUMBER OF DAYS PC              9
NUMBER OF DAYS CLOUDY          1

AVERAGE RH (PERCENT)     63

WEATHER CONDITIONS. NUMBER OF DAYS WITH
THUNDERSTORM              0     MIXED PRECIP               0
HEAVY RAIN                0     RAIN                       1
LIGHT RAIN               13     FREEZING RAIN              0
LT FREEZING RAIN          0     HAIL                       0
HEAVY SNOW                0     SNOW                       0
LIGHT SNOW                0     SLEET                      0
FOG                       5     FOG W/VIS <= 1/4 MILE      0
HAZE                      1

-  INDICATES NEGATIVE NUMBERS.
R  INDICATES RECORD WAS SET OR TIED.
MM INDICATES DATA IS MISSING.
T  INDICATES TRACE AMOUNT.

$$
