000
CXUS53 KGRB 020904
CLMGRB


CLIMATE REPORT
NATIONAL WEATHER SERVICE GREEN BAY
403 AM CDT SUN AUG 2 2015

...................................

...THE GREEN BAY WI CLIMATE SUMMARY FOR THE MONTH OF JULY 2015...

CLIMATE NORMAL PERIOD 1981 TO 2010
CLIMATE RECORD PERIOD 1886 TO 2015

WEATHER         OBSERVED          NORMAL  DEPART  LAST YEAR`S
                 VALUE   DATE(S)  VALUE   FROM    VALUE  DATE(S)
                                          NORMAL
................................................................
TEMPERATURE (F)
RECORD
 HIGH             104   07/13/1936
 LOW               40   07/06/1965
HIGHEST            88   07/28        91      -3       91  07/22
LOWEST             47   07/02        46       1       49  07/03
AVG. MAXIMUM     81.5              79.8     1.7     78.3
AVG. MINIMUM     58.1              58.4    -0.3     56.6
MEAN             69.8              69.1     0.7     67.5
DAYS MAX >= 90      0               1.4    -1.4        1
DAYS MAX <= 32      0               0.0     0.0        0
DAYS MIN <= 32      0               0.0     0.0        0
DAYS MIN <= 0       0               0.0     0.0        0

PRECIPITATION (INCHES)
RECORD
 MAXIMUM         9.51   2010
 MINIMUM         0.70   1946
TOTALS           1.80              3.50   -1.70     1.21
DAILY AVG.       0.06              0.11   -0.05     0.04
DAYS >= .01         5              10.4    -5.4        8
DAYS >= .10         3               6.1    -3.1        4
DAYS >= .50         1               2.3    -1.3        1
DAYS >= 1.00        1               1.0     0.0        0
GREATEST
 24 HR. TOTAL    1.33   07/13 TO 07/13
                        07/12 TO 07/13
                        07/13 TO 07/13

SNOWFALL (INCHES)
RECORDS
 TOTAL            0.0   MM
TOTALS            0.0               0.0     0.0      0.0
SINCE 7/1         0.0               0.0     0.0      0.0
SNOWDEPTH AVG.      0                MM      MM        0
DAYS >= 1.0         0               0.0     0.0        0
GREATEST
 SNOW DEPTH         0   MM                             0  MM
 24 HR TOTAL      0.0   07/31 TO 07/31

DEGREE_DAYS
HEATING TOTAL      19                23      -4       15
 SINCE 7/1         19                23      -4       15
COOLING TOTAL     176               150      26       99
 SINCE 1/1        271               251      20      221
.................................................................

WIND (MPH)
AVERAGE WIND SPEED              6.6
HIGHEST WIND SPEED/DIRECTION    36/280    DATE  07/13
HIGHEST GUST SPEED/DIRECTION    48/270    DATE  07/13

SKY COVER
POSSIBLE SUNSHINE (PERCENT)   MM
AVERAGE SKY COVER           0.20
NUMBER OF DAYS FAIR           23
NUMBER OF DAYS PC              8
NUMBER OF DAYS CLOUDY          0

AVERAGE RH (PERCENT)     70

WEATHER CONDITIONS. NUMBER OF DAYS WITH
THUNDERSTORM              0     MIXED PRECIP               0
HEAVY RAIN                2     RAIN                       3
LIGHT RAIN                5     FREEZING RAIN              0
LT FREEZING RAIN          0     HAIL                       0
HEAVY SNOW                0     SNOW                       0
LIGHT SNOW                0     SLEET                      0
FOG                      21     FOG W/VIS <= 1/4 MILE      0
HAZE                     12

-  INDICATES NEGATIVE NUMBERS.
R  INDICATES RECORD WAS SET OR TIED.
MM INDICATES DATA IS MISSING.
T  INDICATES TRACE AMOUNT.

$$
