000
CXUS54 KAMA 021105 CCA
CLMGUY

CLIMATE REPORT...CORRECTED
NATIONAL WEATHER SERVICE AMARILLO TX
756 AM CDT TUE SEP 1 2015

...................................

...THE GUYMON CLIMATE SUMMARY FOR THE MONTH OF AUGUST 2015...

CLIMATE NORMAL PERIOD 1981 TO 2010
CLIMATE RECORD PERIOD 1998 TO 2015

WEATHER         OBSERVED          NORMAL  DEPART  LAST YEAR`S
                 VALUE   DATE(S)  VALUE   FROM    VALUE  DATE(S)
                                          NORMAL
................................................................
TEMPERATURE (F)
HIGHEST           102   08/06                        105  08/31
LOWEST             53   08/30                         56  08/03
AVG. MAXIMUM     89.8              91.6    -1.8     96.4
AVG. MINIMUM     64.3              64.6    -0.3     64.9
MEAN             77.0              78.1    -1.1     80.6
DAYS MAX >= 90     19              19.5    -0.5       29
DAYS MAX <= 32      0               0.0     0.0        0
DAYS MIN <= 32      0               0.0     0.0        0
DAYS MIN <= 0       0               0.0     0.0        0

PRECIPITATION (INCHES)
TOTALS           4.87              2.92    1.95     0.73
DAILY AVG.       0.16              0.09    0.07     0.02
DAYS >= .01        11                MM      MM        8
DAYS >= .10         6                MM      MM        3
DAYS >= .50         2                MM      MM        0
DAYS >= 1.00        2                MM      MM        0
GREATEST
 24 HR. TOTAL    2.32   08/01 TO 08/02

SNOWFALL (INCHES)
TOTALS            0.0                MM      MM      0.0
SINCE 7/1         0.0                MM      MM      0.0
DAYS >= TRACE       0                MM      MM
DAYS >= 1.0         0                MM      MM        0
GREATEST
 SNOW DEPTH         0   MM
 24 HR TOTAL      0.0   08/31 TO 08/31

DEGREE_DAYS
HEATING TOTAL       0                 1      -1        0
 SINCE 7/1          0                 1      -1        4
COOLING TOTAL     381               407     -26      493
 SINCE 1/1       1300              1249      51     1446
.................................................................

WIND (MPH)
AVERAGE WIND SPEED              9.0
HIGHEST WIND SPEED/DIRECTION    37/200    DATE  08/02
HIGHEST GUST SPEED/DIRECTION    47/200    DATE  08/02

SKY COVER
POSSIBLE SUNSHINE (PERCENT)   MM
NUMBER OF DAYS FAIR           29
NUMBER OF DAYS PC              2
NUMBER OF DAYS CLOUDY          0

AVERAGE RH (PERCENT)     63

WEATHER CONDITIONS. NUMBER OF DAYS WITH
THUNDERSTORM             10     MIXED PRECIP               0
HEAVY RAIN                4     RAIN                       6
LIGHT RAIN               14     FREEZING RAIN              0
LT FREEZING RAIN          0     HEAVY SNOW                 0
SNOW                      0     LIGHT SNOW                 0
SLEET                     0     FOG                        8
FOG W/VIS <= 1/4 MILE     0     HAZE                       3

-  INDICATES NEGATIVE NUMBERS.
R  INDICATES RECORD WAS SET OR TIED.
MM INDICATES DATA IS MISSING.
T  INDICATES TRACE AMOUNT.

$$
