000
CXUS54 KJAN 021236
CLMHBG


CLIMATE REPORT
NATIONAL WEATHER SERVICE JACKSON MS
735 AM CDT FRI JUN 2 2017

...................................

...THE HATTIESBURG CLIMATE SUMMARY FOR THE MONTH OF MAY 2017...

CLIMATE NORMAL PERIOD 1981 TO 2010
CLIMATE RECORD PERIOD 1948 TO 2017

WEATHER         OBSERVED          NORMAL  DEPART  LAST YEAR`S
                 VALUE   DATE(S)  VALUE   FROM    VALUE  DATE(S)
                                          NORMAL
................................................................
TEMPERATURE (F)
RECORD
 HIGH             104   05/31/1951
 LOW               38   05/04/2013
HIGHEST            91   05/27        MM      MM       95  05/30
                        05/19
LOWEST             44   05/06        MM      MM       46  05/06
AVG. MAXIMUM     82.5              85.6    -3.1     84.1
AVG. MINIMUM     60.6              61.7    -1.1     61.9
MEAN             71.5              73.7    -2.2     73.0
DAYS MAX >= 90      2               6.0    -4.0        3
DAYS MAX <= 32      0               0.0     0.0        0
DAYS MIN <= 32      0               0.0     0.0        0
DAYS MIN <= 0       0               0.0     0.0        0

PRECIPITATION (INCHES)
RECORD
 MAXIMUM        11.60   1990
 MINIMUM         0.25   1951
TOTALS           6.81              4.98    1.83     2.47
DAILY AVG.       0.22              0.16    0.06     0.08
DAYS >= .01        12                MM      MM        6
DAYS >= .10        10                MM      MM        4
DAYS >= .50         4                MM      MM        1
DAYS >= 1.00        2                MM      MM        1
GREATEST
 24 HR. TOTAL    4.42   04/30 TO 05/01              1.33

SNOWFALL (INCHES)
TOTALS            0.0
SINCE 7/1           T
DAYS >= TRACE       0
DAYS >= 1.0         0
GREATEST
 24 HR TOTAL      0.0   05/31 TO 05/31

DEGREE_DAYS
HEATING TOTAL      14                 7       7        4
 SINCE 7/1       1157              1985    -828     1383
COOLING TOTAL     226               275     -49      259
 SINCE 1/1        521               415     106      464
.................................................................

WIND (MPH)
AVERAGE WIND SPEED              5.3
HIGHEST WIND SPEED/DIRECTION    28/130    DATE  05/04
HIGHEST GUST SPEED/DIRECTION    39/360    DATE  05/28

SKY COVER
POSSIBLE SUNSHINE (PERCENT)   MM
AVERAGE SKY COVER           0.30
NUMBER OF DAYS FAIR           18
NUMBER OF DAYS PC             13
NUMBER OF DAYS CLOUDY          0

AVERAGE RH (PERCENT)     72

WEATHER CONDITIONS. NUMBER OF DAYS WITH
THUNDERSTORM              7     MIXED PRECIP               0
HEAVY RAIN               11     RAIN                      12
LIGHT RAIN               13     FREEZING RAIN              0
LT FREEZING RAIN          0     HAIL                       0
HEAVY SNOW                0     SNOW                       0
LIGHT SNOW                0     SLEET                      0
FOG                      14     FOG W/VIS <= 1/4 MILE      1
HAZE                      1

-  INDICATES NEGATIVE NUMBERS.
R  INDICATES RECORD WAS SET OR TIED.
MM INDICATES DATA IS MISSING.
T  INDICATES TRACE AMOUNT.

$$
