000
CXUS56 KPQR 011650
CLMHIO


CLIMATE REPORT
NATIONAL WEATHER SERVICE PORTLAND OREGON
950 AM PDT FRI AUG 1 2014

...................................

...THE HILLSBORO OR CLIMATE SUMMARY FOR THE MONTH OF JULY 2014...

CLIMATE NORMAL PERIOD 1981 TO 2010
CLIMATE RECORD PERIOD 1929 TO 2014

WEATHER         OBSERVED          NORMAL  DEPART  LAST YEAR`S
                 VALUE   DATE(S)  VALUE   FROM    VALUE  DATE(S)
                                          NORMAL
................................................................
TEMPERATURE (F)
HIGHEST            97                                 92  07/23
                                                          07/01
LOWEST             48                                 44  07/12
AVG. MAXIMUM     85.0              80.1     4.9     83.1
AVG. MINIMUM     54.8              51.1     3.7     50.5
MEAN             69.9              65.6     4.3     66.8
DAYS MAX >= 90     11               4.3     6.7        7
DAYS MAX <= 32      0               0.0     0.0        0
DAYS MIN <= 32      0               0.0     0.0        0
DAYS MIN <= 0       0               0.0     0.0        0

PRECIPITATION (INCHES)
RECORD
 MAXIMUM         2.81   1983
 MINIMUM         0.00   1994
                        1984
                        1967
TOTALS           0.52              0.55   -0.03        T
DAYS >= .01         4                MM      MM        0
DAYS >= .10         2                MM      MM        0
DAYS >= .50         0                MM      MM        0
DAYS >= 1.00        0                MM      MM        0
GREATEST
 24 HR. TOTAL    0.38   07/23 TO 07/24

DEGREE_DAYS
HEATING TOTAL       6                56     -50       23
 SINCE 7/1          6                56     -50       23
COOLING TOTAL     166                75      91       86
 SINCE 1/1        178               101      77      131
.................................................................

WIND (MPH)
AVERAGE WIND SPEED              5.5
RESULTANT WIND SPEED/DIRECTION   3/330
HIGHEST WIND SPEED/DIRECTION    20/330    DATE  07/29
HIGHEST GUST SPEED/DIRECTION    26/310    DATE  07/08

SKY COVER
POSSIBLE SUNSHINE (PERCENT)   MM
AVERAGE SKY COVER           0.20

AVERAGE RH (PERCENT)     60

WEATHER CONDITIONS. NUMBER OF DAYS WITH
THUNDERSTORM              0     MIXED PRECIP               0
HEAVY RAIN                0     RAIN                       1
LIGHT RAIN                3     FREEZING RAIN              0
LT FREEZING RAIN          0     HAIL                       0
HEAVY SNOW                0     SNOW                       0
LIGHT SNOW                0     SLEET                      0
FOG                       2     FOG W/VIS <= 1/4 MILE      0
HAZE                      1

-  INDICATES NEGATIVE NUMBERS.
R  INDICATES RECORD WAS SET OR TIED.
MM INDICATES DATA IS MISSING.
T  INDICATES TRACE AMOUNT.

$$
