000
CXUS56 KHNX 020105
CLMHJO


CLIMATE REPORT
NATIONAL WEATHER SERVICE SAN JOAQUIN VALLEY - HANFORD CA
605 PM PDT SAT AUG 1 2015

...................................

...THE HANFORD CA AIRPORT CLIMATE SUMMARY FOR THE MONTH OF JULY 2015...

CLIMATE NORMAL PERIOD 1981 TO 2010
CLIMATE RECORD PERIOD 1998 TO 2015

WEATHER         OBSERVED          NORMAL  DEPART  LAST YEAR`S
                 VALUE   DATE(S)  VALUE   FROM    VALUE  DATE(S)
                                          NORMAL
................................................................
TEMPERATURE (F)
RECORD
 HIGH             111   07/02/2013
                        07/25/2006
                        07/24/2006
 LOW               55   07/01/2010
                        07/23/2008
                        07/08/2003
HIGHEST           106   07/29        MM      MM      108  07/08
LOWEST             60   07/27        MM      MM       62  07/08
AVG. MAXIMUM     97.0              95.6     1.4     99.8
AVG. MINIMUM     67.0              62.8     4.2     67.1
MEAN             82.0              79.2     2.8     83.4
DAYS MAX >= 90     29              26.4     2.6       31
DAYS MIN <= 32      0               0.0     0.0        0

PRECIPITATION (INCHES)
RECORD
 MAXIMUM         0.10   2001
TOTALS           0.37R             0.02    0.35        T
DAYS >= .01         2                MM      MM        0
DAYS >= .10         1                MM      MM        0
DAYS >= .50         0                MM      MM        0
DAYS >= 1.00        0                MM      MM        0
GREATEST
 24 HR. TOTAL    0.31   07/09 TO 07/09

SNOWFALL (INCHES)
RECORDS
 TOTAL             MM   MM
TOTALS            0.0                MM

DEGREE_DAYS
HEATING TOTAL       0                 0       0        0
 SINCE 7/1          0                 0       0        0
COOLING TOTAL     536               440      96      578
 SINCE 1/1       1311               920     391     1247
.................................................................

WIND (MPH)
AVERAGE WIND SPEED              7.0
HIGHEST WIND SPEED/DIRECTION    24/150    DATE  07/18
HIGHEST GUST SPEED/DIRECTION    31/140    DATE  07/18

AVERAGE RH (PERCENT)     45

WEATHER CONDITIONS. NUMBER OF DAYS WITH
THUNDERSTORM              0     RAIN                       5
HAIL                      0     FOG                        2
FOG W/VIS <= 1/4 MILE     0     HAZE                       8

-  INDICATES NEGATIVE NUMBERS.
R  INDICATES RECORD WAS SET OR TIED.
MM INDICATES DATA IS MISSING.
T  INDICATES TRACE AMOUNT.

$$

SANGER/OCHS

WEATHER.GOV/HANFORD
