000
CXUS55 KTFX 012006
CLMHLN

CLIMATE REPORT
NATIONAL WEATHER SERVICE GREAT FALLS MT
120 PM MDT SAT NOV 1 2014

...................................

...THE HELENA MT CLIMATE SUMMARY FOR THE MONTH OF OCTOBER 2014...

CLIMATE NORMAL PERIOD 1981 TO 2010
CLIMATE RECORD PERIOD 1866 TO 2014

WEATHER         OBSERVED          NORMAL  DEPART  LAST YEAR`S
                 VALUE   DATE(S)  VALUE   FROM    VALUE  DATE(S)
                                          NORMAL
................................................................
TEMPERATURE (F)
RECORD
 HIGH              87   10/01/2001
                        10/01/1997
 LOW               -8   10/30/1991
HIGHEST            79   10/07        64      15       73  10/07
LOWEST             25   10/03        27      -2       17  10/30
AVG. MAXIMUM     65.3              58.7     6.6     55.6
AVG. MINIMUM     39.6              32.5     7.1     30.3
MEAN             52.5              45.6     6.9     43.0
DAYS MAX >= 90      0               0.0     0.0        0
DAYS MAX <= 32      0               0.6    -0.6        1
DAYS MIN <= 32      4              13.6    -9.6       20
DAYS MIN <= 0       0               0.0     0.0        0

PRECIPITATION (INCHES)
RECORD
 MAXIMUM         4.87   2005
 MINIMUM         0.01   1996
TOTALS           0.40              0.68   -0.28     0.56
DAYS >= .01         6               6.2    -0.2
DAYS >= .10         2               2.1    -0.1
DAYS >= .50         0               0.2    -0.2
DAYS >= 1.00        0               0.0     0.0
GREATEST
 24 HR. TOTAL    0.23   10/21 TO 10/21
                        10/20 TO 10/21
                        10/21 TO 10/21

SNOWFALL (INCHES)
RECORDS
 TOTAL           27.7   5
                        0
                        -26215
 24 HR TOTAL      7.4   10/24/1969 TO 10/25/1969
TOTALS              T               2.4    -2.4      2.0
SINCE 7/1           T               4.0    -4.0
SNOWDEPTH AVG.      0
DAYS >= TRACE       1               1.8    -0.8
DAYS >= 1.0         0               0.8    -0.8
GREATEST
 SNOW DEPTH         0   MM
 24 HR TOTAL        T   10/02 TO 10/02

DEGREE_DAYS
HEATING TOTAL     383               602    -219      675
 SINCE 7/1        624               908    -284      852
COOLING TOTAL       3                 0       3        0
 SINCE 1/1        469               406      63      589
.................................................................

WIND (MPH)
AVERAGE WIND SPEED              6.4
HIGHEST WIND SPEED/DIRECTION    39/280    DATE  10/15
HIGHEST GUST SPEED/DIRECTION    49/250    DATE  10/21

SKY COVER
AVERAGE SKY COVER           0.20

AVERAGE RH (PERCENT)     55

WEATHER CONDITIONS. NUMBER OF DAYS WITH
THUNDERSTORM              0     MIXED PRECIP               1
HEAVY RAIN                0     RAIN                       1
LIGHT RAIN                8     FREEZING RAIN              0
LT FREEZING RAIN          0     HAIL                       0
HEAVY SNOW                0     SNOW                       1
LIGHT SNOW                1     SLEET                      0
FOG                       3     FOG W/VIS <= 1/4 MILE      1
HAZE                      0

-  INDICATES NEGATIVE NUMBERS.
R  INDICATES RECORD WAS SET OR TIED.
MM INDICATES DATA IS MISSING.
T  INDICATES TRACE AMOUNT.

&&

A PERSISTENT RIDGE OF HIGH PRESSURE OVER THE NORTHERN ROCKIES
MAINTAINED WARMER AND DRIER THAN AVERAGE WEATHER IN HELENA DURING
OCTOBER 2014. THE MONTHLY AVERAGE TEMPERATURE OF 52.5 FAHRENHEIT WAS
THE WARMEST OF RECORD. A NEW DAILY RECORD WARM MINIMUM TEMPERATURE
OF 57 FAHRENHEIT WAS SET ON THE 6TH. A TRACE OF SNOW WAS RECORDED ON
OCTOBER 2ND...WHILE THE MINIMUM TEMPERATURE WAS AT OR BELOW FREEZING
ON JUST 4 NIGHTS COMPARED TO AN AVERAGE OF 13.6 FROSTY NIGHTS.

$$
