000
CXUS54 KHGX 011526
CLMHOU

CLIMATE REPORT
NATIONAL WEATHER SERVICE HOUSTON/GALVESTON TX
1016 AM CDT MON AUG 1 2016

...................................

...THE HOUSTON INTERCONTINENTAL CLIMATE SUMMARY FOR THE MONTH OF JULY 2016...

CLIMATE NORMAL PERIOD 1981 TO 2010
CLIMATE RECORD PERIOD 1892 TO 2016

WEATHER         OBSERVED          NORMAL  DEPART  LAST YEAR`S
                 VALUE   DATE(S)  VALUE   FROM    VALUE  DATE(S)
                                          NORMAL
................................................................
TEMPERATURE (F)
RECORD
 HIGH             105   07/26/1954
 LOW               62   07/14/1990
                        07/07/1972
HIGHEST           100   07/24        94       6      101  07/30
                        07/23
LOWEST             73   07/27        73       0       71  07/02
                                                          07/01
AVG. MAXIMUM     96.4              93.7     2.7     95.6
AVG. MINIMUM     77.8              75.1     2.7     76.5
MEAN             87.1              84.4     2.7     86.1
DAYS MAX >= 90     30              26.4     3.6       30
DAYS MAX <= 32      0               0.0     0.0        0
DAYS MIN <= 32      0               0.0     0.0        0
DAYS MIN <= 0       0               0.0     0.0        0

PRECIPITATION (INCHES)
RECORD
 MAXIMUM        14.80   1900
 MINIMUM         0.24   1944
TOTALS           1.09              3.79   -2.70     0.61
DAILY AVG.       0.04              0.12   -0.08     0.02
DAYS >= .01         6               9.1    -3.1        3
DAYS >= .10         5               5.6    -0.6        2
DAYS >= .50         0               2.2    -2.2        0
DAYS >= 1.00        0               1.2    -1.2        0

DEGREE_DAYS
HEATING TOTAL       0                 0       0        0
 SINCE 7/1          0                 0       0        0
COOLING TOTAL     693               601      92      660
 SINCE 1/1       1794              1773      21     1875
.................................................................

WIND (MPH)
AVERAGE WIND SPEED              6.5
RESULTANT WIND SPEED/DIRECTION   5/171
HIGHEST WIND SPEED/DIRECTION    28/140    DATE  07/25
HIGHEST GUST SPEED/DIRECTION    32/140    DATE  07/30

SKY COVER
AVERAGE SKY COVER           0.50

AVERAGE RH (PERCENT)     69

WEATHER CONDITIONS. NUMBER OF DAYS WITH
THUNDERSTORM             10     MIXED PRECIP               0
HEAVY RAIN                4     RAIN                       3
LIGHT RAIN               10     FREEZING RAIN              0
LT FREEZING RAIN          0     HAIL                       0
HEAVY SNOW                0     SNOW                       0
LIGHT SNOW                0     SLEET                      0
FOG                       6     FOG W/VIS <= 1/4 MILE      1
HAZE                      0

-  INDICATES NEGATIVE NUMBERS.
R  INDICATES RECORD WAS SET OR TIED.
MM INDICATES DATA IS MISSING.
T  INDICATES TRACE AMOUNT.

&&

...................................

...THE HOUSTON/HOBBY AIRPORT CLIMATE SUMMARY FOR THE MONTH OF JULY 2016...

CLIMATE NORMAL PERIOD 1981 TO 2010
CLIMATE RECORD PERIOD 1930 TO 2016

WEATHER         OBSERVED          NORMAL  DEPART  LAST YEAR`S
                 VALUE   DATE(S)  VALUE   FROM    VALUE  DATE(S)
                                          NORMAL
................................................................
TEMPERATURE (F)
RECORD
 HIGH             105   07/08/1939
 LOW               64   07/16/1967
                        07/15/1967
HIGHEST            99   07/22                        101  07/30
LOWEST             75   07/26                         71  07/02
AVG. MAXIMUM     95.0              92.1     2.9     94.9
AVG. MINIMUM     78.5              75.5     3.0     77.1
MEAN             86.8              83.8     3.0     86.0
DAYS MAX >= 90     29              24.0     5.0       30
DAYS MAX <= 32      0               0.0     0.0        0
DAYS MIN <= 32      0               0.0     0.0        0
DAYS MIN <= 0       0               0.0     0.0        0

PRECIPITATION (INCHES)
RECORD
 MAXIMUM        12.77   2010
 MINIMUM         1.26   2014
TOTALS           5.41              4.66    0.75     2.57
DAILY AVG.       0.17              0.15    0.02     0.08
DAYS >= .01         8               9.1    -1.1        5
DAYS >= .10         3               6.3    -3.3        4
DAYS >= .50         2               3.0    -1.0        1
DAYS >= 1.00        2               1.5     0.5        1

DEGREE_DAYS
HEATING TOTAL       0                 0       0        0
 SINCE 7/1          0                 0       0        0
COOLING TOTAL     683               583     100      657
 SINCE 1/1       2004              1747     257     1935
.................................................................

WIND (MPH)
AVERAGE WIND SPEED              6.3
RESULTANT WIND SPEED/DIRECTION   5/176
HIGHEST WIND SPEED/DIRECTION    28/200    DATE  07/28
HIGHEST GUST SPEED/DIRECTION   136/180    DATE  07/30

SKY COVER
AVERAGE SKY COVER           0.50

AVERAGE RH (PERCENT)     71

WEATHER CONDITIONS. NUMBER OF DAYS WITH
THUNDERSTORM             13     MIXED PRECIP               0
HEAVY RAIN                2     RAIN                       2
LIGHT RAIN               10     FREEZING RAIN              0
LT FREEZING RAIN          0     HAIL                       0
HEAVY SNOW                0     SNOW                       0
LIGHT SNOW                0     SLEET                      0
FOG                       3     FOG W/VIS <= 1/4 MILE      2
HAZE                      1

-  INDICATES NEGATIVE NUMBERS.
R  INDICATES RECORD WAS SET OR TIED.
MM INDICATES DATA IS MISSING.
T  INDICATES TRACE AMOUNT.

$$
