440
CXUS56 KSEW 022030 CCA
CLMHQM

CLIMATE REPORT...CORRECTED
NATIONAL WEATHER SERVICE SEATTLE WA
130 PM PDT TUE AUG 2 2016

...................................

...THE HOQUIAM WA AIRPORT CLIMATE SUMMARY FOR THE MONTH OF JULY 2016...

CLIMATE NORMAL PERIOD 1981 TO 2010
CLIMATE RECORD PERIOD 1953 TO 2016

WEATHER         OBSERVED          NORMAL  DEPART  LAST YEAR`S
                 VALUE   DATE(S)  VALUE   FROM    VALUE  DATE(S)
                                          NORMAL
................................................................
TEMPERATURE (F)
RECORD
 HIGH              99   07/10/2007
 LOW               35   07/03/1971
HIGHEST            73   07/24        MM      MM       87  07/18
LOWEST             51   07/24        MM      MM       50  07/28
                        07/14                             07/01
AVG. MAXIMUM     66.4              66.6    -0.2     71.4
AVG. MINIMUM     55.5              53.2     2.3     56.3
MEAN             60.9              59.9     1.0     63.9
DAYS MAX >= 90      0               0.3    -0.3        0
DAYS MAX <= 32      0               0.0     0.0        0
DAYS MIN <= 32      0               0.0     0.0        0
DAYS MIN <= 0       0               0.0     0.0        0

PRECIPITATION (INCHES)
RECORD
 MAXIMUM         4.43   1983
 MINIMUM         0.00   2009
                        1960
TOTALS           0.37              1.14   -0.77     0.38
DAILY AVG.       0.01              0.04   -0.03     0.01
DAYS >= .01         8               6.2     1.8        4
DAYS >= .10         2               2.4    -0.4        2
DAYS >= .50         0               0.7    -0.7        0
DAYS >= 1.00        0               0.1    -0.1        0
GREATEST
 24 HR. TOTAL    0.18   07/07 TO 07/08

DEGREE_DAYS
HEATING TOTAL     118               164     -46       43
COOLING TOTAL       0                 6      -6       16
 SINCE 1/1         18                 9       9       19
.................................................................

WIND (MPH)
AVERAGE WIND SPEED              8.5
HIGHEST WIND SPEED/DIRECTION    23/260    DATE  07/03
HIGHEST GUST SPEED/DIRECTION    31/260    DATE  07/03

SKY COVER
POSSIBLE SUNSHINE (PERCENT)   MM
AVERAGE SKY COVER           0.70
NUMBER OF DAYS FAIR            2
NUMBER OF DAYS PC             14
NUMBER OF DAYS CLOUDY         15

AVERAGE RH (PERCENT)     86

WEATHER CONDITIONS. NUMBER OF DAYS WITH
THUNDERSTORM              0     MIXED PRECIP               0
HEAVY RAIN                0     RAIN                       0
LIGHT RAIN               12     FREEZING RAIN              0
LT FREEZING RAIN          0     HAIL                       0
HEAVY SNOW                0     SNOW                       0
LIGHT SNOW                0     SLEET                      0
FOG                      31     FOG W/VIS <= 1/4 MILE      2
HAZE                      0

-  INDICATES NEGATIVE NUMBERS.
R  INDICATES RECORD WAS SET OR TIED.
MM INDICATES DATA IS MISSING.
T  INDICATES TRACE AMOUNT.

$$
CORRECTED # OF LIGHT RAIN DAYS DUE TO ERRONEOUS TRACES REMOVED FROM 7/30 AND 7/31
