000
CXUS44 KBRO 011011
CLMHRL


CLIMATE REPORT
NATIONAL WEATHER SERVICE BROWNSVILLE TX
457 AM CDT MON JUN 1 2015

...................................

...THE HARLINGEN CLIMATE SUMMARY FOR THE MONTH OF MAY 2015...

CLIMATE NORMAL PERIOD 1981 TO 2010
CLIMATE RECORD PERIOD 1912 TO 2015

WEATHER         OBSERVED          NORMAL  DEPART  LAST YEAR`S
                 VALUE   DATE(S)  VALUE   FROM    VALUE  DATE(S)
                                          NORMAL
................................................................
TEMPERATURE (F)
HIGHEST            94   05/09        96      -2       96  05/31
                        05/08                             05/30
LOWEST             59   05/02        59       0       52  05/16
                        05/01
AVG. MAXIMUM     89.6              90.5    -0.9     89.0
AVG. MINIMUM     73.8              70.9     2.9     67.2
MEAN             81.7              80.7     1.0     78.1
DAYS MAX >= 90     18              18.8    -0.8       18
DAYS MAX <= 32      0               0.0     0.0        0
DAYS MIN <= 32      0               0.0     0.0        0
DAYS MIN <= 0       0               0.0     0.0        0

PRECIPITATION (INCHES)
TOTALS           2.79              2.49    0.30     1.89
DAILY AVG.       0.10              0.08    0.02     0.06
DAYS >= .01         5                MM      MM        4
DAYS >= .10         2                MM      MM
DAYS >= .50         2                MM      MM
DAYS >= 1.00        2                MM      MM
GREATEST
 24 HR. TOTAL    1.61   05/24 TO 05/24

DEGREE_DAYS
HEATING TOTAL       0                 0       0        0
 SINCE 7/1        767               622     145      930
COOLING TOTAL     525               487      38      414
 SINCE 1/1       1084              1101     -17      936
..................................................

WIND (MPH)
AVERAGE WIND SPEED              13.6
HIGHEST WIND SPEED/DIRECTION    43/290    DATE  05/24
HIGHEST GUST SPEED/DIRECTION    51/290    DATE  05/24

SKY COVER
POSSIBLE SUNSHINE (PERCENT)   MM
AVERAGE SKY COVER           0.50
NUMBER OF DAYS FAIR            6
NUMBER OF DAYS PC             20
NUMBER OF DAYS CLOUDY          5

AVERAGE RH (PERCENT)     77

WEATHER CONDITIONS. NUMBER OF DAYS WITH
THUNDERSTORM              0     MIXED PRECIP               0
HEAVY RAIN                3     RAIN                       4
LIGHT RAIN               14     FREEZING RAIN              0
LT FREEZING RAIN          0     HAIL                       0
HEAVY SNOW                0     SNOW                       0
LIGHT SNOW                0     SLEET                      0
FOG                      21     FOG W/VIS <= 1/4 MILE      2
HAZE                      5

-  INDICATES NEGATIVE NUMBERS.
R  INDICATES RECORD WAS SET OR TIED.
MM INDICATES DATA IS MISSING.
T  INDICATES TRACE AMOUNT.

$$
