000
CXUS53 KGID 061915
CLMHSI

CLIMATE REPORT...UPDATED
NATIONAL WEATHER SERVICE HASTINGS NE
114 PM CST MON FEB 2 2015

UPDATED TO INCLUDE MONTHLY DETAILS/NARRATIVE AT BOTTOM

...................................

...THE HASTINGS NE CLIMATE SUMMARY FOR THE MONTH OF JANUARY 2015...

CLIMATE NORMAL PERIOD 1981 TO 2010
CLIMATE RECORD PERIOD 1894 TO 2015

WEATHER         OBSERVED          NORMAL  DEPART  LAST YEAR`S
                 VALUE   DATE(S)  VALUE   FROM    VALUE  DATE(S)
                                          NORMAL
................................................................
TEMPERATURE (F)
RECORD
 HIGH              76   01/11/1990
 LOW              -30   01/12/1912
HIGHEST            69   01/28        61       8       67  01/19
LOWEST             -2   01/04       -10       8       -6  01/05
AVG. MAXIMUM     41.7              36.0     5.7     39.0
AVG. MINIMUM     16.3              16.0     0.3     12.8
MEAN             29.0              26.0     3.0     25.9
DAYS MAX >= 90      0               0.0     0.0        0
DAYS MAX <= 32      8              11.7    -3.7        9
DAYS MIN <= 32     31              29.8     1.2       29
DAYS MIN <= 0       1               3.7    -2.7        3

PRECIPITATION (INCHES)
RECORD
 MAXIMUM         3.23   1960
 MINIMUM         0.00   1986
                        1943
                        1935
TOTALS           0.77              0.41    0.36     0.37
DAILY AVG.       0.02              0.01    0.01     0.01
DAYS >= .01         2                MM      MM        4
DAYS >= .10         1                MM      MM        2
DAYS >= .50         1                MM      MM        0
DAYS >= 1.00        0                MM      MM        0
GREATEST
 24 HR. TOTAL    0.70   01/31 TO 01/31

SNOWFALL (INCHES)
RECORDS
 TOTAL           22.0   1932
TOTALS            5.7               6.0    -0.3      5.4
SINCE 7/1        10.8              15.9    -5.1     10.8
SNOWDEPTH AVG.      0                MM      MM        0
DAYS >= 1.0         2                MM      MM        2
GREATEST
 SNOW DEPTH         2   01/01                          1  01/31
                                                          01/09
                                                          01/03

DEGREE_DAYS
HEATING TOTAL    1109              1209    -100     1204
 SINCE 7/1       3521              3649    -128     3722
COOLING TOTAL       0                 0       0        0
 SINCE 1/1          0                 0       0        0
.................................................................

WIND (MPH)
AVERAGE WIND SPEED              11.0
HIGHEST WIND SPEED/DIRECTION    41/340    DATE  01/29
HIGHEST GUST SPEED/DIRECTION    50/320    DATE  01/29

SKY COVER
POSSIBLE SUNSHINE (PERCENT)   MM
AVERAGE SKY COVER           0.20
NUMBER OF DAYS FAIR           23
NUMBER OF DAYS PC              6
NUMBER OF DAYS CLOUDY          2

AVERAGE RH (PERCENT)     62

WEATHER CONDITIONS. NUMBER OF DAYS WITH
THUNDERSTORM              0     MIXED PRECIP               0
HEAVY RAIN                0     RAIN                       0
LIGHT RAIN                4     FREEZING RAIN              0
LT FREEZING RAIN          0     HAIL                       0
HEAVY SNOW                0     SNOW                       0
LIGHT SNOW                6     SLEET                      0
FOG                       4     FOG W/VIS <= 1/4 MILE      0
HAZE                      1

-  INDICATES NEGATIVE NUMBERS.
R  INDICATES RECORD WAS SET OR TIED.
MM INDICATES DATA IS MISSING.
T  INDICATES TRACE AMOUNT.

&&

...JANUARY 2015 TOTALS/EXTREMES FOR HASTINGS MUNICIPAL AIRPORT...

(NOTE: TEMPERATURE RECORDS AT HASTINGS ARE BASED ON NWS COOPERATIVE
OBSERVER REPORTS BETWEEN 1907 AND JUNE 1996...WITH RECORDS SINCE
JULY 1996 FROM THE AUTOMATED SENSOR (ASOS) AT HASTINGS MUNICIPAL
AIRPORT. PRECIPITATION RECORDS AT HASTINGS ARE BASED ON COOPERATIVE
OBSERVER REPORTS BETWEEN 1895 AND MARCH 1998...WITH RECORDS SINCE
APRIL 1998 PRIMARILY FROM THE AUTOMATED AIRPORT GAUGE.)

...TEMPERATURES

1 DAILY TEMPERATURE RECORD TIED DURING JAN. 2015:
- JAN. 28: TIED RECORD HIGH OF 69 DEGREES (PREVIOUS IN 1931)

AVERAGE HIGH TEMPERATURE:     41.7 DEGREES (5.7 ABOVE NORMAL)
AVERAGE LOW TEMPERATURE:      16.3 DEGREES (0.3 ABOVE NORMAL)
AVERAGE MEAN TEMPERATURE:     29.0 DEGREES (3.0 ABOVE NORMAL)

WARMEST HIGH TEMPERATURE:      69 DEGREES ON THE 28TH
COLDEST HIGH TEMPERATURE:      11 DEGREES ON THE 4TH

COLDEST LOW TEMPERATURE:       -2 DEGREES ON THE 4TH
WARMEST LOW TEMPERATURE:       31 DEGREES ON THE 17TH, 31ST

WARMEST 2-DAY STRETCH BASED
ON AVERAGE HIGH TEMPERATURE:   67.5 DEGREES FROM THE 27TH-28TH

COLDEST 2-DAY STRETCH BASED
ON AVERAGE HIGH TEMPERATURE:   18.5 DEGREES FROM THE 4TH-5TH

WARMEST WEEK BASED
ON AVERAGE MEAN TEMPERATURE:   40.5 DEGREES FROM THE 23RD-29TH
                                                 AND 22ND-28TH
COLDEST WEEK BASED
ON AVERAGE MEAN TEMPERATURE:   14.6 DEGREES FROM THE 3RD-9TH

WARMEST WEEK BASED
ON AVERAGE HIGH TEMPERATURE:   56.7 DEGREES FROM THE 23RD-29TH

COLDEST WEEK BASED
ON AVERAGE HIGH TEMPERATURE:   25.0 DEGREES FROM THE 1ST-7TH

COLDEST WEEK BASED
ON AVERAGE LOW TEMPERATURE:     4.0 DEGREES FROM THE 3RD-9TH


...PRECIPITATION/SNOWFALL

1 DAILY PRECIPITATION RECORD WAS SET DURING JAN. 2015:
- JAN. 31: RECORD PRECIP OF 0.70 INCHES (PREVIOUS 0.65 IN 1908)

TOTAL MONTHLY PRECIPITATION: 0.77 INCHES (0.36 ABOVE NORMAL)
TOTAL MONTHLY SNOWFALL:       5.7 INCHES (0.3 BELOW NORMAL)

NUMBER OF DAYS WITH MEASURABLE PRECIPITATION (0.01 OR MORE): 2

HIGHEST CALENDAR DAY PRECIPITATION:  0.70 INCHES ON THE 31ST

HIGHEST CALENDAR DAY SNOWFALL:        4.5 INCHES ON THE 31ST

DEEPEST 6 AM SNOW DEPTH:              2 INCHES ON THE 1ST


PRECIPITATION TOTALS AND DEPARTURES
FROM NORMAL FOR THE PAST 12 MONTHS:

MONTH          PRECIP.  DEPARTURE

FEB  2014       0.34      -0.15
MAR  2014       0.15      -1.64
APR  2014       3.93      +1.37
MAY  2014       2.15      -2.42
JUN  2014       8.69      +4.89
JUL  2014       1.48      -2.26
AUG  2014       7.79      +4.49
SEP  2014       1.78      -0.78
OCT  2014       1.76      -0.23
NOV  2014       0.23      -1.06
DEC  2014       0.54      -0.07
JAN  2015       0.77      +0.36

12-MONTH TOTAL  29.61    +2.50


...OTHER WEATHER ELEMENTS

HIGHEST WIND GUST: 50 MPH FROM THE NORTHWEST ON THE 29TH
(OCCURRED AT 113 AM IN THE WAKE OF A COLD FRONT)

HIGHEST SURFACE PRESSURE (INCHES/MERCURY): 31.18 ON THE 7TH
LOWEST SURFACE PRESSURE (INCHES/MERCURY):  29.69 ON THE 17TH

&&

...JANUARY 2015 NARRATIVE FOR HASTINGS MUNICIPAL AIRPORT...

ALTHOUGH THE MONTH AS A WHOLE AVERAGED A FEW DEGREES ABOVE NORMAL
AND PRECIPITATION FELL JUST SHORT OF NORMAL...THE TWO MOST MEMORABLE
WEATHER ASPECTS OF THE MONTH WERE:

1) A MAJOR TEMPERATURE TURN-AROUND: FOLLOWING 13 CONSECUTIVE DAYS OF
BELOW NORMAL COLD TO START THE MONTH...THINGS CHANGED IN A MAJOR WAY
AS THE FINAL 17 DAYS OF THE MONTH ALL FEATURED ABOVE NORMAL
TEMPS...INCLUDING A PARTICULARLY MILD 3-DAY STRETCH FROM THE 26TH-
28TH.

2) BONE-DRY UNTIL THE VERY LAST DAY: RIGHT UP UNTIL THE
31ST...HASTINGS WAS STARING AT THE 9TH-DRIEST JANUARY ON RECORD (OUT
OF 119) WITH A MEASLY TOTAL OF ONLY 0.07 INCHES. THEN AT THE "LAST
MINUTE" ON THE 31ST...A SIGNIFICANT STORM SYSTEM ENDED THE MONTH ON
A RAINY THEN SNOWY NOTE...WITH THE DAILY PRECIPITATION TOTAL OF 0.70
INCHES BLOWING AWAY ANY NOTION OF HASTINGS HAVING ONE OF THE DRIEST
MONTHS OF JANUARY ON RECORD. IN FACT...IT ENDED UP BEING THE 30TH-
WETTEST ON RECORD.

FOCUSING ON TEMPERATURES IN MORE DETAIL...THE OVERALL AVERAGE
MONTHLY TEMPERATURE (RESULTING FROM AVERAGING BOTH THE HIGHS AND
LOWS) WAS 29.0 DEGREES...WHICH WAS 3.0 DEGREES ABOVE NORMAL. THE
MAJORITY OF THE ABOVE NORMAL AVERAGE STEMMED FROM DAILY
HIGHS...WHICH AVERAGED A FAIRLY SIGNIFICANT 5.7 DEGREES ABOVE NORMAL.
AS OUTLINED ABOVE...IT WAS A UNIQUE MONTH WITH EACH OF THE FIRST 13
DAYS AVERAGING BELOW NORMAL AND EACH OF THE LAST 17 DAYS ABOVE
NORMAL...WITH A SINGLE TRANSITION DAY IN BETWEEN (ON THE 14TH) THAT
EQUALED ITS DAILY AVERAGE. STARTING WITH THE EARLY-MONTH COLD
SNAP...COUNTING THE FINAL FIVE DAYS OF DECEMBER THIS ACTUALLY ENDED
UP BEING AN IMPRESSIVE 18-DAY STRETCH OF BELOW NORMAL TEMPERATURES.
MORE SPECIFICALLY...THE AVERAGE DAILY TEMPERATURE FROM DEC. 27-JAN.
14 WAS ONLY 15.5 DEGREES...MARKING THE COLDEST STRETCH OF WEATHER
BETWEEN THOSE PARTICULAR DATES IN FIVE YEARS. DURING THIS FIRST PART
OF JANUARY...THE OVERALL-COLDEST WEEK WAS CENTERED FROM THE 3RD-
9TH...DURING WHICH HIGH TEMPERATURES ON FIVE OF THE SEVEN DAYS
FAILED TO EXCEED 26 DEGREES. THIS INCLUDED THE OVERALL-COLDEST DAY
OF THE MONTH ON THE 4TH...WITH A HIGH OF ONLY 11 AND A LOW OF -2.
ONCE THE TEMPERATURE PATTERN CHANGED...IT DID SO IN A MAJOR WAY AS
11 OF THE LAST 17 DAYS REACHED AT LEAST 50 DEGREES...AND A
REMARKABLE THREE-DAY STRETCH FROM THE 26TH-28TH FEATURED HIGHS
BETWEEN 65-69 DEGREES...WITH THE HIGH OF 69 ON THE 28TH TYING A
DAILY RECORD. MORE IMPRESSIVELY...THE THREE-DAY AVERAGE HIGH
TEMPERATURE OF 66.7 DEGREES MARKED THE SECOND-WARMEST THREE-DAY
STRETCH OF JANUARY HIGH TEMPERATURES ON RECORD...TRAILING ONLY A
68.3 AVERAGE FROM JAN. 22-24, 1981 (34 YEARS AGO). THE MOST EXTREME
DAY-TO-DAY CHANGE IN HIGH TEMPERATURES DURING THE MONTH WAS A 30-
DEGREE WARM-UP FROM 13 TO 43 DEGREES FROM THE 7TH TO 8TH.

TURNING TO JANUARY PRECIPITATION...THE TOTAL OF 0.77 INCHES AT
HASTINGS MUNICIPAL AIRPORT WAS 0.36 INCHES ABOVE THE 30-YEAR NORMAL
OF 0.41 INCHES...AND ACTUALLY MARKED THE WETTEST JANUARY SINCE 2011
(1.00 INCHES). AS OUTLINED ABOVE...THE VAST MAJORITY OF MONTHLY
PRECIPITATION FELL ON THE VERY LAST DAY AS RAIN TRANSITIONED TO 4.5
INCHES OF SNOW...EQUATING TO 0.70 INCHES OF TOTAL DAILY
PRECIPITATION AND SETTING A NEW DAILY RECORD FOR THE 31ST (NOTE:
COUNTING THE PRECIPITATION THAT CONTINUED INTO FEB. 1ST THE STORM-
TOTAL PRECIPITATION WAS 0.80 INCHES AND 6.4 INCHES OF SNOW). PRIOR
TO THE 31ST...THE ONLY MEASURABLE LIQUID-EQUIVALENT OF THE MONTH WAS
0.07 INCHES ON THE 3RD. AS FOR SNOWFALL...THE MONTHLY TOTAL OF 5.7
INCHES FELL MERELY 0.3 INCHES SHORT OF THE 30-YEAR NORMAL OF 6.0
INCHES. THROUGH THE END OF JANUARY...TOTAL SNOWFALL FOR THE 2014-15
SEASON STOOD AT 10.8 INCHES...WHICH WAS 5.1 INCHES BELOW THE 30-YEAR
NORMAL.

NO THUNDERSTORMS AFFECTED HASTINGS DURING THE MONTH. AS FOR DAY-TO-
DAY WIND...ALTHOUGH THERE WAS PLENTY OF TYPICAL JANUARY BREEZE IT
WAS NOT AN OVERLY-WINDY MONTH. IN STARK CONTRAST TO LAST YEAR THERE
WERE NO SEVERELY-WINDY DAYS. ONLY ONE DAY FEATURED PEAK
NORTHWESTERLY WIND GUST AS HIGH AS 50 MPH...WHICH OCCURRED DURING
THE PRE-DAWN OF THE 29TH. IN TOTAL...NINE JANUARY DAYS FEATURED PEAK
NORTHWESTERLY GUSTS OF AT LEAST 40 MPH.

$$

PFANNKUCH
