000
CXUS51 KCAR 010848
CLMHUL


CLIMATE REPORT
NATIONAL WEATHER SERVICE CARIBOU, ME
446 AM EDT SAT APR 1 2017

...................................

...THE HOULTON ME CLIMATE SUMMARY FOR THE MONTH OF MARCH 2017...

CLIMATE NORMAL PERIOD 1981 TO 2010
CLIMATE RECORD PERIOD 1948 TO 2017

WEATHER         OBSERVED          NORMAL  DEPART  LAST YEAR`S
                 VALUE   DATE(S)  VALUE   FROM    VALUE  DATE(S)
                                          NORMAL
................................................................
TEMPERATURE (F)
RECORD
 HIGH              79   03/22/2012
                        03/21/2012
                        05/22/1911
 LOW              -31   03/02/2001
HIGHEST            46   03/01        MM      MM       50  03/31
                                                          03/09
LOWEST             -7   03/11        MM      MM       -6  03/04
AVG. MAXIMUM     30.7              36.1    -5.4     36.0
AVG. MINIMUM     10.4              15.0    -4.6     17.7
MEAN             20.5              25.6    -5.1     26.9
DAYS MAX >= 90      0               0.0     0.0        0
DAYS MAX <= 32     16               9.1     6.9       10
DAYS MIN <= 32     29              28.8     0.2       30
DAYS MIN <= 0       7               4.6     2.4        2

PRECIPITATION (INCHES)
RECORD
 MAXIMUM           MM   MM
 MINIMUM           MM   MM
TOTALS           1.53                     -1.06
DAILY AVG.       0.05              0.08   -0.03     0.13
DAYS >= .01         8              11.5    -3.5       14
DAYS >= .10         5               6.5    -1.5       10
DAYS >= .50         0               1.5    -1.5        3
DAYS >= 1.00        0               0.4    -0.4        1
GREATEST
 24 HR. TOTAL    0.46   03/14 TO 03/14           03/28 TO 03/29
                                                          03/29 TO 03/29
                                                          03/29 TO 03/29

SNOWFALL (INCHES)
RECORDS
 TOTAL             MM   MM
TOTALS             MM              17.8      MM       MM
SINCE 7/1          MM              83.4      MM       MM
SNOWDEPTH AVG.     MM                12      MM       MM
DAYS >= 1.0         0               4.3    -4.3        0
GREATEST
 SNOW DEPTH        MM                                 MM  MM
 24 HR TOTAL       MM                                 MM

DEGREE_DAYS
HEATING TOTAL    1328              1223     105
..........................................................

WIND (MPH)
AVERAGE WIND SPEED              8.9
HIGHEST WIND SPEED/DIRECTION    32/060    DATE  03/14
HIGHEST GUST SPEED/DIRECTION    46/060    DATE  03/14

SKY COVER
POSSIBLE SUNSHINE (PERCENT)   MM
AVERAGE SKY COVER           0.50
NUMBER OF DAYS FAIR           14
NUMBER OF DAYS PC             10
NUMBER OF DAYS CLOUDY          7

AVERAGE RH (PERCENT)     65

WEATHER CONDITIONS. NUMBER OF DAYS WITH
THUNDERSTORM              0     MIXED PRECIP               0
HEAVY RAIN                0     RAIN                       3
LIGHT RAIN                3     FREEZING RAIN              0
LT FREEZING RAIN          3     HAIL                       0
HEAVY SNOW                1     SNOW                       4
LIGHT SNOW               10     SLEET                      0
FOG                      11     FOG W/VIS <= 1/4 MILE      2
HAZE                      5

-  INDICATES NEGATIVE NUMBERS.
R  INDICATES RECORD WAS SET OR TIED.
MM INDICATES DATA IS MISSING.
T  INDICATES TRACE AMOUNT.

$$
