000
CXUS55 KTFX 011659
CLMHVR


CLIMATE REPORT
NATIONAL WEATHER SERVICE GREAT FALLS MT
931 AM MST SUN FEB 1 2015

...................................

...THE HAVRE MT CLIMATE SUMMARY FOR THE MONTH OF JANUARY 2015...

CLIMATE NORMAL PERIOD 1981 TO 2010
CLIMATE RECORD PERIOD 1880 TO 2015

WEATHER         OBSERVED          NORMAL  DEPART  LAST YEAR`S
                 VALUE   DATE(S)  VALUE   FROM    VALUE
                                          NORMAL
.............................................................
TEMPERATURE (F)
RECORD
 HIGH              68   01/31/1992
 LOW              -57   01/27/1916
HIGHEST            60   01/27        28      32       54
LOWEST            -22   01/09         3     -25      -18
AVG. MAXIMUM     30.6              28.8     1.8     36.0
AVG. MINIMUM     11.4               7.2     4.2     13.8
MEAN             21.0              18.0     3.0     24.9
DAYS MAX >= 90      0               0.0     0.0        0
DAYS MAX <= 32     13              14.6    -1.6       10
DAYS MIN <= 32     29              29.2    -0.2       28
DAYS MIN <= 0      10              10.0     0.0        5

PRECIPITATION (INCHES)
RECORD
 MAXIMUM           MM   MM
 MINIMUM           MM   MM
TOTALS           1.30              0.33    0.97     0.42
DAYS >= .01        10               6.0     4.0
DAYS >= .10         5               1.1     3.9
DAYS >= .50         0               0.0     0.0
DAYS >= 1.00        0               0.0     0.0
GREATEST
 24 HR. TOTAL    0.43   01/06 TO 01/06
                        01/05 TO 01/06
                        01/06 TO 01/06

SNOWFALL (INCHES)
RECORDS
 TOTAL             MM   5
 24 HR TOTAL       MM
 SNOW DEPTH        19   01/10/2009
                        01/09/2009
TOTALS           10.7               7.1     3.6      7.2
SNOWDEPTH AVG.      4
DAYS >= TRACE      11               6.8     4.2
DAYS >= 1.0         5               2.3     2.7
GREATEST
 SNOW DEPTH         9   01/13                          5
                        01/12
                        01/11
 24 HR TOTAL      2.5   01/06 TO 01/06

DEGREE_DAYS
HEATING TOTAL    1359              1457     -98     1235
 SINCE 7/1       4549              4923    -374     4778
COOLING TOTAL       0                 0       0        0
 SINCE 1/1          0                 0       0        0
..............................................................

WIND (MPH)
AVERAGE WIND SPEED              12.2
HIGHEST WIND SPEED/DIRECTION    36/210    DATE  01/24
HIGHEST GUST SPEED/DIRECTION    44/220    DATE  01/24

SKY COVER
AVERAGE SKY COVER           0.40

AVERAGE RH (PERCENT)     75

WEATHER CONDITIONS. NUMBER OF DAYS WITH
THUNDERSTORM              0     MIXED PRECIP               0
HEAVY RAIN                0     RAIN                       0
LIGHT RAIN                3     FREEZING RAIN              0
LT FREEZING RAIN          1     HAIL                       0
HEAVY SNOW                0     SNOW                       1
LIGHT SNOW               11     SLEET                      0
FOG                      12     FOG W/VIS <= 1/4 MILE      2
HAZE                      9

-  INDICATES NEGATIVE NUMBERS.
R  INDICATES RECORD WAS SET OR TIED.
MM INDICATES DATA IS MISSING.
T  INDICATES TRACE AMOUNT.

&&

SUMMARY...HAVRE WAS 3.0 DEGREES WARMER THAN AVERAGE AND
RECORDED THE 11TH HIGHEST MONTHLY TOTAL PRECIPITATION DURING
JANUARY. THESE AVERAGES OBSCURE LARGE DEPARTURES FROM NORMAL THAT
OCCURRED THROUGHOUT THE MONTH. A LARGE SCALE RIDGE OVER THE PACIFIC
NORTHWEST ESTABLISHED A NORTHWEST FLOW OVER MONTANA THROUGH THE
FIRST THIRD OF THE MONTH. THIS PATTERN MAINTAINED COLD AND SNOWY
CONDITIONS THROUGH THE PERIOD. 0.24 INCHES PRECIPITATION ON THE 5TH
SET A NEW DAILY RECORD. SNOW DEPTH IN HAVRE REACHED UP TO 9 INCHES.
THE RIDGE BROKE DOWN THROUGH THE MIDDLE OF JANUARY WITH WARMER THAN
AVERAGE TEMPERATURES. THE UPPER LEVEL RIDGE STRENGTHENED AGAIN OVER
THE INTERIOR WEST...PUSHING TEMPERATURES WELL ABOVE AVERAGE. HIGH
TEMPERATURES OF 54 DEGREES ON THE 26TH AND 60 DEGREES ON THE 27TH
SET NEW DAILY RECORDS.

$$
