000
CXUS52 KILM 021137
CLMILM


CLIMATE REPORT
NATIONAL WEATHER SERVICE WILMINGTON NC
734 AM EDT WED AUG 2 2017

...................................

...THE WILMINGTON NC CLIMATE SUMMARY FOR THE MONTH OF JULY 2017...

CLIMATE NORMAL PERIOD 1981 TO 2010
CLIMATE RECORD PERIOD 1871 TO 2017

WEATHER         OBSERVED          NORMAL  DEPART  LAST YEAR`S
                 VALUE   DATE(S)  VALUE   FROM    VALUE  DATE(S)
                                          NORMAL
................................................................
TEMPERATURE (F)
RECORD
 HIGH             103   07/12/1879
 LOW               54   07/01/1919
HIGHEST            97   07/07                         98  07/27
LOWEST             60   07/31                         70  07/22
                                                          07/20
                                                          07/19
AVG. MAXIMUM     90.2              89.7     0.5     92.6
AVG. MINIMUM     73.7              72.6     1.1     74.8
MEAN             82.0              81.1     0.9     83.7
DAYS MAX >= 90     19              14.9     4.1       25
DAYS MAX <= 32      0               0.0     0.0        0
DAYS MIN <= 32      0               0.0     0.0        0
DAYS MIN <= 0       0               0.0     0.0        0

PRECIPITATION (INCHES)
RECORD
 MAXIMUM        21.12   1886
 MINIMUM         1.08   1900
TOTALS           6.59              7.48   -0.89     4.71
DAILY AVG.       0.21              0.24   -0.03     0.15
DAYS >= .01        13              16.4    -3.4       18
DAYS >= .10         9               9.5    -0.5        7
DAYS >= .50         5               4.5     0.5        2
DAYS >= 1.00        3               2.2     0.8        2
GREATEST
 24 HR. TOTAL    1.49   07/17 TO 07/18

SNOWFALL (INCHES)
RECORDS
 TOTAL             MM   MM
 24 HR TOTAL       MM
TOTALS            0.0               0.0     0.0      0.0
SINCE 7/1         0.0               0.0     0.0      0.0
DAYS >= TRACE       0               0.0     0.0        0
DAYS >= 1.0         0               0.0     0.0        0
GREATEST
 SNOW DEPTH         0   MM                             0  MM
 24 HR TOTAL      0.0   07/31 TO 07/31

DEGREE_DAYS
HEATING TOTAL       0                 0       0        0
COOLING TOTAL     537               501      36      587
..................................................

WIND (MPH)
AVERAGE WIND SPEED              7.8
RESULTANT WIND SPEED/DIRECTION   5/219
HIGHEST WIND SPEED/DIRECTION    36/290    DATE  07/15
HIGHEST GUST SPEED/DIRECTION    42/290    DATE  07/15

SKY COVER
POSSIBLE SUNSHINE (PERCENT)   MM
AVERAGE SKY COVER           0.20
NUMBER OF DAYS FAIR           22
NUMBER OF DAYS PC              9
NUMBER OF DAYS CLOUDY          0

AVERAGE RH (PERCENT)     77

WEATHER CONDITIONS. NUMBER OF DAYS WITH
THUNDERSTORM             16     MIXED PRECIP               0
HEAVY RAIN                8     RAIN                       9
LIGHT RAIN               15     FREEZING RAIN              0
LT FREEZING RAIN          0     HAIL                       0
HEAVY SNOW                0     SNOW                       0
LIGHT SNOW                0     SLEET                      0
FOG                      11     FOG W/VIS <= 1/4 MILE      0
HAZE                      1

-  INDICATES NEGATIVE NUMBERS.
R  INDICATES RECORD WAS SET OR TIED.
MM INDICATES DATA IS MISSING.
T  INDICATES TRACE AMOUNT.

$$
