000
CXUS53 KDVN 032055 CCA
CLMIOW

CLIMATE REPORT...RESEND
NATIONAL WEATHER SERVICE QUAD CITIES IA IL
429 AM CST SUN MAR 1 2015

...................................

...THE IOWA CITY IA CLIMATE SUMMARY FOR THE MONTH OF FEBRUARY 2015...

CLIMATE NORMAL PERIOD 1981 TO 2010
CLIMATE RECORD PERIOD 9999 TO 9999

WEATHER         OBSERVED          NORMAL  DEPART
                 VALUE   DATE(S)  VALUE   FROM
                                          NORMAL
................................................
TEMPERATURE (F)
HIGHEST            43   02/07        40       3
LOWEST            -14   02/27        15     -29
AVG. MAXIMUM     23.5              34.3   -10.8
AVG. MINIMUM      4.5              18.3   -13.8
MEAN             14.0              26.3   -12.3
DAYS MAX >= 90      0
DAYS MAX <= 32     22
DAYS MIN <= 32     28
DAYS MIN <= 0      10

PRECIPITATION (INCHES)
TOTALS           0.69              1.24   -0.55
DAILY AVG.       0.02              0.04   -0.02
DAYS >= .01         2
DAYS >= .10         2
DAYS >= .50         0
DAYS >= 1.00        0
GREATEST
 24 HR. TOTAL    0.83   01/31 TO 02/01

DEGREE_DAYS
HEATING TOTAL    1422              1083     339
 SINCE 7/1       5365              4950     415
COOLING TOTAL       0                 0       0
 SINCE 1/1          0                 0       0
.................................................

WIND (MPH)
AVERAGE WIND SPEED              9.2
HIGHEST WIND SPEED/DIRECTION    37/340    DATE  02/14
HIGHEST GUST SPEED/DIRECTION    50/320    DATE  02/11

SKY COVER
POSSIBLE SUNSHINE (PERCENT)   MM
AVERAGE SKY COVER           0.40
NUMBER OF DAYS FAIR           12
NUMBER OF DAYS PC             10
NUMBER OF DAYS CLOUDY          6

AVERAGE RH (PERCENT)     73

WEATHER CONDITIONS. NUMBER OF DAYS WITH
THUNDERSTORM              0     HAIL                       0
SLEET                     0     FOG                       15
FOG W/VIS <= 1/4 MILE     4     HAZE                       9

-  INDICATES NEGATIVE NUMBERS.
R  INDICATES RECORD WAS SET OR TIED.
MM INDICATES DATA IS MISSING.
T  INDICATES TRACE AMOUNT.

$$
===================================================================

NOTE: SUPPLEMENTAL CLIMATE DATA WAS USED FROM A NEARBY
CLIMATOLOGICALLY REPRESENTATIVE STATION.

===================================================================

PARAMETER   DATE
---------   ----
   WTR      02/25
