527
CXUS51 KCTP 010750
CLMIPT

PHLCLMIPT 000
TTAA00 KCTP 010748


CLIMATE REPORT
NATIONAL WEATHER SERVICE STATE COLLEGE PA
350 AM EDT FRI JUL 1 2016

...................................

...THE WILLIAMSPORT PA CLIMATE SUMMARY FOR THE MONTH OF JUNE 2016...

CLIMATE NORMAL PERIOD 1981 TO 2010
CLIMATE RECORD PERIOD 1895 TO 2016

WEATHER         OBSERVED          NORMAL  DEPART  LAST YEAR`S
                 VALUE   DATE(S)  VALUE   FROM    VALUE  DATE(S)
                                          NORMAL
................................................................
TEMPERATURE (F)
RECORD
 HIGH             104   06/05/1925
 LOW               36   06/03/1986
                        06/01/1907
HIGHEST            93   06/11                         90  06/11
LOWEST             48   06/09                         46  06/07
AVG. MAXIMUM     81.8              79.7     2.1     79.5
AVG. MINIMUM     58.5              57.6     0.9     60.1
MEAN             70.2              68.6     1.6     69.8
DAYS MAX >= 90      3               2.2     0.8        1
DAYS MAX <= 32      0               0.0     0.0        0
DAYS MIN <= 32      0               0.0     0.0        0
DAYS MIN <= 0       0               0.0     0.0        0

PRECIPITATION (INCHES)
RECORD
 MAXIMUM        16.80   1972
 MINIMUM         0.66   1966
TOTALS           4.45              3.92    0.53     7.81
DAILY AVG.       0.15              0.13    0.02     0.26
DAYS >= .01        12              11.9     0.1       18
DAYS >= .10         7               7.8    -0.8       14
DAYS >= .50         2               2.6    -0.6        7
DAYS >= 1.00        1               0.9     0.1        1
GREATEST
 24 HR. TOTAL    2.59   06/28 TO 06/28

SNOWFALL (INCHES)
RECORDS
 TOTAL            0.0   MM
TOTALS            0.0               0.0     0.0      0.0
SINCE 7/1         7.7              36.0   -28.3     44.4
SNOWDEPTH AVG.      0                MM      MM        0
DAYS >= 1.0         0               0.0     0.0        0
GREATEST
 SNOW DEPTH         0   MM                             0  MM
 24 HR TOTAL      0.0   06/30 TO 06/30

DEGREE_DAYS
HEATING TOTAL       9                37     -28       21
 SINCE 7/1       4916              5995   -1079     6175
COOLING TOTAL     172               146      26      172
 SINCE 1/1        245               189      56      300
.................................................

WIND (MPH)
AVERAGE WIND SPEED              5.7
HIGHEST WIND SPEED/DIRECTION    30/320    DATE  06/28
HIGHEST GUST SPEED/DIRECTION    45/320    DATE  06/28

SKY COVER
POSSIBLE SUNSHINE (PERCENT)   MM
AVERAGE SKY COVER           0.40
NUMBER OF DAYS FAIR           14
NUMBER OF DAYS PC             14
NUMBER OF DAYS CLOUDY          2

AVERAGE RH (PERCENT)     63

WEATHER CONDITIONS. NUMBER OF DAYS WITH
THUNDERSTORM              3     MIXED PRECIP               0
HEAVY RAIN                4     RAIN                       9
LIGHT RAIN               13     FREEZING RAIN              0
LT FREEZING RAIN          0     HAIL                       0
HEAVY SNOW                0     SNOW                       0
LIGHT SNOW                0     SLEET                      0
FOG                      13     FOG W/VIS <= 1/4 MILE      4
HAZE                      4

-  INDICATES NEGATIVE NUMBERS.
R  INDICATES RECORD WAS SET OR TIED.
MM INDICATES DATA IS MISSING.
T  INDICATES TRACE AMOUNT.

$$
