000
CXUS51 KCTP 011758
CLMIPT

CLIMATE REPORT
NATIONAL WEATHER SERVICE STATE COLLEGE PA
148 PM EDT FRI APR 1 2016

...................................

...THE WILLIAMSPORT PA CLIMATE SUMMARY FOR THE MONTH OF MARCH 2016...

CLIMATE NORMAL PERIOD 1981 TO 2010
CLIMATE RECORD PERIOD 1895 TO 2016

WEATHER         OBSERVED          NORMAL  DEPART  LAST YEAR`S
                 VALUE   DATE(S)  VALUE   FROM    VALUE  DATE(S)
                                          NORMAL
................................................................
TEMPERATURE (F)
RECORD
 HIGH              87   03/31/1998
                        03/30/1986
 LOW               -5   03/18/1916
HIGHEST            80   03/09                         54  03/30
                                                          03/11
LOWEST             20   03/03                          1  03/06
AVG. MAXIMUM     57.7              47.9     9.8     42.1
AVG. MINIMUM     34.1              28.6     5.5     23.6
MEAN             45.9              38.2     7.7     32.9
DAYS MAX >= 90      0               0.0     0.0        0
DAYS MAX <= 32      0               1.9    -1.9        3
DAYS MIN <= 32     14              20.4    -6.4       28
DAYS MIN <= 0       0               0.1    -0.1        0

PRECIPITATION (INCHES)
RECORD
 MAXIMUM         8.95   1936
 MINIMUM         0.42   1910
TOTALS           1.11              2.97   -1.86     2.37
DAILY AVG.       0.04              0.10   -0.06     0.08
DAYS >= .01         9              11.5    -2.5       10
DAYS >= .10         4               6.5    -2.5        7
DAYS >= .50         0               2.0    -2.0        0
DAYS >= 1.00        0               0.5    -0.5        0
GREATEST
 24 HR. TOTAL    0.34   03/28 TO 03/28

SNOWFALL (INCHES)
RECORDS
 TOTAL           35.6   1916
TOTALS            0.2               6.9    -6.7     11.4
SINCE 7/1         5.9              34.9   -29.0     44.4
SNOWDEPTH AVG.      0                MM      MM        2
DAYS >= 1.0         0               1.6    -1.6        4
GREATEST
 SNOW DEPTH         T   03/04                          7  03/02
 24 HR TOTAL      0.2   MM

DEGREE_DAYS
HEATING TOTAL     582               829    -247      989
 SINCE 7/1       4225              5296   -1071     5626
COOLING TOTAL       0                 0       0        0
 SINCE 1/1          0                 0       0        0
..................................................

WIND (MPH)
AVERAGE WIND SPEED              6.9
HIGHEST WIND SPEED/DIRECTION    38/270    DATE  03/02
HIGHEST GUST SPEED/DIRECTION    51/250    DATE  03/28

SKY COVER
POSSIBLE SUNSHINE (PERCENT)   MM
AVERAGE SKY COVER           0.50
NUMBER OF DAYS FAIR           12
NUMBER OF DAYS PC              9
NUMBER OF DAYS CLOUDY         10

AVERAGE RH (PERCENT)     57

WEATHER CONDITIONS. NUMBER OF DAYS WITH
THUNDERSTORM              0     MIXED PRECIP               0
HEAVY RAIN                2     RAIN                       3
LIGHT RAIN               10     FREEZING RAIN              0
LT FREEZING RAIN          0     HAIL                       0
HEAVY SNOW                0     SNOW                       0
LIGHT SNOW                2     SLEET                      0
FOG                      11     FOG W/VIS <= 1/4 MILE      2
HAZE                      2

-  INDICATES NEGATIVE NUMBERS.
R  INDICATES RECORD WAS SET OR TIED.
MM INDICATES DATA IS MISSING.
T  INDICATES TRACE AMOUNT.

&&

THE  HIGH TEMPERATURE OF 71 DEGREES ON MARCH 7TH TIED 1987 FOR THE
DAILY RECORD HIGH.

A RECORD HIGH TEMPERATURE OF 80 DEGREES WAS
SET ON MARCH 9. THIS BREAKS THE OLD RECORD OF 79 SET IN 2000.

A CONTINUOUS WEATHER RECORD HAS BEEN KEPT AT WILLIAMSPORT SINCE 1895.

$$

HAGNER
