787
CXCA52 TJSJ 010443
CLMISX


CLIMATE REPORT
NATIONAL WEATHER SERVICE SAN JUAN, PR
1242 AM AST WED JUN 1 2016

...................................

...THE HENRY E. ROHLSEN AP/ST CROIX CLIMATE SUMMARY FOR THE MONTH OF MAY 2016...

CLIMATE NORMAL PERIOD 1981 TO 2010
CLIMATE RECORD PERIOD 1951 TO 2016

WEATHER         OBSERVED          NORMAL  DEPART  LAST YEAR`S
                 VALUE   DATE(S)  VALUE   FROM    VALUE  DATE(S)
                                          NORMAL
................................................................
TEMPERATURE (F)
RECORD
 HIGH              94   05/28/1972
 LOW               62   05/23/2007
HIGHEST            89   05/24        91      -2       90  05/25
                        05/23                             05/24
                        05/18                             05/23
LOWEST             70   05/01        80     -10       70  05/27
AVG. MAXIMUM     87.3              86.7     0.6     88.5
AVG. MINIMUM     76.9              76.1     0.8     75.9
MEAN             82.1              81.4     0.7     82.2
DAYS MAX >= 90      0               1.8    -1.8        6
DAYS MAX <= 32      0               0.0     0.0        0
DAYS MIN <= 32      0               0.0     0.0        0
DAYS MIN <= 0       0               0.0     0.0        0

PRECIPITATION (INCHES)
RECORD
 MAXIMUM        14.03   1981
 MINIMUM         0.22   1974
TOTALS           3.21              4.15   -0.94     1.05
DAILY AVG.       0.10              0.14   -0.04     0.03
DAYS >= .01        14              12.6     1.4        8
DAYS >= .10         5               6.5    -1.5        5
DAYS >= .50         3               2.4     0.6        0
DAYS >= 1.00        1               0.9     0.1        0
GREATEST
 24 HR. TOTAL    2.40   04/30 TO 05/01

SNOWFALL (INCHES)
TOTALS            0.0               0.0     0.0      0.0

DEGREE_DAYS
HEATING TOTAL       0                 0       0        0
COOLING TOTAL     539               508      31      542
.................................................................

WIND (MPH)
AVERAGE WIND SPEED              11.3
HIGHEST WIND SPEED/DIRECTION    24/080    DATE  05/16
HIGHEST GUST SPEED/DIRECTION    29/100    DATE  05/16

SKY COVER
AVERAGE SKY COVER           0.40

AVERAGE RH (PERCENT)     77

WEATHER CONDITIONS. NUMBER OF DAYS WITH
THUNDERSTORM              0     MIXED PRECIP               0
HEAVY RAIN                6     RAIN                       4
LIGHT RAIN               19     FREEZING RAIN              0
LT FREEZING RAIN          0     HAIL                       0
HEAVY SNOW                0     SNOW                       0
LIGHT SNOW                0     SLEET                      0
FOG                      10     FOG W/VIS <= 1/4 MILE      0
HAZE                      3

-  INDICATES NEGATIVE NUMBERS.
R  INDICATES RECORD WAS SET OR TIED.
MM INDICATES DATA IS MISSING.
T  INDICATES TRACE AMOUNT.

$$
