000
CXUS53 KGLD 051015
CLMITR

CLIMATE REPORT
NATIONAL WEATHER SERVICE GOODLAND
412 AM MDT THU OCT 5 2017

...................................

...THE BURLINGTON CLIMATE SUMMARY FOR THE MONTH OF SEPTEMBER 2017...

CLIMATE NORMAL PERIOD 1981 TO 2010
CLIMATE RECORD PERIOD 1896 TO 2017

WEATHER         OBSERVED          NORMAL  DEPART  LAST YEAR`S
                 VALUE   DATE(S)  VALUE   FROM    VALUE  DATE(S)
                                          NORMAL
................................................................
TEMPERATURE (F)
RECORD
 HIGH             102   09/02/1960
 LOW               20   09/30/1985
HIGHEST            97   09/03        95       2       94  09/11
                                                          09/05
LOWEST             37   09/27        35       2       40  09/26
                        09/20
AVG. MAXIMUM     79.6              78.3     1.3     81.6
AVG. MINIMUM     49.3              48.2     1.1     51.3
MEAN             64.4              63.3     1.1     66.4
DAYS MAX >= 90     11               3.8     7.2        6
DAYS MAX <= 32      0               0.0     0.0        0
DAYS MIN <= 32      0               0.4    -0.4        0
DAYS MIN <= 0       0               0.0     0.0        0

PRECIPITATION (INCHES)
RECORD
 MAXIMUM         5.45   2013
 MINIMUM         0.00   1974
TOTALS           1.24              1.14    0.10     3.75
DAILY AVG.       0.04              0.04    0.00     0.12
DAYS >= .01         7                MM      MM        6
DAYS >= .10         4                MM      MM        4
DAYS >= .50         1                MM      MM        1
DAYS >= 1.00        0                MM      MM        1
GREATEST
 24 HR. TOTAL    0.53   09/24 TO 09/24              2.47


.................................................................



-  INDICATES NEGATIVE NUMBERS.
R  INDICATES RECORD WAS SET OR TIED.
MM INDICATES DATA IS MISSING.
T  INDICATES TRACE AMOUNT.

$$
