000
CXUS52 KJAX 011325
CLMJAX

CLIMATE REPORT
NATIONAL WEATHER SERVICE JACKSONVILLE FL
824 AM EST MON FEB 1 2016

...................................

...THE JACKSONVILLE CLIMATE SUMMARY FOR THE MONTH OF JANUARY 2016...

CLIMATE NORMAL PERIOD 1981 TO 2010
CLIMATE RECORD PERIOD 1871 TO 2016

WEATHER         OBSERVED          NORMAL  DEPART  LAST YEAR`S
                 VALUE   DATE(S)  VALUE   FROM    VALUE  DATE(S)
                                          NORMAL
................................................................
TEMPERATURE (F)
RECORD
 HIGH              85   01/30/2013
 LOW                7   01/21/1985
HIGHEST            74   01/15        64      10       81  01/03
LOWEST             26   01/24        42     -16       27  01/08
AVG. MAXIMUM     61.8              64.8    -3.0     64.2
AVG. MINIMUM     40.4              41.4    -1.0     42.7
MEAN             51.1              53.1    -2.0     53.4
DAYS MAX >= 90      0               0.0     0.0        0
DAYS MAX <= 32      0               0.0     0.0        0
DAYS MIN <= 32      9               6.3     2.7        2
DAYS MIN <= 0       0               0.0     0.0        0

PRECIPITATION (INCHES)
RECORD
 MAXIMUM        10.20   1991
 MINIMUM         0.01   1950
TOTALS           2.83              3.30   -0.47     3.08
DAILY AVG.       0.09              0.11   -0.02     0.10
DAYS >= .01        10               8.3     1.7        7
DAYS >= .10         6               5.4     0.6        5
DAYS >= .50         1               2.3    -1.3        2
DAYS >= 1.00        1               1.1    -0.1        2
GREATEST
 24 HR. TOTAL    1.30

SNOWFALL (INCHES)
RECORDS
 TOTAL            0.5   1852
TOTALS            0.0               0.0     0.0        T
SINCE 7/1         0.0                 T     0.0        T
SNOWDEPTH AVG.      0                MM      MM        0
DAYS >= 1.0         0               0.0     0.0        0
GREATEST
 SNOW DEPTH         0   MM                             0  MM
 24 HR TOTAL      0.0

DEGREE_DAYS
HEATING TOTAL     423               380      43      362
 SINCE 7/1        564               876    -312      874
COOLING TOTAL       0                11     -11       13
 SINCE 1/1          0                 0       0       13
.................................................................

WIND (MPH)
AVERAGE WIND SPEED              6.6
HIGHEST WIND SPEED/DIRECTION    31/250    DATE  01/22
HIGHEST GUST SPEED/DIRECTION    42/250    DATE  01/22

SKY COVER
POSSIBLE SUNSHINE (PERCENT)   MM
AVERAGE SKY COVER           0.60
NUMBER OF DAYS FAIR            7
NUMBER OF DAYS PC             10
NUMBER OF DAYS CLOUDY         14

AVERAGE RH (PERCENT)     73

WEATHER CONDITIONS. NUMBER OF DAYS WITH
THUNDERSTORM              0     MIXED PRECIP               0
HEAVY RAIN                3     RAIN                       5
LIGHT RAIN               11     FREEZING RAIN              0
LT FREEZING RAIN          0     HAIL                       0
HEAVY SNOW                0     SNOW                       0
LIGHT SNOW                0     SLEET                      0
FOG                      15     FOG W/VIS <= 1/4 MILE      2
HAZE                      1

-  INDICATES NEGATIVE NUMBERS.
R  INDICATES RECORD WAS SET OR TIED.
MM INDICATES DATA IS MISSING.
T  INDICATES TRACE AMOUNT.

$$
