000
CXUS54 KMEG 071955
CLMJBR


CLIMATE REPORT
NATIONAL WEATHER SERVICE MEMPHIS TN
253 PM CDT SAT OCT 7 2017

...................................

...THE JONESBORO CLIMATE SUMMARY FOR THE MONTH OF SEPTEMBER 2017...

CLIMATE NORMAL PERIOD 1981 TO 2010
CLIMATE RECORD PERIOD 1897 TO 2017

WEATHER         OBSERVED          NORMAL  DEPART  LAST YEAR`S
                 VALUE   DATE(S)  VALUE   FROM    VALUE  DATE(S)
                                          NORMAL
................................................................
TEMPERATURE (F)
RECORD
 HIGH             110   09/09/1925
                        09/07/1925
                        09/06/1925
 LOW               33   09/30/1916
HIGHEST            94   09/22        84      10       96  09/16
                        09/21
LOWEST             50   09/07        61     -11       48  09/27
AVG. MAXIMUM     85.5              83.2     2.3     88.5
AVG. MINIMUM     62.6              60.6     2.0     65.1
MEAN             74.1              71.9     2.2     76.8
DAYS MAX >= 90     12               4.5     7.5       16
DAYS MAX <= 32      0               0.0     0.0        0
DAYS MIN <= 32      0               0.0     0.0        0
DAYS MIN <= 0       0               0.0     0.0        0

PRECIPITATION (INCHES)
RECORD
 MAXIMUM        12.27   1906
 MINIMUM         0.00   1897
TOTALS           0.39              3.06   -2.67     1.94
DAILY AVG.       0.01              0.10   -0.09     0.06
DAYS >= .01         5                MM      MM        6
DAYS >= .10         1                MM      MM        5
DAYS >= .50         0                MM      MM        1
DAYS >= 1.00        0                MM      MM        0
GREATEST
 24 HR. TOTAL    2.65   08/31 TO 09/01
                        09/01 TO 09/02
                        09/02 TO 09/03

SNOWFALL (INCHES)
RECORDS
 TOTAL            0.0   2002
                        2001
TOTALS            0.0               0.0     0.0      0.0
SINCE 7/1         0.0               0.0     0.0      0.0
SNOWDEPTH AVG.      0                MM      MM        0
DAYS >= 1.0         0                MM      MM        0
GREATEST
 SNOW DEPTH         0   MM                             0  MM
 24 HR TOTAL      0.0   09/30 TO 09/30

DEGREE_DAYS
HEATING TOTAL       2                18     -16        0
 SINCE 7/1          2                18     -16        0
COOLING TOTAL     281               225      56      361
 SINCE 1/1       1814              1771      43     2114
.................................................................

WIND (MPH)
AVERAGE WIND SPEED              5.3
HIGHEST WIND SPEED/DIRECTION    22/060    DATE  09/10
HIGHEST GUST SPEED/DIRECTION    29/190    DATE  09/30

SKY COVER
POSSIBLE SUNSHINE (PERCENT)   MM
AVERAGE SKY COVER           0.10
NUMBER OF DAYS FAIR           27
NUMBER OF DAYS PC              1
NUMBER OF DAYS CLOUDY          2

AVERAGE RH (PERCENT)     72

WEATHER CONDITIONS. NUMBER OF DAYS WITH
THUNDERSTORM              0     MIXED PRECIP               0
HEAVY RAIN                0     RAIN                       1
LIGHT RAIN                5     FREEZING RAIN              0
LT FREEZING RAIN          0     HAIL                       0
HEAVY SNOW                0     SNOW                       0
LIGHT SNOW                0     SLEET                      0
FOG                      10     FOG W/VIS <= 1/4 MILE      1
HAZE                      3

-  INDICATES NEGATIVE NUMBERS.
R  INDICATES RECORD WAS SET OR TIED.
MM INDICATES DATA IS MISSING.
T  INDICATES TRACE AMOUNT.

$$
