000
CXUS51 KOKX 011427 RRA
CLMJFK

NYCCLMJFK 000
TTAA00 KOKX 011136


CLIMATE REPORT
NATIONAL WEATHER SERVICE NEW YORK NY
735 AM EDT SAT JUL 1 2017

...................................

...THE KENNEDY NY CLIMATE SUMMARY FOR THE MONTH OF JUNE 2017...

CLIMATE NORMAL PERIOD 1981 TO 2010
CLIMATE RECORD PERIOD 1948 TO 2017

WEATHER         OBSERVED          NORMAL  DEPART  LAST YEAR`S
                 VALUE   DATE(S)  VALUE   FROM    VALUE  DATE(S)
                                          NORMAL
................................................................
TEMPERATURE (F)
RECORD
 HIGH              99   06/26/1949
 LOW               45   06/02/1967
                        06/01/1967
HIGHEST            94   06/13        MM      MM       92  06/22
LOWEST             51   06/09        MM      MM       54  06/08
AVG. MAXIMUM     78.7              78.0     0.7     80.2
AVG. MINIMUM     62.8              62.8     0.0     63.6
MEAN             70.8              70.4     0.4     71.9
DAYS MAX >= 90      2               1.8     0.2        1
DAYS MAX <= 32      0               0.0     0.0        0
DAYS MIN <= 32      0               0.0     0.0        0
DAYS MIN <= 0       0               0.0     0.0        0

PRECIPITATION (INCHES)
RECORD
 MAXIMUM         9.23   2003
 MINIMUM            T   1949
TOTALS           4.20              3.86    0.34     1.61
DAILY AVG.       0.14              0.13    0.01     0.05
DAYS >= .01        11              10.7     0.3        6
DAYS >= .10         6               6.2    -0.2        3
DAYS >= .50         2               2.5    -0.5        2
DAYS >= 1.00        2               1.1     0.9        0
GREATEST
 24 HR. TOTAL    1.73   06/24 TO 06/24           06/05 TO 06/05
                                                          06/30 TO 06/30
                                                          06/30 TO 06/30
 STORM TOTAL       MM                                 MM
 (MM/DD(HH))            MM                    06/05(00) TO 06/05(00)
                                                 06/30(00) TO 06/30(00)0
                                                 06/30(00) TO 06/30(00)0

SNOWFALL (INCHES)
RECORDS
 TOTAL             MM   5
 24 HR TOTAL       MM
TOTALS            0.0               0.0     0.0      0.0
 LIQUID EQUIV    0.00              0.00    0.00     0.00
SINCE 7/1        30.9              23.8     7.1
 LIQUID 7/1      3.09              2.40             4.14
DAYS >= TRACE       0               0.0     0.0        0
DAYS >= 1.0         0               0.0     0.0        0
GREATEST
 SNOW DEPTH         0   MM                             0  MM
 24 HR TOTAL      0.0   06/30 TO 06/30           06/30 TO 06/30
                                                          06/30 TO 06/30
                                                          06/30 TO 06/30
 STORM TOTAL       MM                                 MM
 (MM/DD(HH))            MM                    06/30(00) TO 06/30(00)
                                                 06/30(00) TO 06/30(00)0
                                                 06/30(00) TO 06/30(00)0

DEGREE_DAYS
HEATING TOTAL      20                21      -1        3
 SINCE 7/1       4197              4839    -642     3893
COOLING TOTAL     201               183      18      218
 SINCE 1/1        251               218      33      269
.................................................

WIND (MPH)
AVERAGE WIND SPEED              10.7
HIGHEST WIND SPEED/DIRECTION    33/190    DATE  06/29
HIGHEST GUST SPEED/DIRECTION    41/180    DATE  06/19

SKY COVER
POSSIBLE SUNSHINE (PERCENT)   MM
AVERAGE SKY COVER           0.60
NUMBER OF DAYS FAIR            3
NUMBER OF DAYS PC             21
NUMBER OF DAYS CLOUDY          6

AVERAGE RH (PERCENT)     72

WEATHER CONDITIONS. NUMBER OF DAYS WITH
THUNDERSTORM              0     MIXED PRECIP               0
HEAVY RAIN                5     RAIN                       5
LIGHT RAIN               11     FREEZING RAIN              0
LT FREEZING RAIN          0     HAIL                       0
HEAVY SNOW                0     SNOW                       0
LIGHT SNOW                0     SLEET                      0
FOG                      13     FOG W/VIS <= 1/4 MILE      3
HAZE                      2

-  INDICATES NEGATIVE NUMBERS.
R  INDICATES RECORD WAS SET OR TIED.
MM INDICATES DATA IS MISSING.
T  INDICATES TRACE AMOUNT.

$$
