272
CXUS51 KCTP 010813
CLMJST

CLIMATE REPORT
NATIONAL WEATHER SERVICE STATE COLLEGE PA
413 AM EDT FRI JUL 1 2016

...................................

...THE JOHNSTOWN CLIMATE SUMMARY FOR THE MONTH OF JUNE 2016...

CLIMATE NORMAL PERIOD 1981 TO 2010
CLIMATE RECORD PERIOD 1892 TO 2016

WEATHER         OBSERVED          NORMAL  DEPART  LAST YEAR`S
                 VALUE   DATE(S)  VALUE   FROM    VALUE  DATE(S)
                                          NORMAL
................................................................
TEMPERATURE (F)
RECORD
 HIGH             102   06/04/1895
 LOW               33   06/03/1986
HIGHEST            84   06/11                         85  06/12
LOWEST             44   06/09                         50  06/07
AVG. MAXIMUM     75.1              73.8     1.3     73.0
AVG. MINIMUM     57.9              55.9     2.0     58.4
MEAN             66.5              64.8     1.7     65.7
DAYS MAX >= 90      0                MM      MM        0
DAYS MAX <= 32      0                MM      MM        0
DAYS MIN <= 32      0                MM      MM        0
DAYS MIN <= 0       0                MM      MM        0

PRECIPITATION (INCHES)
RECORD
 MAXIMUM        11.96   2015
 MINIMUM         0.73   1966
TOTALS           4.68                MM      MM    11.96
DAILY AVG.       0.16              0.14    0.02     0.40
DAYS >= .01        12                MM      MM       20
DAYS >= .10         9                MM      MM       15
DAYS >= .50         3                MM      MM        8
DAYS >= 1.00        1                MM      MM        6
GREATEST
 24 HR. TOTAL    1.58   06/04 TO 06/05

DEGREE_DAYS
HEATING TOTAL      43                79     -36       61
 SINCE 7/1       5530              6688   -1158     6838
COOLING TOTAL      94                75      19       90
 SINCE 1/1        132                93      39      174
......................................................

WIND (MPH)
AVERAGE WIND SPEED              8.1
HIGHEST WIND SPEED/DIRECTION    30/300    DATE  06/12
HIGHEST GUST SPEED/DIRECTION    40/310    DATE  06/12

SKY COVER
POSSIBLE SUNSHINE (PERCENT)   MM
AVERAGE SKY COVER           0.40
NUMBER OF DAYS FAIR           14
NUMBER OF DAYS PC             13
NUMBER OF DAYS CLOUDY          3

AVERAGE RH (PERCENT)     65

WEATHER CONDITIONS. NUMBER OF DAYS WITH
THUNDERSTORM              8     MIXED PRECIP               0
HEAVY RAIN                8     RAIN                       9
LIGHT RAIN               13     FREEZING RAIN              0
LT FREEZING RAIN          0     HAIL                       0
HEAVY SNOW                0     SNOW                       0
LIGHT SNOW                0     SLEET                      0
FOG                      13     FOG W/VIS <= 1/4 MILE      5
HAZE                     10

-  INDICATES NEGATIVE NUMBERS.
R  INDICATES RECORD WAS SET OR TIED.
MM INDICATES DATA IS MISSING.
T  INDICATES TRACE AMOUNT.

$$
