000
CXUS55 KVEF 011313
CLMLAS


CLIMATE REPORT
NATIONAL WEATHER SERVICE LAS VEGAS, NV
436 AM PST THU DEC 1 2016

...................................

...THE LAS VEGAS NV CLIMATE SUMMARY FOR THE MONTH OF NOVEMBER 2016...

CLIMATE NORMAL PERIOD 1981 TO 2010
CLIMATE RECORD PERIOD 1937 TO 2016

WEATHER         OBSERVED          NORMAL  DEPART  LAST YEAR`S
                 VALUE   DATE(S)  VALUE   FROM    VALUE  DATE(S)
                                          NORMAL
................................................................
TEMPERATURE (F)
RECORD
 HIGH              86   11/02/2015
                        11/03/2010
                        11/05/2492
 LOW               15   11/24/1938
HIGHEST            83   11/08        80       3       86  11/02
LOWEST             37   11/30        34       3       32  11/30
                                                          11/29
AVG. MAXIMUM     70.9              66.3     4.6     64.1
AVG. MINIMUM     50.6              46.5     4.1     44.5
MEAN             60.8              56.4     4.4     54.3
DAYS MAX >= 90      0               0.0     0.0        0
DAYS MAX <= 32      0               0.0     0.0        0
DAYS MIN <= 32      0               0.4    -0.4        2
DAYS MIN <= 0       0               0.0     0.0        0

PRECIPITATION (INCHES)
RECORD
 MAXIMUM         2.22   1965
 MINIMUM         0.00   2006
                        2005
                        1999
TOTALS              T              0.36   -0.36     0.24
DAILY AVG.          T              0.01   -0.01     0.01
DAYS >= .01         0               1.7    -1.7        4
DAYS >= .10         0               0.8    -0.8        1
DAYS >= .50         0               0.3    -0.3        0
DAYS >= 1.00        0               0.0     0.0        0
GREATEST
 24 HR. TOTAL       T   11/28 TO 11/28
                        11/19 TO 11/20
                        11/20 TO 11/20

SNOWFALL (INCHES)
RECORDS
 TOTAL            4.0   1964
 24 HR TOTAL      4.0
TOTALS            0.0               0.0     0.0      0.0
SINCE 7/1         0.0
SNOWDEPTH AVG.      0
DAYS >= TRACE       0
DAYS >= 1.0         0
GREATEST
 SNOW DEPTH         0
 24 HR TOTAL      0.0   11/30 TO 11/30
 STORM TOTAL       MM
 (MM/DD(HH))

DEGREE_DAYS
HEATING TOTAL     167               270    -103      323
 SINCE 7/1        167               309    -142      324
COOLING TOTAL      45                12      33       10
 SINCE 1/1       4002              3568     434     4069

FREEZE DATES
RECORD
 EARLIEST     10/21/1949
 LATEST       04/12/1967
EARLIEST                        11/25
LATEST                          02/28
.................................................................

WIND (MPH)
AVERAGE WIND SPEED              5.6
HIGHEST WIND SPEED/DIRECTION    31/210    DATE  11/26
HIGHEST GUST SPEED/DIRECTION    45/210    DATE  11/16

SKY COVER
POSSIBLE SUNSHINE (PERCENT)   MM
AVERAGE SKY COVER           0.30
NUMBER OF DAYS FAIR           16
NUMBER OF DAYS PC             14
NUMBER OF DAYS CLOUDY          0

AVERAGE RH (PERCENT)     29

WEATHER CONDITIONS. NUMBER OF DAYS WITH
THUNDERSTORM              0     MIXED PRECIP               0
HEAVY RAIN                0     RAIN                       0
LIGHT RAIN                2     FREEZING RAIN              0
LT FREEZING RAIN          0     HAIL                       0
HEAVY SNOW                0     SNOW                       0
LIGHT SNOW                0     SLEET                      0
FOG                       0     FOG W/VIS <= 1/4 MILE      0
HAZE                      0

-  INDICATES NEGATIVE NUMBERS.
R  INDICATES RECORD WAS SET OR TIED.
MM INDICATES DATA IS MISSING.
T  INDICATES TRACE AMOUNT.

$$
