992
CXUS52 KILM 020758
CLMLBT


CLIMATE REPORT
NATIONAL WEATHER SERVICE WILMINGTON NC
356 AM EDT SAT APR 2 2016

...................................

...THE LUMBERTON NC CLIMATE SUMMARY FOR THE MONTH OF MARCH 2016...

CLIMATE NORMAL PERIOD 1981 TO 2010
CLIMATE RECORD PERIOD 9999 TO 9999

WEATHER         OBSERVED          NORMAL  DEPART  LAST YEAR`S
                 VALUE   DATE(S)  VALUE   FROM    VALUE  DATE(S)
                                          NORMAL
................................................................
TEMPERATURE (F)
HIGHEST            86   03/16                         84
LOWEST             32   03/22                         25
AVG. MAXIMUM     72.6              66.3     6.3     66.6
AVG. MINIMUM     48.2              42.0     6.2     44.3
MEAN             60.4              54.1     6.3     55.5
DAYS MAX >= 90      0               0.0     0.0        0
DAYS MAX <= 32      0               0.0     0.0        0
DAYS MIN <= 32      1               4.3    -3.3        3
DAYS MIN <= 0       0               0.0     0.0        0

PRECIPITATION (INCHES)
RECORD
 MAXIMUM         9.37   1971
 MINIMUM         0.00   1904
TOTALS           1.18              3.33   -2.15     3.48
DAILY AVG.       0.04              0.11   -0.07     0.11
DAYS >= .01        10                                 13
DAYS >= .10         5                                  8
DAYS >= .50         0                                  3
DAYS >= 1.00        0                                  0
GREATEST
 24 HR. TOTAL    0.38   03/03 TO 03/04

DEGREE_DAYS
HEATING TOTAL     181               346    -165      304
COOLING TOTAL      46                10      36       15
.....................................................

WIND (MPH)
AVERAGE WIND SPEED              6.9
RESULTANT WIND SPEED/DIRECTION   2/221
HIGHEST WIND SPEED/DIRECTION    31/270    DATE  03/14
HIGHEST GUST SPEED/DIRECTION    41/280    DATE  03/14

SKY COVER
POSSIBLE SUNSHINE (PERCENT)   MM
AVERAGE SKY COVER           0.30
NUMBER OF DAYS FAIR           22
NUMBER OF DAYS PC              6
NUMBER OF DAYS CLOUDY          3

AVERAGE RH (PERCENT)     68

WEATHER CONDITIONS. NUMBER OF DAYS WITH
THUNDERSTORM              3     MIXED PRECIP              MM
HEAVY RAIN                1     RAIN                       2
LIGHT RAIN               10     FREEZING RAIN              0
LT FREEZING RAIN          0     HAIL                      MM
HEAVY SNOW                0     SNOW                       0
LIGHT SNOW                0     SLEET                     MM
FOG                      17     FOG W/VIS <= 1/4 MILE      1
HAZE                      3

-  INDICATES NEGATIVE NUMBERS.
R  INDICATES RECORD WAS SET OR TIED.
MM INDICATES DATA IS MISSING.
T  INDICATES TRACE AMOUNT.

$$
