000
CXUS51 KOKX 011711 RRA
CLMLGA

NYCCLMLGA 000
TTAA00 KOKX 011710


CLIMATE REPORT
NATIONAL WEATHER SERVICE NEW YORK NY
110 PM EDT WED NOV 1 2017

...................................

...THE LAGUARDIA NY CLIMATE SUMMARY FOR THE MONTH OF OCTOBER 2017...

CLIMATE NORMAL PERIOD 1981 TO 2010
CLIMATE RECORD PERIOD 1939 TO 2017

WEATHER         OBSERVED          NORMAL  DEPART  LAST YEAR`S
                 VALUE   DATE(S)  VALUE   FROM    VALUE  DATE(S)
                                          NORMAL
................................................................
TEMPERATURE (F)
RECORD
 HIGH              93   10/05/1941
 LOW               30   10/24/1969
HIGHEST            84   10/05        MM      MM       86  10/19
LOWEST             45   10/17        MM      MM       41  10/26
AVG. MAXIMUM     72.3              65.2     7.1     68.0
AVG. MINIMUM     58.6              51.0     7.6     54.5
MEAN             65.5              58.1     7.4     61.2
DAYS MAX >= 90      0               0.0     0.0        0
DAYS MAX <= 32      0               0.0     0.0        0
DAYS MIN <= 32      0               0.0     0.0        0
DAYS MIN <= 0       0               0.0     0.0        0

PRECIPITATION (INCHES)
RECORD
 MAXIMUM        14.71   2005
 MINIMUM         0.06   1963
TOTALS           3.78              3.78    0.00     4.82
DAILY AVG.       0.12              0.12    0.00     0.16
DAYS >= .01         9               8.5     0.5        6
DAYS >= .10         5               5.2    -0.2        6
DAYS >= .50         1               2.6    -1.6        3
DAYS >= 1.00        1               1.0     0.0        2
GREATEST
 24 HR. TOTAL    2.84   10/29 TO 10/30           10/21 TO 10/22
                                                          10/31 TO 10/31
                                                          10/31 TO 10/31
 STORM TOTAL       MM                                 MM
 (MM/DD(HH))            MM                    10/22(00) TO 10/22(00)
                                                 10/31(00) TO 10/31(00)1
                                                 10/31(00) TO 10/31(00)1

SNOWFALL (INCHES)
RECORDS
 TOTAL            1.7   2011
 24 HR TOTAL       MM
TOTALS            0.0               0.0     0.0      0.0
 LIQUID EQUIV    0.00                 T    0.00     0.00
SINCE 7/1         0.0               0.0     0.0      0.0
 LIQUID 7/1      0.00              0.00             0.00
DAYS >= TRACE       0               0.0     0.0        0
DAYS >= 1.0         0               0.0     0.0        0
GREATEST
 SNOW DEPTH         0   MM                             0  MM
 24 HR TOTAL      0.0   10/31 TO 10/31           10/31 TO 10/31
                                                          10/31 TO 10/31
                                                          10/31 TO 10/31
 STORM TOTAL       MM                                 MM
 (MM/DD(HH))            MM                    10/31(00) TO 10/31(00)
                                                 10/31(00) TO 10/31(00)1
                                                 10/31(00) TO 10/31(00)1

DEGREE_DAYS
HEATING TOTAL      75               237    -162      160
 SINCE 7/1         85               272    -187      165
COOLING TOTAL      96                23      73       50
 SINCE 1/1       1439              1213     226     1743
..................................................

WIND (MPH)
AVERAGE WIND SPEED              10.1
HIGHEST WIND SPEED/DIRECTION    35/250    DATE  10/29
HIGHEST GUST SPEED/DIRECTION    49/240    DATE  10/29

SKY COVER
POSSIBLE SUNSHINE (PERCENT)   MM
AVERAGE SKY COVER           0.60
NUMBER OF DAYS FAIR           11
NUMBER OF DAYS PC             11
NUMBER OF DAYS CLOUDY          9

AVERAGE RH (PERCENT)     64

WEATHER CONDITIONS. NUMBER OF DAYS WITH
THUNDERSTORM              0     MIXED PRECIP               0
HEAVY RAIN                1     RAIN                       3
LIGHT RAIN               12     FREEZING RAIN              0
LT FREEZING RAIN          0     HAIL                       0
HEAVY SNOW                0     SNOW                       0
LIGHT SNOW                0     SLEET                      0
FOG                       8     FOG W/VIS <= 1/4 MILE      0
HAZE                      2

-  INDICATES NEGATIVE NUMBERS.
R  INDICATES RECORD WAS SET OR TIED.
MM INDICATES DATA IS MISSING.
T  INDICATES TRACE AMOUNT.

$$
