000
CXUS53 KJKL 011156
CLMLOZ

CLIMATE REPORT
NATIONAL WEATHER SERVICE JACKSON KY
756 AM EDT TUE AUG 1 2017

...................................

...THE LONDON KY CLIMATE SUMMARY FOR THE MONTH OF JULY 2017...

CLIMATE NORMAL PERIOD 1981 TO 2010
CLIMATE RECORD PERIOD 1954 TO 2017

WEATHER         OBSERVED          NORMAL  DEPART  LAST YEAR`S
                 VALUE   DATE(S)  VALUE   FROM    VALUE  DATE(S)
                                          NORMAL
................................................................
TEMPERATURE (F)
RECORD
 HIGH             101   07/01/2012
                        07/31/1999
                        07/30/1999
 LOW               45   07/10/1961
HIGHEST            95   07/22        MM      MM       94  07/25
LOWEST             58   07/30        MM      MM       58  07/01
AVG. MAXIMUM     87.0              86.4     0.6     88.1
AVG. MINIMUM     66.6              66.2     0.4     68.2
MEAN             76.8              76.3     0.5     78.1
DAYS MAX >= 90      9               7.2     1.8       10
DAYS MAX <= 32      0               0.0     0.0        0
DAYS MIN <= 32      0               0.0     0.0        0
DAYS MIN <= 0       0               0.0     0.0        0

PRECIPITATION (INCHES)
RECORD
 MAXIMUM        11.23   2015
 MINIMUM         1.12   1974
TOTALS           6.58              4.04    2.54     8.39
DAILY AVG.       0.21              0.13    0.08     0.27
DAYS >= .01        10              12.5    -2.5       15
DAYS >= .10         7               8.1    -1.1       12
DAYS >= .50         4               3.0     1.0        6
DAYS >= 1.00        4               1.0     3.0        4
GREATEST
 24 HR. TOTAL    1.66   07/28 TO 07/28              1.74

SNOWFALL (INCHES)
RECORDS
 TOTAL             MM   MM
TOTALS             MM               0.0      MM       MM
SINCE 7/1          MM               0.0      MM       MM
SNOWDEPTH AVG.     MM                MM      MM       MM
DAYS >= 1.0        MM               0.0      MM       MM
GREATEST
 SNOW DEPTH        MM                                 MM
 24 HR TOTAL       MM                                 MM

DEGREE_DAYS
HEATING TOTAL       0                 0       0        0
 SINCE 7/1          0                 0       0        0
COOLING TOTAL     374               350      24      415
 SINCE 1/1        712               707       5      816
.................................................................

WIND (MPH)
AVERAGE WIND SPEED              4.2
HIGHEST WIND SPEED/DIRECTION    35/260    DATE  07/06
HIGHEST GUST SPEED/DIRECTION    45/200    DATE  07/03

SKY COVER
POSSIBLE SUNSHINE (PERCENT)   MM
AVERAGE SKY COVER           0.30
NUMBER OF DAYS FAIR           15
NUMBER OF DAYS PC             16
NUMBER OF DAYS CLOUDY          0

AVERAGE RH (PERCENT)     70

WEATHER CONDITIONS. NUMBER OF DAYS WITH
THUNDERSTORM             12     MIXED PRECIP               0
HEAVY RAIN                5     RAIN                       7
LIGHT RAIN               12     FREEZING RAIN              0
LT FREEZING RAIN          0     HAIL                       0
HEAVY SNOW                0     SNOW                       0
LIGHT SNOW                0     SLEET                      0
FOG                      14     FOG W/VIS <= 1/4 MILE      1
HAZE                      4

-  INDICATES NEGATIVE NUMBERS.
R  INDICATES RECORD WAS SET OR TIED.
MM INDICATES DATA IS MISSING.
T  INDICATES TRACE AMOUNT.

$$

CARICO
