000
CXUS54 KCRP 021057 RRB
CLMLRD

CLIMATE REPORT
NATIONAL WEATHER SERVICE CORPUS CHRISTI TX
552 AM CDT MON MAY 2 2016

...................................

...THE LAREDO CLIMATE SUMMARY FOR THE MONTH OF APRIL 2016...

CLIMATE NORMAL PERIOD 1981 TO 2010
CLIMATE RECORD PERIOD 1900 TO 2016

WEATHER         OBSERVED          NORMAL  DEPART  LAST YEAR`S
                 VALUE   DATE(S)  VALUE   FROM    VALUE  DATE(S)
                                          NORMAL
................................................................
TEMPERATURE (F)
RECORD
 HIGH             112   04/28/1937
 LOW               32   04/03/1987
                        04/05/1920
HIGHEST           101   04/25        92       9       94  04/26
LOWEST             50   04/03        60     -10       51  04/29
AVG. MAXIMUM     89.1              87.6     1.5     84.1
AVG. MINIMUM     66.0              64.3     1.7     66.3
MEAN             77.6              75.9     1.7     75.2
DAYS MAX >= 90     17              13.2     3.8        6
DAYS MAX <= 32      0               0.0     0.0        0
DAYS MIN <= 32      0               0.0     0.0        0
DAYS MIN <= 0       0               0.0     0.0        0

PRECIPITATION (INCHES)
RECORD
 MAXIMUM         7.75   1947
 MINIMUM           MM   MM
TOTALS           1.91              1.42    0.49     5.51
DAILY AVG.       0.06              0.05    0.01     0.18
DAYS >= .01         4               4.2    -0.2        8
DAYS >= .10         4               2.5     1.5        5
DAYS >= .50         2               1.1     0.9        4
DAYS >= 1.00        1               0.4     0.6        2
GREATEST
 24 HR. TOTAL    1.51   04/23 TO 04/24           04/11 TO 04/11
                                                          04/30 TO 04/30

SNOWFALL (INCHES)
RECORDS
 TOTAL             MM   MM
 24 HR TOTAL       MM
TOTALS            0.0                MM      MM      0.0
SINCE 7/1         0.0               0.0     0.0      0.0
SNOWDEPTH AVG.      0                MM      MM        0
DAYS >= 1.0         0                MM      MM
GREATEST
 SNOW DEPTH         0   MM                             0
 24 HR TOTAL      0.0   04/30 TO 04/30               0.0

DEGREE_DAYS
HEATING TOTAL       0                13     -13        1
 SINCE 7/1        594               926    -332     1064
COOLING TOTAL     384               342      42      312
 SINCE 1/1        759               600     159      451
.................................................

WIND (MPH)
AVERAGE WIND SPEED              10.4
HIGHEST WIND SPEED/DIRECTION    25/040    DATE  04/01
HIGHEST GUST SPEED/DIRECTION    39/120    DATE  04/17

SKY COVER
AVERAGE SKY COVER           0.30

AVERAGE RH (PERCENT)     63

WEATHER CONDITIONS. NUMBER OF DAYS WITH
THUNDERSTORM              4     MIXED PRECIP               0
HEAVY RAIN                4     RAIN                       3
LIGHT RAIN                8     FREEZING RAIN              0
LT FREEZING RAIN          0     HAIL                       0
HEAVY SNOW                0     SNOW                       0
LIGHT SNOW                0     SLEET                      0
FOG                       7     FOG W/VIS <= 1/4 MILE      0
HAZE                      5

-  INDICATES NEGATIVE NUMBERS.
R  INDICATES RECORD WAS SET OR TIED.
MM INDICATES DATA IS MISSING.
T  INDICATES TRACE AMOUNT.

$$
