000
CXUS56 KMTR 031547
CLMLVK


CLIMATE REPORT
NATIONAL WEATHER SERVICE SAN FRANCISCO BAY AREA
747 AM PST TUE FEB 3 2015

...................................

...THE LIVERMORE AIRPORT CLIMATE SUMMARY FOR THE MONTH OF JANUARY 2015...

CLIMATE NORMAL PERIOD 1981 TO 2010
CLIMATE RECORD PERIOD 1930 TO 2015

WEATHER         OBSERVED          NORMAL  DEPART  LAST YEAR`S
                 VALUE   DATE(S)  VALUE   FROM    VALUE  DATE(S)
                                          NORMAL
................................................................
TEMPERATURE (F)
RECORD
 HIGH              75   01/22/2014
                        01/30/1976
                        01/23/1948
 LOW               18   01/05/1961
HIGHEST            74   01/31                         75  01/22
LOWEST             30   01/03                         31  01/01
                        01/02
AVG. MAXIMUM     63.2              56.0     7.2     67.4
AVG. MINIMUM     39.7                               38.8
MEAN             51.4              46.7     4.7     53.1
DAYS MAX >= 90      0                                  0
DAYS MAX <= 32      0                                  0
DAYS MIN <= 32      3                                  2
DAYS MIN <= 0       0                                  0

PRECIPITATION (INCHES)
RECORD
 MAXIMUM           MM   MM
 MINIMUM           MM   MM
TOTALS           0.00              3.01   -3.01     0.09
DAILY AVG.       0.00                               0.00
DAYS >= .01         0                                  1
DAYS >= .10         0                                  0
DAYS >= .50         0                                  0
DAYS >= 1.00        0                                  0
GREATEST
 24 HR. TOTAL    0.00   01/31 TO 01/31           01/30 TO 01/30
                                                          01/31 TO 01/31
                                                          01/31 TO 01/31

DEGREE_DAYS
HEATING TOTAL     413               567    -154      361
 SINCE 7/1        946              1598    -652     1212
COOLING TOTAL       0                 0       0        0
 SINCE 1/1          0                 0       0        0
..................................................

WIND (MPH)
AVERAGE WIND SPEED              3.2
RESULTANT WIND SPEED/DIRECTION   2/065
HIGHEST WIND SPEED/DIRECTION    20/060    DATE  01/22
HIGHEST GUST SPEED/DIRECTION    32/040    DATE  01/18

SKY COVER
POSSIBLE SUNSHINE (PERCENT)   MM
AVERAGE SKY COVER           0.20
NUMBER OF DAYS FAIR           25
NUMBER OF DAYS PC              6
NUMBER OF DAYS CLOUDY          0

AVERAGE RH (PERCENT)     68

WEATHER CONDITIONS. NUMBER OF DAYS WITH
THUNDERSTORM              0     MIXED PRECIP               0
HEAVY RAIN                0     RAIN                       0
LIGHT RAIN                0     FREEZING RAIN              0
LT FREEZING RAIN          0     HAIL                       0
HEAVY SNOW                0     SNOW                       0
LIGHT SNOW                0     SLEET                      0
FOG                      23     FOG W/VIS <= 1/4 MILE      5
HAZE                     19

-  INDICATES NEGATIVE NUMBERS.
R  INDICATES RECORD WAS SET OR TIED.
MM INDICATES DATA IS MISSING.
T  INDICATES TRACE AMOUNT.

$$
