000
CXAK59 PAMC 031141
CLMMCG

CLIMATE REPORT
NATIONAL WEATHER SERVICE MCGRATH, AK
341 AM AKDT THU JUL 3 2014

...................................

...THE MCGRATH AIRPORT CLIMATE SUMMARY FOR THE MONTH OF JUNE 2014...

CLIMATE NORMAL PERIOD 1981 TO 2010
CLIMATE RECORD PERIOD 1940 TO 2014

WEATHER         OBSERVED          NORMAL  DEPART  LAST YEAR`S
                 VALUE   DATE(S)  VALUE   FROM    VALUE  DATE(S)
                                          NORMAL
................................................................
TEMPERATURE (F)
RECORD
 HIGH              94   6/17/2013
 LOW               27   6/04/2006
HIGHEST            74   6/28         81      -7      94  6/17
LOWEST             35                36      -1      40  6/08
AVG. MAXIMUM       63.5              68.1    -4.6    74.6
AVG. MINIMUM       45.7              46.7    -1.0    49.4
MEAN               54.6              57.4    -2.8    62.0
DAYS MAX >= 90      0                 0.0     0.0     3
DAYS MAX <= 32      0                 0.0     0.0     0
DAYS MAX >= 80      0                 2.0    -2.0     9
DAYS MAX >= 70      5                12.6    -7.6    21
DAYS MIN <= 32      0                 0.1    -0.1     0
DAYS MIN <= 0       0                 0.0     0.0     0

PRECIPITATION (INCHES)
RECORD
 MAXIMUM            4.36   1950
 MINIMUM            0.15   2000
TOTALS              1.52              1.52    0.00    0.86
DAILY AVG.          0.05              0.05    0.00    0.03
DAYS >= .01        17                12.3     4.7     7
DAYS >= .10         5                 4.4     0.6     4
DAYS >= .50         0                 0.5    -0.5     0
DAYS >= 1.0         0                 0.1    -0.1     0
GREATEST
 24 HR TOTAL        0.26   6/26                       0.26  6/04

SNOWFALL (INCHES)
RECORDS
 TOTAL              0.1   1975
 24 HR TOTAL        0.1   6-14-1975
 SNOW DEPTH        13     6-22-2004
TOTALS              0.0               0.0     0.0     0.0
SINCE 7/1          47.1              95.7   -48.6    75.0
SNOWDEPTH AVG.      0                 0       0       0
DAYS >= TRACE       0                 0.1    -0.1     0
DAYS >= 1.0         0                 0.0     0.0     0
DAYS >= 6.0         0                 0.0     0.0     0
GREATEST
 SNOW DEPTH         0   MM                            0  MM
 24 HR TOTAL      0.0   MM                          0.0  MM

DEGREE_DAYS
HEATING TOTAL     305               234      71     135
 SINCE 7/1      12176             13755   -1579   14463
COOLING TOTAL       0                 5      -5      51
 SINCE 1/1          0                 5      -5      60
................................................................

WIND (MPH)
AVERAGE WIND SPEED                4.0
HIGHEST WIND SPEED/DIRECTION     29/030    DATE   06/21
HIGHEST GUST SPEED/DIRECTION     39/030    DATE   06/21

WEATHER CONDITIONS. NUMBER OF DAYS WITH
THUNDERSTORM              0     ICE PELLETS                 0
RAIN                     22     GLAZE                       0
DRIZZLE                   0     HAIL                        0
SNOW                      0     HAZE                        0
FOG                      14     FOG W/VIS <= 1/4 MILE       2
BLOWING SNOW              0


-  INDICATES NEGATIVE NUMBERS.
R  INDICATES RECORD WAS SET OR TIED.
MM INDICATES DATA IS MISSING.
T  INDICATES TRACE AMOUNT.

&&
FOR THE MONTH OF JUNE MCGRATH HAD AN UNSEASONABLY COOLER MONTH...CONTINUOUS
WEATHER SYSTEMS PASSING THROUGH THE AREA CONTRIBUTED TO COOLER
TEMPERATURES...MORE CLOUD COVER AND WITH 17 DAYS OF A TRACE OF PRECIPITATION OR
MORE GAVE MCGRATH A TOTAL OF 1.52 INCHES FOR THE MONTH AND 0.26 INCHES ON ONE
OCCURRENCE ON THE 26TH...HEAVIER PRECIPITATION UP RIVER CONTRIBUTED TO MCGRATH
HAVING A FLOOD ADVISORY THE LAST FEW DAYS OF THE MONTH...THE HIGHEST TEMPERATURE
WAS 74 FOR THE MONTH WITH ONLY 5 TOTAL DAYS IN THE 70`S

$$
JCD JUL 14
