000
CXUS42 KFFC 031517
CLMMCN


CLIMATE REPORT
NATIONAL WEATHER SERVICE PEACHTREE CITY GA
1116 AM EDT MON AUG 3 2015

...................................

...THE MACON CLIMATE SUMMARY FOR THE MONTH OF JULY 2015...

CLIMATE NORMAL PERIOD 1981 TO 2010
CLIMATE RECORD PERIOD 1899 TO 2015

WEATHER         OBSERVED          NORMAL  DEPART  LAST YEAR`S
                 VALUE   DATE(S)  VALUE   FROM    VALUE  DATE(S)
                                          NORMAL
................................................................
TEMPERATURE (F)
RECORD
 HIGH             108   07/13/1980
 LOW               54   07/15/1967
HIGHEST           103   07/21        MM      MM       94  07/28
                                                          07/27
                                                          07/09
LOWEST             67   07/26        MM      MM       59  07/30
                                                          07/17
AVG. MAXIMUM     96.2              92.6     3.6     89.5
AVG. MINIMUM     71.4              71.0     0.4     68.3
MEAN             83.8              81.8     2.0     78.9
DAYS MAX >= 90     28              23.0     5.0       15
DAYS MAX <= 32      0               0.0     0.0        0
DAYS MIN <= 32      0               0.0     0.0        0
DAYS MIN <= 0       0               0.0     0.0        0

PRECIPITATION (INCHES)
RECORD
 MAXIMUM        18.16   1994
 MINIMUM         0.60   2004
TOTALS           1.56              4.95   -3.39
DAILY AVG.       0.05              0.16   -0.11     0.16
DAYS >= .01        11              11.4    -0.4        6
DAYS >= .10         3               7.6    -4.6        6
DAYS >= .50         1               2.8    -1.8        4
DAYS >= 1.00        0               1.3    -1.3        2
GREATEST
 24 HR. TOTAL    0.99   07/23 TO 07/23           07/18 TO 07/19
                        07/22 TO 07/23                    07/31 TO 07/31
                        07/23 TO 07/23                    07/31 TO 07/31

DEGREE_DAYS
HEATING TOTAL       0                 0       0        0
 SINCE 7/1          0                 0       0        0
COOLING TOTAL     591               521      70      439
 SINCE 1/1       1457              1253     204     1132
..................................................

WIND (MPH)
AVERAGE WIND SPEED              4.7
HIGHEST WIND SPEED/DIRECTION    31/270    DATE  07/03
HIGHEST GUST SPEED/DIRECTION    40/270    DATE  07/03

SKY COVER
POSSIBLE SUNSHINE (PERCENT)   MM
AVERAGE SKY COVER           0.20
NUMBER OF DAYS FAIR           28
NUMBER OF DAYS PC              3
NUMBER OF DAYS CLOUDY          0

AVERAGE RH (PERCENT)     69

WEATHER CONDITIONS. NUMBER OF DAYS WITH
THUNDERSTORM              0     MIXED PRECIP               0
HEAVY RAIN                3     RAIN                       2
LIGHT RAIN                9     FREEZING RAIN              0
LT FREEZING RAIN          0     HAIL                       0
HEAVY SNOW                0     SNOW                       0
LIGHT SNOW                0     SLEET                      0
FOG                      23     FOG W/VIS <= 1/4 MILE      1
HAZE                      8

-  INDICATES NEGATIVE NUMBERS.
R  INDICATES RECORD WAS SET OR TIED.
MM INDICATES DATA IS MISSING.
T  INDICATES TRACE AMOUNT.

$$
