000
CXUS54 KMEG 021424
CLMMEG


CLIMATE REPORT
NATIONAL WEATHER SERVICE MEMPHIS TN
814 AM CST THU MAR 2 2017

...................................

...THE MEMPHIS/GERMANTOWN WFO CLIMATE SUMMARY FOR THE MONTH OF FEBRUARY 2017...

CLIMATE NORMAL PERIOD 1981 TO 2010
CLIMATE RECORD PERIOD 1988 TO 2017

WEATHER         OBSERVED          NORMAL  DEPART  LAST YEAR`S
                 VALUE   DATE(S)  VALUE   FROM    VALUE  DATE(S)
                                          NORMAL
................................................................
TEMPERATURE (F)
RECORD
 HIGH              80   02/20/2017
 LOW                3   02/05/1996
HIGHEST            80R  02/20        MM      MM       73  02/02
LOWEST             25   02/04        MM      MM       23  02/10
AVG. MAXIMUM     65.0              53.3    11.7     56.4
AVG. MINIMUM     43.3              32.7    10.6     36.5
MEAN             54.2              43.0    11.2     46.4
DAYS MAX >= 90      0               0.0     0.0        0
DAYS MAX <= 32      0               1.2    -1.2        0
DAYS MIN <= 32      7              14.4    -7.4       15
DAYS MIN <= 0       0               0.0     0.0        0

PRECIPITATION (INCHES)
RECORD
 MAXIMUM        10.34   1989
 MINIMUM         1.61   1999
TOTALS           1.55R             4.67   -3.12     6.21
DAILY AVG.       0.06              0.17   -0.11     0.21
DAYS >= .01        13               9.3     3.7        9
DAYS >= .10         4               7.3    -3.3        7
DAYS >= .50         1               3.3    -2.3        3
DAYS >= 1.00        0               1.4    -1.4        3
GREATEST
 24 HR. TOTAL    0.58   02/14 TO 02/14

SNOWFALL (INCHES)
RECORDS
 TOTAL            6.3   2010
TOTALS            0.0               1.2    -1.2        T
SINCE 7/1         1.0               1.6    -0.6      0.9
SNOWDEPTH AVG.      0                MM      MM        0
DAYS >= 1.0         0               0.4    -0.4        0
GREATEST
 SNOW DEPTH         0   MM                             0  MM
 24 HR TOTAL      0.0   02/28 TO 02/28

DEGREE_DAYS
HEATING TOTAL     312               617    -305      533
 SINCE 7/1       1841              2746    -905     2087
COOLING TOTAL      14                 1      13        0
 SINCE 1/1         14                 1      13        0
.................................................................



-  INDICATES NEGATIVE NUMBERS.
R  INDICATES RECORD WAS SET OR TIED.
MM INDICATES DATA IS MISSING.
T  INDICATES TRACE AMOUNT.

$$
